{"id":1822,"date":"2017-05-25T09:08:15","date_gmt":"2017-05-25T07:08:15","guid":{"rendered":"http:\/\/toensfeldt-modellbau.de\/?page_id=1822"},"modified":"2021-12-30T13:41:42","modified_gmt":"2021-12-30T11:41:42","slug":"lufteinlass","status":"publish","type":"page","link":"https:\/\/toensfeldt-modellbau.de\/?page_id=1822","title":{"rendered":"Lufteinlass"},"content":{"rendered":"<p><img loading=\"lazy\" decoding=\"async\" class=\"alignnone size-full wp-image-1628\" src=\"http:\/\/toensfeldt-modellbau.de\/wp-content\/uploads\/2016\/09\/Truck_GanzB2Int.jpg\" alt=\"\" width=\"425\" height=\"514\" srcset=\"https:\/\/toensfeldt-modellbau.de\/wp-content\/uploads\/2016\/09\/Truck_GanzB2Int.jpg 425w, https:\/\/toensfeldt-modellbau.de\/wp-content\/uploads\/2016\/09\/Truck_GanzB2Int-248x300.jpg 248w\" sizes=\"auto, (max-width: 425px) 100vw, 425px\" \/><\/p>\n<p>Umr\u00fcsts\u00e4tze f\u00fcr<br \/>\n<em><strong><span style=\"color: #ff0000;\">WEDICO Peterbilt 359 <\/span><\/strong><\/em><em><strong><span style=\"color: #ff0000;\">&amp; Truck Conventional 1:16<br \/>\n<\/span><\/strong><\/em><\/p>\n<p><em><strong><span style=\"color: #ff0000;\">TAMIYA King Hauler 1:14<br \/>\n<\/span><\/strong><\/em><\/p>\n<p>Luftfilter &amp; Lufteinlass<\/p>\n<p><em><strong><span style=\"color: #ff0000;\">Luftfilter Umr\u00fcstsatz f\u00fcr WEDICO Peterbilt 359 1:16<br \/>\n<\/span><\/strong><\/em><\/p>\n<p><img loading=\"lazy\" decoding=\"async\" class=\"alignnone size-full wp-image-1621\" src=\"http:\/\/toensfeldt-modellbau.de\/wp-content\/uploads\/2016\/09\/Peterbilt_Ganz_S_B1Int.jpg\" alt=\"peterbilt_ganz_s_b1int\" width=\"425\" height=\"353\" srcset=\"https:\/\/toensfeldt-modellbau.de\/wp-content\/uploads\/2016\/09\/Peterbilt_Ganz_S_B1Int.jpg 425w, https:\/\/toensfeldt-modellbau.de\/wp-content\/uploads\/2016\/09\/Peterbilt_Ganz_S_B1Int-300x249.jpg 300w\" sizes=\"auto, (max-width: 425px) 100vw, 425px\" \/><\/p>\n<ul>\n<li>Mit dem Umr\u00fcstsatz k\u00f6nnen sie den Lufteinlass ihres <span class=\"hiddenSpellError\">Peterbilt<\/span> 359 nach oben verlegen um den <span class=\"hiddenSpellError\">Peterbilt<\/span> zum <span class=\"hiddenSpellError\">Road<\/span>&#8211;<span class=\"hiddenSpellError\">Train<\/span> auszubauen, es wird alles nur gesteckt keine Klebe oder Schraube n\u00f6tig.<\/li>\n<\/ul>\n<p>Im Umr\u00fcst Satz sind Enthalten:<\/p>\n<ul>\n<li>2 x Lufteinlass Schwarz<\/li>\n<li>2 x Luftfilter Rechte und Linke Seite,<br \/>\n2 x Chrohm Rohr,<br \/>\n2 x Luftfilter Deckel,<br \/>\n4 x O-Ringe,<br \/>\nBauanleitung.<\/li>\n<\/ul>\n<p><img loading=\"lazy\" decoding=\"async\" class=\"alignnone size-full wp-image-1592\" src=\"http:\/\/toensfeldt-modellbau.de\/wp-content\/uploads\/2016\/09\/Einlass-Peterbilt_8mmB3Int.jpg\" alt=\"Einlass-Peterbilt_8mmB3Int\" width=\"340\" height=\"350\" srcset=\"https:\/\/toensfeldt-modellbau.de\/wp-content\/uploads\/2016\/09\/Einlass-Peterbilt_8mmB3Int.jpg 340w, https:\/\/toensfeldt-modellbau.de\/wp-content\/uploads\/2016\/09\/Einlass-Peterbilt_8mmB3Int-291x300.jpg 291w\" sizes=\"auto, (max-width: 340px) 100vw, 340px\" \/><\/p>\n<p>Beim Umr\u00fcstsatz werden die Schrauben, U-Scheiben, Muttern, H\u00fclsen und die Gummischl\u00e4uche vom Peterbilt \u00fcbernommen.<\/p>\n<p><img loading=\"lazy\" decoding=\"async\" class=\"alignnone size-full wp-image-1622\" src=\"http:\/\/toensfeldt-modellbau.de\/wp-content\/uploads\/2016\/09\/Peterbilt_Vorne_S_B2Int.jpg\" alt=\"peterbilt_vorne_s_b2int\" width=\"425\" height=\"283\" srcset=\"https:\/\/toensfeldt-modellbau.de\/wp-content\/uploads\/2016\/09\/Peterbilt_Vorne_S_B2Int.jpg 425w, https:\/\/toensfeldt-modellbau.de\/wp-content\/uploads\/2016\/09\/Peterbilt_Vorne_S_B2Int-300x200.jpg 300w\" sizes=\"auto, (max-width: 425px) 100vw, 425px\" \/><\/p>\n<ul>\n<li>Art. Nr. Bestell Text:<\/li>\n<li><span style=\"color: #ff0000;\">080100<\/span> Lufteinlass 1:16 AUS 8 mm<\/li>\n<li><span style=\"color: #ff0000;\">080101<\/span> Lufteinlass 1:16 AUS 10 mm<\/li>\n<li><span style=\"color: #ff0000;\">080102<\/span> Luftfilter Umr\u00fcst Satz Peterbilt 8 mm<\/li>\n<li><span style=\"color: #ff0000;\">080103<\/span> Luftfilter Umr\u00fcst Satz Peterbilt 10 mm<\/li>\n<\/ul>\n<p><em><strong><span style=\"color: #ff0000;\">Lufteinlass Umr\u00fcstsatz f\u00fcr WEDICO Truck Conventioanl 1:16<br \/>\n<\/span><\/strong><\/em><\/p>\n<p><img loading=\"lazy\" decoding=\"async\" class=\"alignnone size-full wp-image-1628\" src=\"http:\/\/toensfeldt-modellbau.de\/wp-content\/uploads\/2016\/09\/Truck_GanzB2Int.jpg\" alt=\"truck_ganzb2int\" width=\"425\" height=\"514\" srcset=\"https:\/\/toensfeldt-modellbau.de\/wp-content\/uploads\/2016\/09\/Truck_GanzB2Int.jpg 425w, https:\/\/toensfeldt-modellbau.de\/wp-content\/uploads\/2016\/09\/Truck_GanzB2Int-248x300.jpg 248w\" sizes=\"auto, (max-width: 425px) 100vw, 425px\" \/><\/p>\n<ul>\n<li>Mit dem Umr\u00fcstsatz k\u00f6nnen sie den Lufteinlass ihres Truck Conventioanl nach oben verlegen um den Truck zum Road-Train auszubauen es wird alles nur gesteckt keine Klebe oder Schraube n\u00f6tig.<\/li>\n<\/ul>\n<ul>\n<li>Im Umr\u00fcst Satz sind Enthalten:<br \/>\n2 x Luftfilter Rechte und Linke Seite,<br \/>\n2 x Chrohm Rohr,<br \/>\n2 x Luftfilter Deckel,<br \/>\n4 x O-Ringe,<br \/>\nBauanleitung.<\/li>\n<\/ul>\n<p><img loading=\"lazy\" decoding=\"async\" class=\"alignnone size-full wp-image-1593\" src=\"http:\/\/toensfeldt-modellbau.de\/wp-content\/uploads\/2016\/09\/Einlass-Truck_8mmB3Int.jpg\" alt=\"Einlass-Truck_8mmB3Int\" width=\"340\" height=\"326\" srcset=\"https:\/\/toensfeldt-modellbau.de\/wp-content\/uploads\/2016\/09\/Einlass-Truck_8mmB3Int.jpg 340w, https:\/\/toensfeldt-modellbau.de\/wp-content\/uploads\/2016\/09\/Einlass-Truck_8mmB3Int-300x288.jpg 300w\" sizes=\"auto, (max-width: 340px) 100vw, 340px\" \/><\/p>\n<ul>\n<li>Beim Umr\u00fcst Satz sind die Schrauben, U-Scheiben, Muttern, H\u00fclsen und die Gummischl\u00e4uche mit dabei.<\/li>\n<\/ul>\n<p><img loading=\"lazy\" decoding=\"async\" class=\"alignnone size-full wp-image-1602\" src=\"http:\/\/toensfeldt-modellbau.de\/wp-content\/uploads\/2016\/09\/Truck_VorneB1Int.jpg\" alt=\"truck_vorneb1int\" width=\"340\" height=\"227\" srcset=\"https:\/\/toensfeldt-modellbau.de\/wp-content\/uploads\/2016\/09\/Truck_VorneB1Int.jpg 340w, https:\/\/toensfeldt-modellbau.de\/wp-content\/uploads\/2016\/09\/Truck_VorneB1Int-300x200.jpg 300w\" sizes=\"auto, (max-width: 340px) 100vw, 340px\" \/><\/p>\n<ul>\n<li>Art. Nr. Bestell Text:<\/li>\n<li><span style=\"color: #ff0000;\">080104<\/span> Luftfilter Umr\u00fcst Satz Con. Truck 8,0mm<\/li>\n<li><span style=\"color: #ff0000;\">080105<\/span> Luftfilter Umr\u00fcst Satz Con. Truck 10,0mm<\/li>\n<\/ul>\n<p><em><strong><span style=\"color: #ff0000;\">Lufteinlass Nachr\u00fcstsatz f\u00fcr Tamiya King Hauler 1:14<br \/>\n<\/span><\/strong><\/em><\/p>\n<p><img loading=\"lazy\" decoding=\"async\" class=\"alignnone size-full wp-image-1598\" src=\"http:\/\/toensfeldt-modellbau.de\/wp-content\/uploads\/2016\/09\/King-HaulerS_VorneB1Int.jpg\" alt=\"king-haulers_vorneb1int\" width=\"340\" height=\"227\" srcset=\"https:\/\/toensfeldt-modellbau.de\/wp-content\/uploads\/2016\/09\/King-HaulerS_VorneB1Int.jpg 340w, https:\/\/toensfeldt-modellbau.de\/wp-content\/uploads\/2016\/09\/King-HaulerS_VorneB1Int-300x200.jpg 300w\" sizes=\"auto, (max-width: 340px) 100vw, 340px\" \/><\/p>\n<ul>\n<li>Mit dem Umr\u00fcstsatz k\u00f6nnen sie den Lufteinlass ihres King Haulers nach oben verlegen um den Truck zum Road-Train auszubauen es wird alles nur gesteckt keine Klebe oder Schraube n\u00f6tig, sie k\u00f6nnen jederzeit den Truck wieder umbauen.<\/li>\n<\/ul>\n<ul>\n<li>Im Umr\u00fcst Satz sind Enthalten:<br \/>\n2 x Lufteinlass Schwarz,<br \/>\n2 x Chrohm Rohr,<br \/>\n2 x Muffen Schwarz,<br \/>\n4 x O-Ringe,<br \/>\nBauanleitung.<\/li>\n<\/ul>\n<p><img loading=\"lazy\" decoding=\"async\" class=\"alignnone size-full wp-image-1591\" src=\"http:\/\/toensfeldt-modellbau.de\/wp-content\/uploads\/2016\/09\/Einlass-King-Hauler_10mmB4Int.jpg\" alt=\"Einlass-King Hauler_10mmB4Int\" width=\"340\" height=\"338\" srcset=\"https:\/\/toensfeldt-modellbau.de\/wp-content\/uploads\/2016\/09\/Einlass-King-Hauler_10mmB4Int.jpg 340w, https:\/\/toensfeldt-modellbau.de\/wp-content\/uploads\/2016\/09\/Einlass-King-Hauler_10mmB4Int-150x150.jpg 150w, https:\/\/toensfeldt-modellbau.de\/wp-content\/uploads\/2016\/09\/Einlass-King-Hauler_10mmB4Int-300x298.jpg 300w\" sizes=\"auto, (max-width: 340px) 100vw, 340px\" \/><\/p>\n<p><img loading=\"lazy\" decoding=\"async\" class=\"alignnone size-full wp-image-1625\" src=\"http:\/\/toensfeldt-modellbau.de\/wp-content\/uploads\/2016\/09\/King_Schwa_GanzB1Int.jpg\" alt=\"king_schwa_ganzb1int\" width=\"340\" height=\"295\" srcset=\"https:\/\/toensfeldt-modellbau.de\/wp-content\/uploads\/2016\/09\/King_Schwa_GanzB1Int.jpg 340w, https:\/\/toensfeldt-modellbau.de\/wp-content\/uploads\/2016\/09\/King_Schwa_GanzB1Int-300x260.jpg 300w\" sizes=\"auto, (max-width: 340px) 100vw, 340px\" \/><\/p>\n<ul>\n<li>Art. Nr. Bestell Text:<\/li>\n<li><span style=\"color: #ff0000;\">0801120<\/span> Lufteinlass 1:14 AUS 10 mm<\/li>\n<li><span style=\"color: #ff0000;\">080121<\/span> Lufteinlass 1:14 AUS 12 mm<\/li>\n<li><span style=\"color: #ff0000;\">080122<\/span> Luftfilter Umr\u00fcst Satz King Hauler 10 mm<\/li>\n<li><span style=\"color: #ff0000;\">080123<\/span> Luftfilter Umr\u00fcst Satz King Hauler 12 mm<\/li>\n<li><span style=\"color: #ff0000;\">080124<\/span> Luftfilter Umr\u00fcst Satz King Hauler 10 mm mit Rundunleuchte<\/li>\n<li><span style=\"color: #ff0000;\">080125<\/span> Luftfilter Umr\u00fcst Satz King Hauler 12 mm mit Rundunleuchte<\/li>\n<\/ul>\n","protected":false},"excerpt":{"rendered":"<p>Umr\u00fcsts\u00e4tze f\u00fcr WEDICO Peterbilt 359 &amp; Truck Conventional 1:16 TAMIYA King Hauler 1:14 Luftfilter &amp; Lufteinlass Luftfilter Umr\u00fcstsatz f\u00fcr WEDICO Peterbilt 359 1:16 Mit dem Umr\u00fcstsatz k\u00f6nnen sie den Lufteinlass ihres Peterbilt 359 nach oben verlegen um den Peterbilt zum &hellip; <a href=\"https:\/\/toensfeldt-modellbau.de\/?page_id=1822\">Weiterlesen <span class=\"meta-nav\">&rarr;<\/span><\/a><\/p>\n","protected":false},"author":2,"featured_media":0,"parent":0,"menu_order":0,"comment_status":"closed","ping_status":"closed","template":"","meta":{"footnotes":""},"class_list":["post-1822","page","type-page","status-publish","hentry"],"_links":{"self":[{"href":"https:\/\/toensfeldt-modellbau.de\/index.php?rest_route=\/wp\/v2\/pages\/1822","targetHints":{"allow":["GET"]}}],"collection":[{"href":"https:\/\/toensfeldt-modellbau.de\/index.php?rest_route=\/wp\/v2\/pages"}],"about":[{"href":"https:\/\/toensfeldt-modellbau.de\/index.php?rest_route=\/wp\/v2\/types\/page"}],"author":[{"embeddable":true,"href":"https:\/\/toensfeldt-modellbau.de\/index.php?rest_route=\/wp\/v2\/users\/2"}],"replies":[{"embeddable":true,"href":"https:\/\/toensfeldt-modellbau.de\/index.php?rest_route=%2Fwp%2Fv2%2Fcomments&post=1822"}],"version-history":[{"count":3,"href":"https:\/\/toensfeldt-modellbau.de\/index.php?rest_route=\/wp\/v2\/pages\/1822\/revisions"}],"predecessor-version":[{"id":6087,"href":"https:\/\/toensfeldt-modellbau.de\/index.php?rest_route=\/wp\/v2\/pages\/1822\/revisions\/6087"}],"wp:attachment":[{"href":"https:\/\/toensfeldt-modellbau.de\/index.php?rest_route=%2Fwp%2Fv2%2Fmedia&parent=1822"}],"curies":[{"name":"wp","href":"https:\/\/api.w.org\/{rel}","templated":true}]}}