{"id":2144,"date":"2017-08-05T17:34:23","date_gmt":"2017-08-05T15:34:23","guid":{"rendered":"http:\/\/toensfeldt-modellbau.de\/?page_id=2144"},"modified":"2025-03-08T12:06:15","modified_gmt":"2025-03-08T10:06:15","slug":"anschlagbaender","status":"publish","type":"page","link":"https:\/\/toensfeldt-modellbau.de\/?page_id=2144","title":{"rendered":"Anschlagb\u00e4nder"},"content":{"rendered":"<div id=\"attachment_2367\" style=\"width: 577px\" class=\"wp-caption alignnone\"><img loading=\"lazy\" decoding=\"async\" aria-describedby=\"caption-attachment-2367\" class=\"wp-image-2367 size-full\" src=\"http:\/\/toensfeldt-modellbau.de\/wp-content\/uploads\/2017\/09\/Kran-Lasche-Lang-Int.jpg\" alt=\"\" width=\"567\" height=\"369\" srcset=\"https:\/\/toensfeldt-modellbau.de\/wp-content\/uploads\/2017\/09\/Kran-Lasche-Lang-Int.jpg 567w, https:\/\/toensfeldt-modellbau.de\/wp-content\/uploads\/2017\/09\/Kran-Lasche-Lang-Int-300x195.jpg 300w\" sizes=\"auto, (max-width: 567px) 100vw, 567px\" \/><p id=\"caption-attachment-2367\" class=\"wp-caption-text\">4 x Lasche 40 cm<\/p><\/div>\n<p><em><strong><span style=\"color: #ff0000;\">Textile Anschlagb\u00e4nder<br \/>\n<\/span><\/strong><\/em><\/p>\n<p><img loading=\"lazy\" decoding=\"async\" class=\"alignnone size-full wp-image-2158\" src=\"http:\/\/toensfeldt-modellbau.de\/wp-content\/uploads\/2017\/08\/2-Anschlagb\u00e4nder-OrangeB1-Int.jpg\" alt=\"\" width=\"709\" height=\"375\" srcset=\"https:\/\/toensfeldt-modellbau.de\/wp-content\/uploads\/2017\/08\/2-Anschlagb\u00e4nder-OrangeB1-Int.jpg 709w, https:\/\/toensfeldt-modellbau.de\/wp-content\/uploads\/2017\/08\/2-Anschlagb\u00e4nder-OrangeB1-Int-300x159.jpg 300w\" sizes=\"auto, (max-width: 709px) 100vw, 709px\" \/><\/p>\n<p>Neu bei T\u00f6nsfeldt Modellbau &#8211; Vertrieb sind die textilen Anschlagb\u00e4nder zum sicheren Verladen von schwerem Ladegut mit dem Kran. Standartl\u00e4nge der Anschlagb\u00e4nder sind 10 und 20 cm. Sonderanfertigungen sind m\u00f6glich, bitte sprechen Sie uns an.<\/p>\n<p>Die Anschlagb\u00e4nder wird es in verschiedenen Versionen und den Farben Orange, Rot, Wei\u00df und Blau geben:<\/p>\n<ul>\n<li>Version 1: Anschlagband mit 2. D-Ringen<\/li>\n<li>Version 2: Anschlagband mit 1. D-Ring und 1. Lasche<\/li>\n<li>Version 3: Anschlagband mit 2 Laschen<\/li>\n<li>Version 4: Anschlagband als Ring ( In Vorbereitung )<\/li>\n<\/ul>\n<p>Technische Daten D-Ring:<\/p>\n<ul>\n<li>Breite: ca. 6 mm<\/li>\n<li>H\u00f6he: ca. 8 mm<\/li>\n<li>St\u00e4rke: ca. 1,2 mm<\/li>\n<\/ul>\n<p>Technische Daten B\u00e4nder:<\/p>\n<ul>\n<li>Breite ca. 3 mm<\/li>\n<\/ul>\n<p>Technische Daten der Anschlagb\u00e4nder V1 -V4:<\/p>\n<ul>\n<li>V1 10 cm L\u00e4nge gesamt ca. 21 cm<\/li>\n<li>V1 20 cm L\u00e4nge gesamt ca. 41 cm<\/li>\n<li>V2 10 cm L\u00e4nge gesamt ca. 19,5 cm<\/li>\n<li>V2 20 cm L\u00e4nge gesamt ca. 39,5 cm<\/li>\n<li>V3 10 cm L\u00e4nge gesamt ca. 19 cm<\/li>\n<li>V3 20 cm L\u00e4nge gesamt ca. 39 cm<\/li>\n<li>V4 10 cm L\u00e4nge gesamt ca. 10 cm<\/li>\n<li>V4 20 cm L\u00e4nge gesamt ca. 20 cm<\/li>\n<\/ul>\n<p>Art. Nr. Bestell Text Anschlagb\u00e4nder V1 D-Ringen:<\/p>\n<div id=\"attachment_2160\" style=\"width: 577px\" class=\"wp-caption alignnone\"><img loading=\"lazy\" decoding=\"async\" aria-describedby=\"caption-attachment-2160\" class=\"wp-image-2160 size-full\" src=\"http:\/\/toensfeldt-modellbau.de\/wp-content\/uploads\/2017\/08\/D-Ring-AnschlagbandOrangeB1-Int.jpg\" alt=\"\" width=\"567\" height=\"164\" srcset=\"https:\/\/toensfeldt-modellbau.de\/wp-content\/uploads\/2017\/08\/D-Ring-AnschlagbandOrangeB1-Int.jpg 567w, https:\/\/toensfeldt-modellbau.de\/wp-content\/uploads\/2017\/08\/D-Ring-AnschlagbandOrangeB1-Int-300x87.jpg 300w\" sizes=\"auto, (max-width: 567px) 100vw, 567px\" \/><p id=\"caption-attachment-2160\" class=\"wp-caption-text\">D-Ring 10 cmm<\/p><\/div>\n<ul>\n<li><span style=\"color: #ff0000;\">030300<\/span> 2 TMV Anschlagb\u00e4nder m. D-Ringen 20 cm Orange<\/li>\n<li><span style=\"color: #ff0000;\">030301<\/span> 2 TMV Anschlagb\u00e4nder m. D-Ringen 40 cm Orange<\/li>\n<li><span style=\"color: #ff0000;\">030302<\/span> 2 TMV Anschlagb\u00e4nder m. D-Ringen 20 cm Rot<\/li>\n<li><span style=\"color: #ff0000;\">030303<\/span> 2 TMV Anschlagb\u00e4nder m. D-Ringen 40 cm Rot<\/li>\n<li><span style=\"color: #ff0000;\">030304<\/span> 2 TMV Anschlagb\u00e4nder m. D-Ringen 20 cm Wei\u00df<\/li>\n<li><span style=\"color: #ff0000;\">030305<\/span> 2 TMV Anschlagb\u00e4nder m. D-Ringen 40 cm Wei\u00df<\/li>\n<li><span style=\"color: #ff0000;\">030306<\/span> 2 TMV Anschlagb\u00e4nder m. D-Ringen 20 cm Blau<\/li>\n<li><span style=\"color: #ff0000;\">030307<\/span> 2 TMV Anschlagb\u00e4nder m. D-Ringen 40 cm Blau<\/li>\n<\/ul>\n<p>Art. Nr. Bestell Text Anschlagb\u00e4nder V2 D-Ring &amp; Lasche:<\/p>\n<div id=\"attachment_2159\" style=\"width: 577px\" class=\"wp-caption alignnone\"><img loading=\"lazy\" decoding=\"async\" aria-describedby=\"caption-attachment-2159\" class=\"wp-image-2159 size-full\" src=\"http:\/\/toensfeldt-modellbau.de\/wp-content\/uploads\/2017\/08\/D-Ri-Lasche-AnschlagbandOrangeB1-Int.jpg\" alt=\"\" width=\"567\" height=\"179\" srcset=\"https:\/\/toensfeldt-modellbau.de\/wp-content\/uploads\/2017\/08\/D-Ri-Lasche-AnschlagbandOrangeB1-Int.jpg 567w, https:\/\/toensfeldt-modellbau.de\/wp-content\/uploads\/2017\/08\/D-Ri-Lasche-AnschlagbandOrangeB1-Int-300x95.jpg 300w\" sizes=\"auto, (max-width: 567px) 100vw, 567px\" \/><p id=\"caption-attachment-2159\" class=\"wp-caption-text\">D-Ring &amp; Lasche 10 cm<\/p><\/div>\n<ul>\n<li><span style=\"color: #ff0000;\">030308<\/span> 2 TMV Anschlagb\u00e4nder m. D-Ring &amp; Lasche 20 cm Orange<\/li>\n<li><span style=\"color: #ff0000;\">030309<\/span> 2 TMV Anschlagb\u00e4nder m. D-Ring &amp; Lasche 40 cm Orange<\/li>\n<li><span style=\"color: #ff0000;\">030310<\/span> 2 TMV Anschlagb\u00e4nder m. D-Ring &amp; Lasche 20 cm Rot<\/li>\n<li><span style=\"color: #ff0000;\">030311<\/span> 2 TMV Anschlagb\u00e4nder m. D-Ring &amp; Lasche 40 cm Rot<\/li>\n<li><span style=\"color: #ff0000;\">030312<\/span> 2 TMV Anschlagb\u00e4nder m. D-Ring &amp; Lasche 20 cm Wei\u00df<\/li>\n<li><span style=\"color: #ff0000;\">030313<\/span> 2 TMV Anschlagb\u00e4nder m. D-Ring &amp; Lasche 40 cm Wei\u00df<\/li>\n<li><span style=\"color: #ff0000;\">030314<\/span> 2 TMV Anschlagb\u00e4nder m. D-Ring &amp; Lasche 20 cm Blau<\/li>\n<li><span style=\"color: #ff0000;\">030315<\/span> 2 TMV Anschlagb\u00e4nder m. D-Ring &amp; Lasche 40 cm Blau<\/li>\n<\/ul>\n<p>Art. Nr. Bestell Text Anschlagb\u00e4nder V3 Laschen:<\/p>\n<ul>\n<li><span style=\"color: #ff0000;\">030316<\/span> 2 TMV Anschlagb\u00e4nder m. Laschen 20 cm Orange<\/li>\n<li><span style=\"color: #ff0000;\">030317<\/span> 2 TMV Anschlagb\u00e4nder m. Laschen 40 cm Orange<\/li>\n<li><span style=\"color: #ff0000;\">030318<\/span> 2 TMV Anschlagb\u00e4nder m. Laschen 20 cm Rot<\/li>\n<li><span style=\"color: #ff0000;\">030319<\/span> 2 TMV Anschlagb\u00e4nder m. Laschen 40 cm Rot<\/li>\n<li><span style=\"color: #ff0000;\">030320<\/span> 2 TMV Anschlagb\u00e4nder m. Laschen 20 cm Wei\u00df<\/li>\n<li><span style=\"color: #ff0000;\">023301<\/span> 2 TMV Anschlagb\u00e4nder m. Laschen 40 cm Wei\u00df<\/li>\n<li><span style=\"color: #ff0000;\">030322<\/span> 2 TMV Anschlagb\u00e4nder m. Laschen 20 cm Blau<\/li>\n<li><span style=\"color: #ff0000;\">030323<\/span> 2 TMV Anschlagb\u00e4nder m. Laschen 40 cm Blau<\/li>\n<\/ul>\n<p>Art. Nr. Bestell Text Anschlagb\u00e4nder V4 Rundlasche:<\/p>\n<ul>\n<li><span style=\"color: #ff0000;\">030324<\/span> 2 TMV Anschlagb\u00e4nder Rund 10 cm Orange<\/li>\n<li><span style=\"color: #ff0000;\">030325<\/span> 2 TMV Anschlagb\u00e4nder Rund 20 cm Orange<\/li>\n<li><span style=\"color: #ff0000;\">030326<\/span> 2 TMV Anschlagb\u00e4nder Rund 10 cm Rot<\/li>\n<li><span style=\"color: #ff0000;\">030327<\/span> 2 TMV Anschlagb\u00e4nder Rund 20 cm Rot<\/li>\n<li><span style=\"color: #ff0000;\">032028<\/span> 2 TMV Anschlagb\u00e4nder Rund 10 cm Wei\u00df<\/li>\n<li><span style=\"color: #ff0000;\">023329<\/span> 2 TMV Anschlagb\u00e4nder Rund 20 cm Wei\u00df<\/li>\n<li><span style=\"color: #ff0000;\">030330<\/span> 2 TMV Anschlagb\u00e4nder Rund 10 cm Blau<\/li>\n<li><span style=\"color: #ff0000;\">030331<\/span> 2 TMV Anschlagb\u00e4nder Rund 20 cm Blau<\/li>\n<\/ul>\n<div id=\"attachment_2366\" style=\"width: 216px\" class=\"wp-caption alignnone\"><img loading=\"lazy\" decoding=\"async\" aria-describedby=\"caption-attachment-2366\" class=\"wp-image-2366 size-full\" src=\"http:\/\/toensfeldt-modellbau.de\/wp-content\/uploads\/2017\/09\/Kran-Lasche-Kasten-Int.jpg\" alt=\"\" width=\"206\" height=\"425\" srcset=\"https:\/\/toensfeldt-modellbau.de\/wp-content\/uploads\/2017\/09\/Kran-Lasche-Kasten-Int.jpg 206w, https:\/\/toensfeldt-modellbau.de\/wp-content\/uploads\/2017\/09\/Kran-Lasche-Kasten-Int-145x300.jpg 145w\" sizes=\"auto, (max-width: 206px) 100vw, 206px\" \/><p id=\"caption-attachment-2366\" class=\"wp-caption-text\">4 x Lasche 40 cm<\/p><\/div>\n<p>Preise ab: 5,10 \u20ac &#8211; 9,90 \u20ac<\/p>\n<p><span style=\"font-size: medium;\">Olaf T\u00f6nsfeldt<br \/>\nT\u00f6nsfeldt <span style=\"color: #000000;\">Modellbau Vertrieb<\/span><span style=\"color: #ff0000;\"><span style=\"font-family: Arial, Helvetica, sans-serif;\"><br \/>\n<\/span><\/span>Nobiskr\u00fcger Allee 20<span style=\"font-family: Arial, Helvetica, sans-serif;\"><br \/>\n<\/span>24768 Rendsburg<\/span><\/p>\n<p><strong><span style=\"font-size: medium;\">Deutschland<\/span><\/strong><span style=\"font-size: medium;\"><br \/>\nTel.: 0049 (0 ) 43 31\/ 51 95<br \/>\nE-Mail an: <a href=\"mailto:tmv@toensfeldt-modellbau.de\">tmv@toensfeldt-modellbau.de<\/a><\/span><\/p>\n","protected":false},"excerpt":{"rendered":"<p>Textile Anschlagb\u00e4nder Neu bei T\u00f6nsfeldt Modellbau &#8211; Vertrieb sind die textilen Anschlagb\u00e4nder zum sicheren Verladen von schwerem Ladegut mit dem Kran. Standartl\u00e4nge der Anschlagb\u00e4nder sind 10 und 20 cm. Sonderanfertigungen sind m\u00f6glich, bitte sprechen Sie uns an. Die Anschlagb\u00e4nder wird &hellip; <a href=\"https:\/\/toensfeldt-modellbau.de\/?page_id=2144\">Weiterlesen <span class=\"meta-nav\">&rarr;<\/span><\/a><\/p>\n","protected":false},"author":2,"featured_media":0,"parent":0,"menu_order":0,"comment_status":"closed","ping_status":"closed","template":"","meta":{"footnotes":""},"class_list":["post-2144","page","type-page","status-publish","hentry"],"_links":{"self":[{"href":"https:\/\/toensfeldt-modellbau.de\/index.php?rest_route=\/wp\/v2\/pages\/2144","targetHints":{"allow":["GET"]}}],"collection":[{"href":"https:\/\/toensfeldt-modellbau.de\/index.php?rest_route=\/wp\/v2\/pages"}],"about":[{"href":"https:\/\/toensfeldt-modellbau.de\/index.php?rest_route=\/wp\/v2\/types\/page"}],"author":[{"embeddable":true,"href":"https:\/\/toensfeldt-modellbau.de\/index.php?rest_route=\/wp\/v2\/users\/2"}],"replies":[{"embeddable":true,"href":"https:\/\/toensfeldt-modellbau.de\/index.php?rest_route=%2Fwp%2Fv2%2Fcomments&post=2144"}],"version-history":[{"count":19,"href":"https:\/\/toensfeldt-modellbau.de\/index.php?rest_route=\/wp\/v2\/pages\/2144\/revisions"}],"predecessor-version":[{"id":7598,"href":"https:\/\/toensfeldt-modellbau.de\/index.php?rest_route=\/wp\/v2\/pages\/2144\/revisions\/7598"}],"wp:attachment":[{"href":"https:\/\/toensfeldt-modellbau.de\/index.php?rest_route=%2Fwp%2Fv2%2Fmedia&parent=2144"}],"curies":[{"name":"wp","href":"https:\/\/api.w.org\/{rel}","templated":true}]}}