{"id":2340,"date":"2017-09-20T13:42:27","date_gmt":"2017-09-20T11:42:27","guid":{"rendered":"http:\/\/toensfeldt-modellbau.de\/?page_id=2340"},"modified":"2019-02-05T21:57:07","modified_gmt":"2019-02-05T19:57:07","slug":"anti-rutsch","status":"publish","type":"page","link":"https:\/\/toensfeldt-modellbau.de\/?page_id=2340","title":{"rendered":"Antirutschmatten"},"content":{"rendered":"<p><img loading=\"lazy\" decoding=\"async\" class=\"alignnone size-full wp-image-2339\" src=\"http:\/\/toensfeldt-modellbau.de\/wp-content\/uploads\/2017\/09\/Anti-alle-Int.jpg\" alt=\"\" width=\"567\" height=\"523\" srcset=\"https:\/\/toensfeldt-modellbau.de\/wp-content\/uploads\/2017\/09\/Anti-alle-Int.jpg 567w, https:\/\/toensfeldt-modellbau.de\/wp-content\/uploads\/2017\/09\/Anti-alle-Int-300x277.jpg 300w\" sizes=\"auto, (max-width: 567px) 100vw, 567px\" \/><\/p>\n<p>Neu bei TMV sind die Antirutschmatten zur Ladungssicherung auf Anh\u00e4ngern und Aufliegern. Die Antirutschmatten gibt es in den folgenden Gr\u00f6\u00dfen:<\/p>\n<ol>\n<li>20 St. Klein 10 x 10 mm<\/li>\n<li>10 St. Mittel 10 x 20 mm<\/li>\n<li>6 St.\u00a0 Gro\u00df 20 x 20 mm<\/li>\n<li>1 St. Streifen 1 x ca. 35 cm<\/li>\n<\/ol>\n<div id=\"attachment_2336\" style=\"width: 435px\" class=\"wp-caption alignnone\"><img loading=\"lazy\" decoding=\"async\" aria-describedby=\"caption-attachment-2336\" class=\"wp-image-2336 size-full\" src=\"http:\/\/toensfeldt-modellbau.de\/wp-content\/uploads\/2017\/09\/Anti10x10-Int.jpg\" alt=\"\" width=\"425\" height=\"296\" srcset=\"https:\/\/toensfeldt-modellbau.de\/wp-content\/uploads\/2017\/09\/Anti10x10-Int.jpg 425w, https:\/\/toensfeldt-modellbau.de\/wp-content\/uploads\/2017\/09\/Anti10x10-Int-300x209.jpg 300w\" sizes=\"auto, (max-width: 425px) 100vw, 425px\" \/><p id=\"caption-attachment-2336\" class=\"wp-caption-text\">10 x 10 mm<\/p><\/div>\n<div id=\"attachment_2337\" style=\"width: 435px\" class=\"wp-caption alignnone\"><img loading=\"lazy\" decoding=\"async\" aria-describedby=\"caption-attachment-2337\" class=\"wp-image-2337 size-full\" src=\"http:\/\/toensfeldt-modellbau.de\/wp-content\/uploads\/2017\/09\/Anti10x20-Int.jpg\" alt=\"\" width=\"425\" height=\"283\" srcset=\"https:\/\/toensfeldt-modellbau.de\/wp-content\/uploads\/2017\/09\/Anti10x20-Int.jpg 425w, https:\/\/toensfeldt-modellbau.de\/wp-content\/uploads\/2017\/09\/Anti10x20-Int-300x200.jpg 300w\" sizes=\"auto, (max-width: 425px) 100vw, 425px\" \/><p id=\"caption-attachment-2337\" class=\"wp-caption-text\">10 x 20 mm<\/p><\/div>\n<div id=\"attachment_2338\" style=\"width: 435px\" class=\"wp-caption alignnone\"><img loading=\"lazy\" decoding=\"async\" aria-describedby=\"caption-attachment-2338\" class=\"wp-image-2338 size-full\" src=\"http:\/\/toensfeldt-modellbau.de\/wp-content\/uploads\/2017\/09\/Anti20x20-Int.jpg\" alt=\"\" width=\"425\" height=\"292\" srcset=\"https:\/\/toensfeldt-modellbau.de\/wp-content\/uploads\/2017\/09\/Anti20x20-Int.jpg 425w, https:\/\/toensfeldt-modellbau.de\/wp-content\/uploads\/2017\/09\/Anti20x20-Int-300x206.jpg 300w\" sizes=\"auto, (max-width: 425px) 100vw, 425px\" \/><p id=\"caption-attachment-2338\" class=\"wp-caption-text\">20 x 20 mm<\/p><\/div>\n<div id=\"attachment_2335\" style=\"width: 435px\" class=\"wp-caption alignnone\"><img loading=\"lazy\" decoding=\"async\" aria-describedby=\"caption-attachment-2335\" class=\"wp-image-2335 size-full\" src=\"http:\/\/toensfeldt-modellbau.de\/wp-content\/uploads\/2017\/09\/Anti1x40-Int.jpg\" alt=\"\" width=\"425\" height=\"288\" srcset=\"https:\/\/toensfeldt-modellbau.de\/wp-content\/uploads\/2017\/09\/Anti1x40-Int.jpg 425w, https:\/\/toensfeldt-modellbau.de\/wp-content\/uploads\/2017\/09\/Anti1x40-Int-300x203.jpg 300w\" sizes=\"auto, (max-width: 425px) 100vw, 425px\" \/><p id=\"caption-attachment-2335\" class=\"wp-caption-text\">1 x ca. 35 cm<\/p><\/div>\n<p>Art. Nr. Bestelltext<\/p>\n<ul>\n<li><span style=\"color: #ff0000;\">030150<\/span> Antirutschmatte Klein<\/li>\n<li><span style=\"color: #ff0000;\">030151<\/span> Antirutschmatte Mittel<\/li>\n<li><span style=\"color: #ff0000;\">030152<\/span> Antirutschmatte Gro\u00df<\/li>\n<li><span style=\"color: #ff0000;\">030153<\/span> Antirutschmatte Streifen<\/li>\n<\/ul>\n<p>Preise: 3,50 \u20ac<\/p>\n","protected":false},"excerpt":{"rendered":"<p>Neu bei TMV sind die Antirutschmatten zur Ladungssicherung auf Anh\u00e4ngern und Aufliegern. Die Antirutschmatten gibt es in den folgenden Gr\u00f6\u00dfen: 20 St. Klein 10 x 10 mm 10 St. Mittel 10 x 20 mm 6 St.\u00a0 Gro\u00df 20 x 20 &hellip; <a href=\"https:\/\/toensfeldt-modellbau.de\/?page_id=2340\">Weiterlesen <span class=\"meta-nav\">&rarr;<\/span><\/a><\/p>\n","protected":false},"author":2,"featured_media":0,"parent":0,"menu_order":0,"comment_status":"closed","ping_status":"closed","template":"","meta":{"footnotes":""},"class_list":["post-2340","page","type-page","status-publish","hentry"],"_links":{"self":[{"href":"https:\/\/toensfeldt-modellbau.de\/index.php?rest_route=\/wp\/v2\/pages\/2340","targetHints":{"allow":["GET"]}}],"collection":[{"href":"https:\/\/toensfeldt-modellbau.de\/index.php?rest_route=\/wp\/v2\/pages"}],"about":[{"href":"https:\/\/toensfeldt-modellbau.de\/index.php?rest_route=\/wp\/v2\/types\/page"}],"author":[{"embeddable":true,"href":"https:\/\/toensfeldt-modellbau.de\/index.php?rest_route=\/wp\/v2\/users\/2"}],"replies":[{"embeddable":true,"href":"https:\/\/toensfeldt-modellbau.de\/index.php?rest_route=%2Fwp%2Fv2%2Fcomments&post=2340"}],"version-history":[{"count":13,"href":"https:\/\/toensfeldt-modellbau.de\/index.php?rest_route=\/wp\/v2\/pages\/2340\/revisions"}],"predecessor-version":[{"id":3516,"href":"https:\/\/toensfeldt-modellbau.de\/index.php?rest_route=\/wp\/v2\/pages\/2340\/revisions\/3516"}],"wp:attachment":[{"href":"https:\/\/toensfeldt-modellbau.de\/index.php?rest_route=%2Fwp%2Fv2%2Fmedia&parent=2340"}],"curies":[{"name":"wp","href":"https:\/\/api.w.org\/{rel}","templated":true}]}}