{"id":27,"date":"2013-11-21T12:38:55","date_gmt":"2013-11-21T10:38:55","guid":{"rendered":"http:\/\/toensfeldt-modellbau.de\/?page_id=27"},"modified":"2013-11-21T13:09:21","modified_gmt":"2013-11-21T11:09:21","slug":"stadtlinienbus-nl-263","status":"publish","type":"page","link":"https:\/\/toensfeldt-modellbau.de\/?page_id=27","title":{"rendered":"Stadtlinienbus NL 263"},"content":{"rendered":"<p><img loading=\"lazy\" decoding=\"async\" class=\"alignright size-full wp-image-50\" alt=\"punkte_425\" src=\"http:\/\/toensfeldt-modellbau.de\/wp-content\/uploads\/2013\/11\/punkte_425.jpg\" width=\"425\" height=\"248\" srcset=\"https:\/\/toensfeldt-modellbau.de\/wp-content\/uploads\/2013\/11\/punkte_425.jpg 425w, https:\/\/toensfeldt-modellbau.de\/wp-content\/uploads\/2013\/11\/punkte_425-300x175.jpg 300w\" sizes=\"auto, (max-width: 425px) 100vw, 425px\" \/><\/p>\n<p>Stadlinienbus NL 263 \/ Standmodell, Alu<\/p>\n<p>Modellangaben:<\/p>\n<ul>\n<li>L\u00e4nge : ca 785mm<\/li>\n<li>Breite : ca 165mm<\/li>\n<li>Gewicht : ca 5,5kg<\/li>\n<li>Karosserie komplett aus Aluminium.<\/li>\n<\/ul>\n<ul>\n<li>Alle Teile, wie Scheiben, Achsen &#8211; bzw. Scheinwerferfolien und Aufkleber, sind im Bausatz (teils bearbeitet, teils unbearbeitet und unlackiert) vorhanden. Der Ausbau als Funktionsmodell kann individuell gestaltet werden! Am Ende des Kataloges ist eine Standardvorschlagsliste f\u00fcr die einzelnen Funktionskomponenten aufgegliedert. Technisch h\u00f6herwertige Produkte k\u00f6nnen ebenfalls aus dem Katalog als Bauteile verwendet werden!<\/li>\n<\/ul>\n<ul>\n<li>ACHTUNG: Teilweise sind technische \u00c4nderungen am Innenleben oder Rahmen vorzunehmen!<\/li>\n<\/ul>\n<ul>\n<li>Diesen Typ liefern wir auch als Fertigstandmodell, zusammengebaut und nach Wunsch lackiert und beschriftet ( Beschriftungsunterlagen m\u00fcssen gestellt werden ), oder als Funktionsfertigmodell, ebenfalls zusammengebaut und lackiert. Preise auf Anfrage!<\/li>\n<\/ul>\n<p>Art. Nr.: Bestelltext:<\/p>\n<ul>\n<li><span style=\"color: #ff0000;\">010010<\/span> Stadtlinienbus NL 263 \/ Bausatz<\/li>\n<\/ul>\n","protected":false},"excerpt":{"rendered":"<p>Stadlinienbus NL 263 \/ Standmodell, Alu Modellangaben: L\u00e4nge : ca 785mm Breite : ca 165mm Gewicht : ca 5,5kg Karosserie komplett aus Aluminium. Alle Teile, wie Scheiben, Achsen &#8211; bzw. Scheinwerferfolien und Aufkleber, sind im Bausatz (teils bearbeitet, teils unbearbeitet &hellip; <a href=\"https:\/\/toensfeldt-modellbau.de\/?page_id=27\">Weiterlesen <span class=\"meta-nav\">&rarr;<\/span><\/a><\/p>\n","protected":false},"author":3,"featured_media":0,"parent":15,"menu_order":0,"comment_status":"closed","ping_status":"closed","template":"","meta":{"footnotes":""},"class_list":["post-27","page","type-page","status-publish","hentry"],"_links":{"self":[{"href":"https:\/\/toensfeldt-modellbau.de\/index.php?rest_route=\/wp\/v2\/pages\/27","targetHints":{"allow":["GET"]}}],"collection":[{"href":"https:\/\/toensfeldt-modellbau.de\/index.php?rest_route=\/wp\/v2\/pages"}],"about":[{"href":"https:\/\/toensfeldt-modellbau.de\/index.php?rest_route=\/wp\/v2\/types\/page"}],"author":[{"embeddable":true,"href":"https:\/\/toensfeldt-modellbau.de\/index.php?rest_route=\/wp\/v2\/users\/3"}],"replies":[{"embeddable":true,"href":"https:\/\/toensfeldt-modellbau.de\/index.php?rest_route=%2Fwp%2Fv2%2Fcomments&post=27"}],"version-history":[{"count":14,"href":"https:\/\/toensfeldt-modellbau.de\/index.php?rest_route=\/wp\/v2\/pages\/27\/revisions"}],"predecessor-version":[{"id":52,"href":"https:\/\/toensfeldt-modellbau.de\/index.php?rest_route=\/wp\/v2\/pages\/27\/revisions\/52"}],"up":[{"embeddable":true,"href":"https:\/\/toensfeldt-modellbau.de\/index.php?rest_route=\/wp\/v2\/pages\/15"}],"wp:attachment":[{"href":"https:\/\/toensfeldt-modellbau.de\/index.php?rest_route=%2Fwp%2Fv2%2Fmedia&parent=27"}],"curies":[{"name":"wp","href":"https:\/\/api.w.org\/{rel}","templated":true}]}}