{"id":2727,"date":"2018-01-08T12:24:50","date_gmt":"2018-01-08T10:24:50","guid":{"rendered":"http:\/\/toensfeldt-modellbau.de\/?page_id=2727"},"modified":"2022-08-29T08:33:08","modified_gmt":"2022-08-29T06:33:08","slug":"bw-zurrketten","status":"publish","type":"page","link":"https:\/\/toensfeldt-modellbau.de\/?page_id=2727","title":{"rendered":"BW Zurrketten"},"content":{"rendered":"<p><em><strong><span style=\"color: #ff0000;\">BW Zurrketten f\u00fcr Baumaschinen<\/span><\/strong><\/em><\/p>\n<ul>\n<li>Neu bei T\u00f6nsfeldt Modellbau \u2013 Vertrieb sind die Zurrketten zur Ladungssicherung speziel f\u00fcr Baumschinen, z. B. Radlader, Laderaupen oder Bagger auf dem Tieflader, zwischen 5 KG bis 40 KG Eigengewicht der Baumaschienen. Die Ketten sind aus Messing verl\u00f6tet und schwarz Br\u00fcniert.<\/li>\n<li>Die Ratsche, die Anschlaghaken und der Kettenverk\u00fcrzungshaken sind aus Messing Feinguss spezial f\u00fcr die TMV Zurrketten gegossen, Spannschlosser und Sch\u00e4kel sind aus Messing. Der Knebel bestehen aus Stahlstiften und gedrehten VA Kappen, Sonderanfertigung f\u00fcr die Spannschl\u00f6sser.<\/li>\n<\/ul>\n<p><em><strong><span style=\"color: #ff0000;\">Die Zurrketten gibt es in 2. Versionen:<\/span><\/strong><\/em><\/p>\n<ul>\n<li>Version 1: Zurrkette, Schild Rot ( Ketten G\u00fcte ), Spannschol\u00df mit Ratsche, Sch\u00e4kel, 2 Anschlaghaken so wie ein Kettenverk\u00fcrzungshaken.<\/li>\n<li>Version 2: Zurrkette, Schild Rot ( Ketten G\u00fcte ), Knebel mit VA Kappen, Sch\u00e4kel, 2 Anschlaghaken sowie ein Kettenverk\u00fcrzungshaken.<\/li>\n<\/ul>\n<p>Au\u00dfer der Kette und dem Knebel sind alle anderen Teile in den Folgenden Farben pulverbeschichtet erh\u00e4ltlich Rot, Gelb und Oliv.<\/p>\n<p>Achtung aus technischen Gr\u00fcnden ist der Knebel nicht pulverbeschichtet erh\u00e4ltlich!<\/p>\n<div id=\"attachment_6933\" style=\"width: 310px\" class=\"wp-caption alignnone\"><a href=\"http:\/\/toensfeldt-modellbau.de\/wp-content\/uploads\/2022\/08\/Zurrke-Bauma-Oliv1Int-1.jpg\"><img loading=\"lazy\" decoding=\"async\" aria-describedby=\"caption-attachment-6933\" class=\"wp-image-6933 size-medium\" src=\"http:\/\/toensfeldt-modellbau.de\/wp-content\/uploads\/2022\/08\/Zurrke-Bauma-Oliv1Int-1-300x115.jpg\" alt=\"\" width=\"300\" height=\"115\" srcset=\"https:\/\/toensfeldt-modellbau.de\/wp-content\/uploads\/2022\/08\/Zurrke-Bauma-Oliv1Int-1-300x115.jpg 300w, https:\/\/toensfeldt-modellbau.de\/wp-content\/uploads\/2022\/08\/Zurrke-Bauma-Oliv1Int-1.jpg 709w\" sizes=\"auto, (max-width: 300px) 100vw, 300px\" \/><\/a><p id=\"caption-attachment-6933\" class=\"wp-caption-text\">TMV ZUrrketten Bauma Olliv<\/p><\/div>\n<div id=\"attachment_6932\" style=\"width: 310px\" class=\"wp-caption alignnone\"><a href=\"http:\/\/toensfeldt-modellbau.de\/wp-content\/uploads\/2022\/08\/Zurrke-Bauma-Bagger-Oliv1Int-1.jpg\"><img loading=\"lazy\" decoding=\"async\" aria-describedby=\"caption-attachment-6932\" class=\"wp-image-6932 size-medium\" src=\"http:\/\/toensfeldt-modellbau.de\/wp-content\/uploads\/2022\/08\/Zurrke-Bauma-Bagger-Oliv1Int-1-300x95.jpg\" alt=\"\" width=\"300\" height=\"95\" srcset=\"https:\/\/toensfeldt-modellbau.de\/wp-content\/uploads\/2022\/08\/Zurrke-Bauma-Bagger-Oliv1Int-1-300x95.jpg 300w, https:\/\/toensfeldt-modellbau.de\/wp-content\/uploads\/2022\/08\/Zurrke-Bauma-Bagger-Oliv1Int-1.jpg 709w\" sizes=\"auto, (max-width: 300px) 100vw, 300px\" \/><\/a><p id=\"caption-attachment-6932\" class=\"wp-caption-text\">TMV Zurrketten Bauma Bagger Oliv<\/p><\/div>\n<p>Technische Daten Zurrkette mit Ratsche:<\/p>\n<ol>\n<li>L\u00e4nge \u00fcber alles ca. 18 cm<\/li>\n<li>Breite Spannschloss mit Ratsche:\u00a0 ca. 3,2 cm<\/li>\n<li>Zurrgewicht bis zu: 10KG pro Kette<\/li>\n<\/ol>\n<p>Die Zurrketten Bauma, k\u00f6nnen wenn es n\u00f6tig ist, in Schritten von ca. 2,5 cm verl\u00e4ngert werden.<\/p>\n<p>Art. Nr. Bestelltext:<\/p>\n<ul>\n<li><span style=\"color: #ff0000;\">030006<\/span> 4 St. TMV Zurrketten Ratsche Bauma. Fertig Oliv<\/li>\n<li><span style=\"color: #ff0000;\">030012<\/span> 4 St. TMV Zurrketten Knebel Bauma. Fertig Oliv<\/li>\n<li><span style=\"color: #ff0000;\">030052<\/span> 4 St. TMV Zurrketten Ratsche Bauma Bagger Oliv<\/li>\n<li><span style=\"color: #ff0000;\">030062<\/span> 4 St. TMV Zurrketten Knebel Bauma Bagger Oliv<\/li>\n<li><span style=\"color: #ff0000;\">030071<\/span> TMV Zurrkette Bauma verl\u00e4ngerung ca. 2,5 cm<\/li>\n<\/ul>\n<p><em><strong><span style=\"color: #ff0000;\">TMV Zurrketten zur Ladungssicherung von schwerer Ladung<\/span><\/strong><\/em><\/p>\n<ul>\n<li>Neu bei T\u00f6nsfeldt Modellbau \u2013 Vertrieb sind die Zurrketten zur Ladungssicherung von schwerem und sperrigem Ladegut wie zum Beispiel Container oder gro\u00dfen Kisten. Die Ketten sind aus Stahl nicht verl\u00f6tet und schwarz Verzinkt.<\/li>\n<li>Die Ratsche, die Anschlaghaken und der Kettenverk\u00fcrzungshaken sind aus Messing Feinguss spezial f\u00fcr die TMV Zurrketten gegossen, Spannschloss und Sch\u00e4kel sind aus Messing. Der Knebel bestehen aus Stahlstiften und gedrehten VA Kappen, Sonderanfertigung f\u00fcr die Spannschl\u00f6sser.<\/li>\n<\/ul>\n<p><img loading=\"lazy\" decoding=\"async\" class=\"alignnone size-full wp-image-2948\" src=\"http:\/\/toensfeldt-modellbau.de\/wp-content\/uploads\/2018\/02\/2Zurrketten-Ladung-OlivB1Int.jpg\" alt=\"\" width=\"567\" height=\"226\" srcset=\"https:\/\/toensfeldt-modellbau.de\/wp-content\/uploads\/2018\/02\/2Zurrketten-Ladung-OlivB1Int.jpg 567w, https:\/\/toensfeldt-modellbau.de\/wp-content\/uploads\/2018\/02\/2Zurrketten-Ladung-OlivB1Int-300x120.jpg 300w\" sizes=\"auto, (max-width: 567px) 100vw, 567px\" \/><\/p>\n<p><em><strong><span style=\"color: #ff0000;\">Die Zurrketten gibt es in 2. Versionen:<\/span><\/strong><\/em><\/p>\n<ul>\n<li>Version 1: Zurrkette, Schild Rot ( Ketten G\u00fcte ), Spannschol\u00df mit Ratsche, 2 Anschlaghaken so wie ein Kettenverk\u00fcrzungshaken.<\/li>\n<li>Version 2: Zurrkette, Schild Rot ( Ketten G\u00fcte ), Knebel mit VA Kappen, 2 Anschlaghaken sowie ein Kettenverk\u00fcrzungshaken.<\/li>\n<\/ul>\n<p>Technische Daten Zurrkette mit Ratsche:<\/p>\n<ol>\n<li>L\u00e4nge \u00fcber alles ca. 18 cm<\/li>\n<li>Breite Spannschloss mit Ratsche:\u00a0 ca. 3,2 cm<\/li>\n<li>Zurrgewicht bis zu: ca. 4,5 KG<\/li>\n<\/ol>\n<p>Art. Nr. Bestelltext:<\/p>\n<ul>\n<li><span style=\"color: #ff0000;\">030025<\/span> 4 St. TMV Zurrketten Ratsche Ladung Fertig Oliv<\/li>\n<li><span style=\"color: #ff0000;\">030031<\/span> 4 St. TMV Zurrketten Knebel Ladung Fertig Oliv<\/li>\n<li><span style=\"color: #ff0000;\">030070<\/span> TMV Zurrkette Ladung verl\u00e4ngerung ca. 2,5 cm<\/li>\n<\/ul>\n<p><em><strong><span style=\"color: #ff0000;\">Ladesicherung Container 10 Fu\u00df und mehr<\/span><\/strong><\/em><\/p>\n<p>Neu bei T\u00f6nsfeldt Modellbau \u2013 Vertrieb sind die Zurrketten zur Ladungssicherung von 10 Fu\u00df Container oder gro\u00dfen Kisten. Die Ketten sind aus Stahl nicht verl\u00f6tet und schwarz Verzinkt.<\/p>\n<p><img loading=\"lazy\" decoding=\"async\" class=\"alignnone size-full wp-image-1916\" src=\"http:\/\/toensfeldt-modellbau.de\/wp-content\/uploads\/2017\/06\/10Fu\u00dfCon-Zurrkette-Rot-B2Int.jpg\" alt=\"\" width=\"425\" height=\"321\" srcset=\"https:\/\/toensfeldt-modellbau.de\/wp-content\/uploads\/2017\/06\/10Fu\u00dfCon-Zurrkette-Rot-B2Int.jpg 425w, https:\/\/toensfeldt-modellbau.de\/wp-content\/uploads\/2017\/06\/10Fu\u00dfCon-Zurrkette-Rot-B2Int-300x227.jpg 300w\" sizes=\"auto, (max-width: 425px) 100vw, 425px\" \/><\/p>\n<p>Technische Daten Zurrkette Knebel 10 Fu\u00df Container:<\/p>\n<ol>\n<li>L\u00e4nge \u00fcber alles ca. 29 cm<\/li>\n<li>Breite Spannschloss mit Knebel :\u00a0\u00a0 ca. 2,7 cm<\/li>\n<li>Zurrgewicht bis zu: ca. 4,5 KG<\/li>\n<\/ol>\n<p>Die Zurrketten Ladung, k\u00f6nnen wenn es n\u00f6tig ist, in Schritten von ca. 2,5 cm verl\u00e4ngert werden.<\/p>\n<p>Art. Nr. Bestell Text:<\/p>\n<ul>\n<li><span style=\"color: #ff0000;\">030042<\/span> 4 St. TMV Zurrketten Knebel\u00a0 10 Fu\u00df Container Fertig Oliv<\/li>\n<li><span style=\"color: #ff0000;\">030070<\/span> TMV Zurrketten Verl\u00e4ngerung Ladung 2,5 cm<\/li>\n<\/ul>\n","protected":false},"excerpt":{"rendered":"<p>BW Zurrketten f\u00fcr Baumaschinen Neu bei T\u00f6nsfeldt Modellbau \u2013 Vertrieb sind die Zurrketten zur Ladungssicherung speziel f\u00fcr Baumschinen, z. B. Radlader, Laderaupen oder Bagger auf dem Tieflader, zwischen 5 KG bis 40 KG Eigengewicht der Baumaschienen. Die Ketten sind aus &hellip; <a href=\"https:\/\/toensfeldt-modellbau.de\/?page_id=2727\">Weiterlesen <span class=\"meta-nav\">&rarr;<\/span><\/a><\/p>\n","protected":false},"author":2,"featured_media":0,"parent":0,"menu_order":0,"comment_status":"closed","ping_status":"closed","template":"","meta":{"footnotes":""},"class_list":["post-2727","page","type-page","status-publish","hentry"],"_links":{"self":[{"href":"https:\/\/toensfeldt-modellbau.de\/index.php?rest_route=\/wp\/v2\/pages\/2727","targetHints":{"allow":["GET"]}}],"collection":[{"href":"https:\/\/toensfeldt-modellbau.de\/index.php?rest_route=\/wp\/v2\/pages"}],"about":[{"href":"https:\/\/toensfeldt-modellbau.de\/index.php?rest_route=\/wp\/v2\/types\/page"}],"author":[{"embeddable":true,"href":"https:\/\/toensfeldt-modellbau.de\/index.php?rest_route=\/wp\/v2\/users\/2"}],"replies":[{"embeddable":true,"href":"https:\/\/toensfeldt-modellbau.de\/index.php?rest_route=%2Fwp%2Fv2%2Fcomments&post=2727"}],"version-history":[{"count":17,"href":"https:\/\/toensfeldt-modellbau.de\/index.php?rest_route=\/wp\/v2\/pages\/2727\/revisions"}],"predecessor-version":[{"id":6935,"href":"https:\/\/toensfeldt-modellbau.de\/index.php?rest_route=\/wp\/v2\/pages\/2727\/revisions\/6935"}],"wp:attachment":[{"href":"https:\/\/toensfeldt-modellbau.de\/index.php?rest_route=%2Fwp%2Fv2%2Fmedia&parent=2727"}],"curies":[{"name":"wp","href":"https:\/\/api.w.org\/{rel}","templated":true}]}}