{"id":3398,"date":"2018-11-24T14:00:07","date_gmt":"2018-11-24T12:00:07","guid":{"rendered":"http:\/\/toensfeldt-modellbau.de\/?page_id=3398"},"modified":"2022-01-08T13:40:21","modified_gmt":"2022-01-08T11:40:21","slug":"einreisshaken","status":"publish","type":"page","link":"https:\/\/toensfeldt-modellbau.de\/?page_id=3398","title":{"rendered":"Einrei\u00dfhaken 1:14"},"content":{"rendered":"<p><em><strong><span style=\"color: #ff0000;\">TMV Einrei\u00dfhaken Feuerwehr<\/span><\/strong><\/em><\/p>\n<p><img loading=\"lazy\" decoding=\"async\" class=\"alignnone size-full wp-image-4436\" src=\"http:\/\/toensfeldt-modellbau.de\/wp-content\/uploads\/2021\/01\/Einreishaken-Mann2.jpg\" alt=\"\" width=\"425\" height=\"458\" srcset=\"https:\/\/toensfeldt-modellbau.de\/wp-content\/uploads\/2021\/01\/Einreishaken-Mann2.jpg 425w, https:\/\/toensfeldt-modellbau.de\/wp-content\/uploads\/2021\/01\/Einreishaken-Mann2-278x300.jpg 278w\" sizes=\"auto, (max-width: 425px) 100vw, 425px\" \/><\/p>\n<p>Der Einrei\u00dfhaken der Feuerwehr wird benutz um L\u00f6cher in Decken zu rei\u00dfen, um Glutnester oder Schwelbr\u00e4nde aufzudecken und zu l\u00f6schen. Der Einrei\u00dfhaken mit Verl\u00e4ngerung wird benutz, um Dachziegel von den Latten zu holen um besser an Dachst\u00fchle zu kommen. TMV Einrei\u00dfhaken aus Messing gegossen und vernickelt mit einem Buchenholzstiel. Den TMV Einrei\u00dfhaken Feuerwehr erhalten sie einzelt, oder im Satz mit der Verl\u00e4ngerung.<\/p>\n<p><img loading=\"lazy\" decoding=\"async\" class=\"alignnone size-full wp-image-4437\" src=\"http:\/\/toensfeldt-modellbau.de\/wp-content\/uploads\/2021\/01\/Einreishaken-Nickel.jpg\" alt=\"\" width=\"283\" height=\"220\"><\/p>\n<p>Technische Daten Einrei\u00dfhaken:<\/p>\n<ul>\n<li>L\u00e4nge: ca. 20 cm<\/li>\n<li>Breite: ca. 1,6 cm<\/li>\n<li>St\u00e4rke Stiel \u00d8: ca. 3,0 mm<\/li>\n<\/ul>\n<p><img loading=\"lazy\" decoding=\"async\" class=\"alignnone size-full wp-image-3424\" src=\"http:\/\/toensfeldt-modellbau.de\/wp-content\/uploads\/2018\/12\/Einreishaken-verl\u00e4ngerung2.jpg\" alt=\"\" width=\"425\" height=\"200\" srcset=\"https:\/\/toensfeldt-modellbau.de\/wp-content\/uploads\/2018\/12\/Einreishaken-verl\u00e4ngerung2.jpg 425w, https:\/\/toensfeldt-modellbau.de\/wp-content\/uploads\/2018\/12\/Einreishaken-verl\u00e4ngerung2-300x141.jpg 300w\" sizes=\"auto, (max-width: 425px) 100vw, 425px\" \/><\/p>\n<p><img loading=\"lazy\" decoding=\"async\" class=\"alignnone size-full wp-image-3423\" src=\"http:\/\/toensfeldt-modellbau.de\/wp-content\/uploads\/2018\/12\/Einreishaken-verl\u00e4ngerung1.jpg\" alt=\"\" width=\"425\" height=\"388\" srcset=\"https:\/\/toensfeldt-modellbau.de\/wp-content\/uploads\/2018\/12\/Einreishaken-verl\u00e4ngerung1.jpg 425w, https:\/\/toensfeldt-modellbau.de\/wp-content\/uploads\/2018\/12\/Einreishaken-verl\u00e4ngerung1-300x274.jpg 300w\" sizes=\"auto, (max-width: 425px) 100vw, 425px\" \/><\/p>\n<p>Technische Daten Verl\u00e4ngerung:<\/p>\n<ul>\n<li>L\u00e4nge: ca. 17 cm<\/li>\n<li>St\u00e4rke Stiel \u00d8: ca. 3,0 mm<\/li>\n<\/ul>\n<p>Art. Nr. Bestell Text:<\/p>\n<ul>\n<li><span style=\"color: #ff0000;\">040220<\/span> TMV Einrei\u00dfhaken Feuerwehr 1:14<\/li>\n<li><span style=\"color: #ff0000;\">040221<\/span> TMV Einrei\u00dfhaken Feuerwehr 1:14 Satz<\/li>\n<\/ul>\n","protected":false},"excerpt":{"rendered":"<p>TMV Einrei\u00dfhaken Feuerwehr Der Einrei\u00dfhaken der Feuerwehr wird benutz um L\u00f6cher in Decken zu rei\u00dfen, um Glutnester oder Schwelbr\u00e4nde aufzudecken und zu l\u00f6schen. Der Einrei\u00dfhaken mit Verl\u00e4ngerung wird benutz, um Dachziegel von den Latten zu holen um besser an Dachst\u00fchle &hellip; <a href=\"https:\/\/toensfeldt-modellbau.de\/?page_id=3398\">Weiterlesen <span class=\"meta-nav\">&rarr;<\/span><\/a><\/p>\n","protected":false},"author":2,"featured_media":0,"parent":0,"menu_order":0,"comment_status":"closed","ping_status":"closed","template":"","meta":{"footnotes":""},"class_list":["post-3398","page","type-page","status-publish","hentry"],"_links":{"self":[{"href":"https:\/\/toensfeldt-modellbau.de\/index.php?rest_route=\/wp\/v2\/pages\/3398","targetHints":{"allow":["GET"]}}],"collection":[{"href":"https:\/\/toensfeldt-modellbau.de\/index.php?rest_route=\/wp\/v2\/pages"}],"about":[{"href":"https:\/\/toensfeldt-modellbau.de\/index.php?rest_route=\/wp\/v2\/types\/page"}],"author":[{"embeddable":true,"href":"https:\/\/toensfeldt-modellbau.de\/index.php?rest_route=\/wp\/v2\/users\/2"}],"replies":[{"embeddable":true,"href":"https:\/\/toensfeldt-modellbau.de\/index.php?rest_route=%2Fwp%2Fv2%2Fcomments&post=3398"}],"version-history":[{"count":19,"href":"https:\/\/toensfeldt-modellbau.de\/index.php?rest_route=\/wp\/v2\/pages\/3398\/revisions"}],"predecessor-version":[{"id":6171,"href":"https:\/\/toensfeldt-modellbau.de\/index.php?rest_route=\/wp\/v2\/pages\/3398\/revisions\/6171"}],"wp:attachment":[{"href":"https:\/\/toensfeldt-modellbau.de\/index.php?rest_route=%2Fwp%2Fv2%2Fmedia&parent=3398"}],"curies":[{"name":"wp","href":"https:\/\/api.w.org\/{rel}","templated":true}]}}