{"id":4052,"date":"2020-06-19T11:09:41","date_gmt":"2020-06-19T09:09:41","guid":{"rendered":"http:\/\/toensfeldt-modellbau.de\/?page_id=4052"},"modified":"2025-03-09T11:38:31","modified_gmt":"2025-03-09T09:38:31","slug":"schneidbrenner","status":"publish","type":"page","link":"https:\/\/toensfeldt-modellbau.de\/?page_id=4052","title":{"rendered":"Schneidbrenner"},"content":{"rendered":"<p><img loading=\"lazy\" decoding=\"async\" class=\"alignnone size-full wp-image-4057\" src=\"http:\/\/toensfeldt-modellbau.de\/wp-content\/uploads\/2020\/06\/Brennersatz-Int.jpg\" alt=\"\" width=\"567\" height=\"454\" srcset=\"https:\/\/toensfeldt-modellbau.de\/wp-content\/uploads\/2020\/06\/Brennersatz-Int.jpg 567w, https:\/\/toensfeldt-modellbau.de\/wp-content\/uploads\/2020\/06\/Brennersatz-Int-300x240.jpg 300w\" sizes=\"auto, (max-width: 567px) 100vw, 567px\" \/><\/p>\n<p>TMV Schneidbrenner 1:14 f\u00fcr Acetylen und Sauerstoff als Ausr\u00fcstung f\u00fcr Werkstatt, Feuerwehr, THW oder Bergeschlepper. Brenner und Manometer aus Messing Feinguss, das Schlauchpaket besteht aus Silikonlitze und wei\u00dfen Schellen aus Kunststoff als Abstandshalter in den Originall\u00e4ngen von 5 m , 10 m , oder 15 m ( andere L\u00e4ngen auf Anfrage ), Ventile f\u00fcr die Gasflaschen sind aus Alu.<\/p>\n<div id=\"attachment_4064\" style=\"width: 293px\" class=\"wp-caption alignnone\"><img loading=\"lazy\" decoding=\"async\" aria-describedby=\"caption-attachment-4064\" class=\"wp-image-4064 size-full\" src=\"http:\/\/toensfeldt-modellbau.de\/wp-content\/uploads\/2020\/06\/Gasflaschen-mit-Ventil-Deckel-20l.jpg\" alt=\"\" width=\"283\" height=\"443\" srcset=\"https:\/\/toensfeldt-modellbau.de\/wp-content\/uploads\/2020\/06\/Gasflaschen-mit-Ventil-Deckel-20l.jpg 283w, https:\/\/toensfeldt-modellbau.de\/wp-content\/uploads\/2020\/06\/Gasflaschen-mit-Ventil-Deckel-20l-192x300.jpg 192w\" sizes=\"auto, (max-width: 283px) 100vw, 283px\" \/><p id=\"caption-attachment-4064\" class=\"wp-caption-text\">Gasflaschen 20 L mit Ventil &amp; Deckel<\/p><\/div>\n<div id=\"attachment_4063\" style=\"width: 293px\" class=\"wp-caption alignnone\"><img loading=\"lazy\" decoding=\"async\" aria-describedby=\"caption-attachment-4063\" class=\"wp-image-4063 size-full\" src=\"http:\/\/toensfeldt-modellbau.de\/wp-content\/uploads\/2020\/06\/Gasflaschen-mit-Manometer.jpg\" alt=\"\" width=\"283\" height=\"426\" srcset=\"https:\/\/toensfeldt-modellbau.de\/wp-content\/uploads\/2020\/06\/Gasflaschen-mit-Manometer.jpg 283w, https:\/\/toensfeldt-modellbau.de\/wp-content\/uploads\/2020\/06\/Gasflaschen-mit-Manometer-199x300.jpg 199w\" sizes=\"auto, (max-width: 283px) 100vw, 283px\" \/><p id=\"caption-attachment-4063\" class=\"wp-caption-text\">Gasflaschen 20 L mit Ventil, Deckel &amp; Manometer<\/p><\/div>\n<div id=\"attachment_4056\" style=\"width: 293px\" class=\"wp-caption alignnone\"><img loading=\"lazy\" decoding=\"async\" aria-describedby=\"caption-attachment-4056\" class=\"wp-image-4056 size-full\" src=\"http:\/\/toensfeldt-modellbau.de\/wp-content\/uploads\/2020\/06\/Brenner-Manometer-Int.jpg\" alt=\"\" width=\"283\" height=\"158\" \/><p id=\"caption-attachment-4056\" class=\"wp-caption-text\">Manometer &amp; Brenner<\/p><\/div>\n<div id=\"attachment_4058\" style=\"width: 293px\" class=\"wp-caption alignnone\"><img loading=\"lazy\" decoding=\"async\" aria-describedby=\"caption-attachment-4058\" class=\"wp-image-4058 size-full\" src=\"http:\/\/toensfeldt-modellbau.de\/wp-content\/uploads\/2020\/06\/Schlauchpaket-Brenner.jpg\" alt=\"\" width=\"283\" height=\"282\" srcset=\"https:\/\/toensfeldt-modellbau.de\/wp-content\/uploads\/2020\/06\/Schlauchpaket-Brenner.jpg 283w, https:\/\/toensfeldt-modellbau.de\/wp-content\/uploads\/2020\/06\/Schlauchpaket-Brenner-150x150.jpg 150w\" sizes=\"auto, (max-width: 283px) 100vw, 283px\" \/><p id=\"caption-attachment-4058\" class=\"wp-caption-text\">Schlauchpaket mit Schellen 10 m<\/p><\/div>\n<p>Schlauchpaket die L\u00e4ngen in 1:14:<\/p>\n<ul>\n<li>5 m = ca. 35 cm<\/li>\n<li>10 m = ca. 71 cm<\/li>\n<li>15 m = ca. 107 cm<\/li>\n<\/ul>\n<ol>\n<li>Inhalt 040330 TMV Schneidbrenner, 2 x Ventile und 2 x Manomter.<\/li>\n<li>Inhalt 040331 bis 333 TMV Schlauchpaket Silikonlitze und Schlellen aus wei\u00dfem Kunstoff.<\/li>\n<li>Inhalt 040334 TMV 2 x Gasflaschen 20 L 1 x Sauerstoff und 1 x Acetylen so wie 2 x Deckel mit Schraube.<\/li>\n<\/ol>\n<p>Bestell Nr. Bestell Text:<\/p>\n<ul>\n<li><span style=\"color: #ff0000;\">040330<\/span> TMV Brenner mit Manometer<\/li>\n<li><span style=\"color: #ff0000;\">040331<\/span> TMV Schlauchpaket 5 m<\/li>\n<li><span style=\"color: #ff0000;\">040332<\/span> TMV Schlauchpaket 10 m<\/li>\n<li><span style=\"color: #ff0000;\">040333<\/span> TMV Schlauchpaket 15 m<\/li>\n<li><span style=\"color: #ff0000;\">040334<\/span> TMV 2 x Gasflaschen 20 L<\/li>\n<\/ul>\n<p><span style=\"font-size: medium;\">Herstellerdaten gem\u00e4s GPSR<\/span><\/p>\n<p><span style=\"font-size: medium;\">Olaf T\u00f6nsfeldt<br \/>\nT\u00f6nsfeldt <span style=\"color: #000000;\">Modellbau Vertrieb<\/span><span style=\"color: #ff0000;\"><span style=\"font-family: Arial, Helvetica, sans-serif;\"><br \/>\n<\/span><\/span>Nobiskr\u00fcger Allee 20<span style=\"font-family: Arial, Helvetica, sans-serif;\"><br \/>\n<\/span>24768 Rendsburg<\/span><\/p>\n<p><strong><span style=\"font-size: medium;\">Deutschland<\/span><\/strong><span style=\"font-size: medium;\"><br \/>\nTel.: 0049 (0 ) 43 31\/ 51 95<br \/>\nE-Mail an: <a href=\"mailto:tmv@toensfeldt-modellbau.de\">tmv@toensfeldt-modellbau.de<\/a><\/span><\/p>\n","protected":false},"excerpt":{"rendered":"<p>TMV Schneidbrenner 1:14 f\u00fcr Acetylen und Sauerstoff als Ausr\u00fcstung f\u00fcr Werkstatt, Feuerwehr, THW oder Bergeschlepper. Brenner und Manometer aus Messing Feinguss, das Schlauchpaket besteht aus Silikonlitze und wei\u00dfen Schellen aus Kunststoff als Abstandshalter in den Originall\u00e4ngen von 5 m , &hellip; <a href=\"https:\/\/toensfeldt-modellbau.de\/?page_id=4052\">Weiterlesen <span class=\"meta-nav\">&rarr;<\/span><\/a><\/p>\n","protected":false},"author":2,"featured_media":0,"parent":0,"menu_order":0,"comment_status":"closed","ping_status":"closed","template":"","meta":{"footnotes":""},"class_list":["post-4052","page","type-page","status-publish","hentry"],"_links":{"self":[{"href":"https:\/\/toensfeldt-modellbau.de\/index.php?rest_route=\/wp\/v2\/pages\/4052","targetHints":{"allow":["GET"]}}],"collection":[{"href":"https:\/\/toensfeldt-modellbau.de\/index.php?rest_route=\/wp\/v2\/pages"}],"about":[{"href":"https:\/\/toensfeldt-modellbau.de\/index.php?rest_route=\/wp\/v2\/types\/page"}],"author":[{"embeddable":true,"href":"https:\/\/toensfeldt-modellbau.de\/index.php?rest_route=\/wp\/v2\/users\/2"}],"replies":[{"embeddable":true,"href":"https:\/\/toensfeldt-modellbau.de\/index.php?rest_route=%2Fwp%2Fv2%2Fcomments&post=4052"}],"version-history":[{"count":13,"href":"https:\/\/toensfeldt-modellbau.de\/index.php?rest_route=\/wp\/v2\/pages\/4052\/revisions"}],"predecessor-version":[{"id":7717,"href":"https:\/\/toensfeldt-modellbau.de\/index.php?rest_route=\/wp\/v2\/pages\/4052\/revisions\/7717"}],"wp:attachment":[{"href":"https:\/\/toensfeldt-modellbau.de\/index.php?rest_route=%2Fwp%2Fv2%2Fmedia&parent=4052"}],"curies":[{"name":"wp","href":"https:\/\/api.w.org\/{rel}","templated":true}]}}