{"id":4191,"date":"2020-11-27T13:04:00","date_gmt":"2020-11-27T11:04:00","guid":{"rendered":"http:\/\/toensfeldt-modellbau.de\/?page_id=4191"},"modified":"2025-03-02T11:51:43","modified_gmt":"2025-03-02T09:51:43","slug":"winde","status":"publish","type":"page","link":"https:\/\/toensfeldt-modellbau.de\/?page_id=4191","title":{"rendered":"TMV Winde"},"content":{"rendered":"\n<p><strong><em><span class=\"has-inline-color has-vivid-red-color\">TMV Winde f\u00fcr den VOLVO FH 16 TOW TRUCK !<\/span><\/em><\/strong><\/p>\n\n\n\n<figure class=\"wp-block-image size-large\"><a href=\"http:\/\/toensfeldt-modellbau.de\/wp-content\/uploads\/2020\/12\/Winde-Teile.jpg\"><img loading=\"lazy\" decoding=\"async\" width=\"567\" height=\"336\" src=\"http:\/\/toensfeldt-modellbau.de\/wp-content\/uploads\/2020\/12\/Winde-Teile.jpg\" alt=\"\" class=\"wp-image-4266\" srcset=\"https:\/\/toensfeldt-modellbau.de\/wp-content\/uploads\/2020\/12\/Winde-Teile.jpg 567w, https:\/\/toensfeldt-modellbau.de\/wp-content\/uploads\/2020\/12\/Winde-Teile-300x178.jpg 300w\" sizes=\"auto, (max-width: 567px) 100vw, 567px\" \/><\/a><\/figure>\n\n\n\n<p><a href=\"http:\/\/toensfeldt-modellbau.de\/?page_id=4191\">Seite ansehen<\/a><\/p>\n\n\n\n<p>Die TMV Windentrommel aus Alu f\u00fcr den VOLVO FH 16 TOW TRUCK wird einfach gegen die Kunststoff Windentrommel von TAMIYA ausgetauscht. Die Seitenscheiben sind aus Alu gelasert die Trommel aus Alurohr ges\u00e4gt und bearbeitet, alle Teile der TMV Windentrommel sind schwarz eloxiert. In der Windentrommel befindet sich der Antriebsmotor, wobei Motor und Antriebswelle kugelgelagert sind. In einer der Seitenabdeckungen befindet sich die Elektronik mit der Steuerung der Winde, aus der nur 3 sehr d\u00fcnne Kabel mit einem Servostecker kommen, der dann direkt an den Empf\u00e4nger angeschlossen wird. Die Winde wickelt sich nicht ab, wenn Zug darauf ist.<\/p>\n\n\n\n<p>Des Weiteren hat die Winde noch einen Tastenschalter, sodass die Winde auch ohne Fernsteuerung bedient werden kann.<\/p>\n\n\n\n<figure class=\"wp-block-image size-large\"><a href=\"http:\/\/toensfeldt-modellbau.de\/wp-content\/uploads\/2020\/12\/Winde-Schwarz-Teile.jpg\"><img loading=\"lazy\" decoding=\"async\" width=\"425\" height=\"341\" src=\"http:\/\/toensfeldt-modellbau.de\/wp-content\/uploads\/2020\/12\/Winde-Schwarz-Teile.jpg\" alt=\"\" class=\"wp-image-4265\" srcset=\"https:\/\/toensfeldt-modellbau.de\/wp-content\/uploads\/2020\/12\/Winde-Schwarz-Teile.jpg 425w, https:\/\/toensfeldt-modellbau.de\/wp-content\/uploads\/2020\/12\/Winde-Schwarz-Teile-300x241.jpg 300w\" sizes=\"auto, (max-width: 425px) 100vw, 425px\" \/><\/a><\/figure>\n\n\n\n<p>Einstellungen:<br>Die Drehrichtung der Winde kann umgepolt werden, indem man vor dem Einschalten des Empf\u00e4ngers den Tasterschalter gedr\u00fcckt h\u00e4lt und, sobald der Motor anl\u00e4uft, wieder losl\u00e4sst (innerhalb von 3 Sekunden).<\/p>\n\n\n\n<p>H\u00e4lt man den Tasterschalter l\u00e4nger als 3 Sekunden fest, gelangt man in den Einlernmodus. Man erkennt dies daran, dass die Winde langsam vor- und zur\u00fcckdreht. Wichtig: Der Sender muss eingeschaltet sein und eine Verbindung zum Empf\u00e4nger haben!<br>Man kann nun bestimmen, auf welchen Geberausschlag (Taster oder Joystick) die Winde reagieren soll. Bei kurzem Tasten mit +50% Auslenkung wird die Winde mit positivem Ausschlag ein- und ausgeschaltet. Bei kurzem Tasten mit -50% wird sie mit negativem Ausschlag gesteuert.<br>Damit wird es m\u00f6glich, zwei Winden an einem Empf\u00e4ngerkanal zu betreiben, eine im Plus- und eine im Minusbereich. Die jeweils andere Drehrichtung wird &#8211; \u00e4hnlich wie bei der Tastersteuerung direkt an der Winde &#8211; durch Festhalten des ausgelenkten Gebers bet\u00e4tigt. Um den Doppelbetrieb wieder aufzuheben, unterbricht man im Einlernmodus einfach die Versorgungsspannung, ohne vorher einen Geber im Sender bet\u00e4tigt zu haben.<br>F\u00fcr diese Betriebsart ist die zweite Buchse des Empf\u00e4nger-Adapterkabels gedacht, es wird kein weiteres Y-Kabel ben\u00f6tigt!<\/p>\n\n\n\n<p><strong><em><span class=\"has-inline-color has-vivid-red-color\">Anmerkung in eigener Sache:<\/span><\/em><\/strong><br>Jede Winde ist vor der Auslieferung auf Funktion gepr\u00fcft worden.<br>Die Winde hebt ca. 1,6 kg. Bei gr\u00f6\u00dferen Gewichten kann die Winde besch\u00e4digt werden !<br>Sch\u00e4den, die durch \u00dcberlastung zustande kommen, sind von der Reklamation ausgeschlossen !<\/p>\n\n\n\n<p><span class=\"has-inline-color has-vivid-red-color\"><strong><em>Auf keinen Fall darf der Motor an der Platine aus der Trommel gezogen werden. Er k\u00f6nnte sonst irreparabel besch\u00e4digt werden!<\/em><\/strong><\/span><\/p>\n\n\n\n<p>Technische Daten:<\/p>\n\n\n\n<ul class=\"wp-block-list\">\n<li>Hebekraft ca. 1,6 Kg<\/li>\n\n\n\n<li>Duchmesser Trommelscheiben 34 mm<\/li>\n\n\n\n<li>Durchmesser Trommel 20 mm<\/li>\n\n\n\n<li>Breite Trommel ca. 29 mm<\/li>\n\n\n\n<li>Versorgungsspannung 4-8 Volt<\/li>\n<\/ul>\n\n\n\n<p>Art. Nr. Bestelltext:<\/p>\n\n\n\n<ul class=\"wp-block-list\">\n<li><span class=\"has-inline-color has-vivid-red-color\">050200<\/span> TMV Winde f\u00fcr TOW TRUCK<\/li>\n<\/ul>\n\n\n\n<p><em><span class=\"has-inline-color has-vivid-red-color\"><strong>Seil &amp; Haken f\u00fcr TOW TRUCK Winde<\/strong><\/span><\/em><\/p>\n\n\n\n<figure class=\"wp-block-image size-large\"><img loading=\"lazy\" decoding=\"async\" width=\"567\" height=\"320\" src=\"http:\/\/toensfeldt-modellbau.de\/wp-content\/uploads\/2020\/11\/4-Seil-HakenInt.jpg\" alt=\"\" class=\"wp-image-4204\" srcset=\"https:\/\/toensfeldt-modellbau.de\/wp-content\/uploads\/2020\/11\/4-Seil-HakenInt.jpg 567w, https:\/\/toensfeldt-modellbau.de\/wp-content\/uploads\/2020\/11\/4-Seil-HakenInt-300x169.jpg 300w\" sizes=\"auto, (max-width: 567px) 100vw, 567px\" \/><\/figure>\n\n\n\n<p>Der TMV Satz Seil &amp; Haken f\u00fcr die TOW TRUCK Winde enth\u00e4lt: Seil grau, Wirbel, Sch\u00e4kel und Anschlaghaken. Der Wirbelk\u00f6rper ist aus Stahl, der drehende Teil ist kugelgelagert und belastbar bis zu 50 KG. Sch\u00e4kel und Anschlaghaken aus Messing Feinguss.<\/p>\n\n\n\n<figure class=\"wp-block-image size-large\"><img loading=\"lazy\" decoding=\"async\" width=\"283\" height=\"310\" src=\"http:\/\/toensfeldt-modellbau.de\/wp-content\/uploads\/2020\/11\/Seil-Haken-Rot-Gelb.jpg\" alt=\"\" class=\"wp-image-4205\" srcset=\"https:\/\/toensfeldt-modellbau.de\/wp-content\/uploads\/2020\/11\/Seil-Haken-Rot-Gelb.jpg 283w, https:\/\/toensfeldt-modellbau.de\/wp-content\/uploads\/2020\/11\/Seil-Haken-Rot-Gelb-274x300.jpg 274w\" sizes=\"auto, (max-width: 283px) 100vw, 283px\" \/><\/figure>\n\n\n\n<figure class=\"wp-block-image size-large\"><img loading=\"lazy\" decoding=\"async\" width=\"283\" height=\"347\" src=\"http:\/\/toensfeldt-modellbau.de\/wp-content\/uploads\/2020\/11\/Seil-HakenSchwarz-Blau.jpg\" alt=\"\" class=\"wp-image-4206\" srcset=\"https:\/\/toensfeldt-modellbau.de\/wp-content\/uploads\/2020\/11\/Seil-HakenSchwarz-Blau.jpg 283w, https:\/\/toensfeldt-modellbau.de\/wp-content\/uploads\/2020\/11\/Seil-HakenSchwarz-Blau-245x300.jpg 245w\" sizes=\"auto, (max-width: 283px) 100vw, 283px\" \/><\/figure>\n\n\n\n<p>Das Seil ist aus einer Kunststofffaser 0,5 mm Stark und hat eine L\u00e4nge von 8 mtr.. Wirbel, Sch\u00e4kel &amp; Haken sind pulverbeschichtet.<\/p>\n\n\n\n<p>Der Satz enth\u00e4lt:<\/p>\n\n\n\n<ul class=\"wp-block-list\">\n<li>1 x Seil Grau<\/li>\n\n\n\n<li>1 x Wirbel<\/li>\n\n\n\n<li>1 x Sch\u00e4kel<\/li>\n\n\n\n<li>1 x Anschlaghaken<\/li>\n\n\n\n<li>1 x Schraube M1,2 x 8 mit Mutter<\/li>\n\n\n\n<li>1 x Schraube M1,6 x 6 mit Mutter<\/li>\n<\/ul>\n\n\n\n<p>Art. Nr. Bestelltext:<\/p>\n\n\n\n<ul class=\"wp-block-list\">\n<li><span class=\"has-inline-color has-vivid-red-color\">050203<\/span> TMV Seil &amp; Haken Schwarz<\/li>\n\n\n\n<li><span class=\"has-inline-color has-vivid-red-color\">050204<\/span> TMV Seil &amp; Haken Rot<\/li>\n\n\n\n<li><span class=\"has-inline-color has-vivid-red-color\">050205<\/span> TMV Seil &amp; Haken Gelb<\/li>\n\n\n\n<li><span class=\"has-inline-color has-vivid-red-color\">050206<\/span> TMV Seil &amp; Haken Blau<\/li>\n\n\n\n<li><span style=\"color:#a30003\" class=\"has-inline-color\">050207<\/span> TMV Seil &amp; Haken Oliv<\/li>\n\n\n\n<li><span class=\"has-inline-color has-vivid-red-color\">050208<\/span> TMV Seil &amp; Haken Sonderfarbe wenn verf\u00fcgbar<\/li>\n<\/ul>\n\n\n\n<h3 class=\"wp-block-heading\"><em><strong><span style=\"color:#a30008\" class=\"has-inline-color\">Ausgezeichnet!<\/span><\/strong><\/em><\/h3>\n\n\n\n<p>Jedes Jahr w\u00e4hlen die Leser der Fachzeitschrift \u201eTruckModell\u201c ihre Favoriten bei den Modellen, Zubeh\u00f6r und ab 2018 neu das Detaillierungszubeh\u00f6r. Bei der Wahl im Bereich Detaillierungszubeh\u00f6r 2021b wurde unser &#8222;Seil &amp; Haken f\u00fcr Tow-Truck-Winde&#8220; auf den 1. Platz gew\u00e4hlt !<\/p>\n\n\n\n<figure class=\"wp-block-image size-large\"><a href=\"http:\/\/toensfeldt-modellbau.de\/wp-content\/uploads\/2021\/08\/TMV-1.jpg\"><img loading=\"lazy\" decoding=\"async\" width=\"283\" height=\"370\" src=\"http:\/\/toensfeldt-modellbau.de\/wp-content\/uploads\/2021\/08\/TMV-1.jpg\" alt=\"\" class=\"wp-image-4876\" srcset=\"https:\/\/toensfeldt-modellbau.de\/wp-content\/uploads\/2021\/08\/TMV-1.jpg 283w, https:\/\/toensfeldt-modellbau.de\/wp-content\/uploads\/2021\/08\/TMV-1-229x300.jpg 229w\" sizes=\"auto, (max-width: 283px) 100vw, 283px\" \/><\/a><\/figure>\n\n\n\n<p>Herstellerdaten gem\u00e4s GPSR<\/p>\n\n\n\n<p>Olaf T\u00f6nsfeldt<br>T\u00f6nsfeldt Modellbau Vertrieb<br>Nobiskr\u00fcger Allee 20<br>24768 Rendsburg<\/p>\n\n\n\n<p><strong>Deutschland<\/strong><br>Tel.: 0049 (0 ) 43 31\/ 51 95<br>E-Mail an: tmv@toensfeldt-modellbau.de<\/p>\n\n\n\n<p><span class=\"has-inline-color has-vivid-cyan-blue-color\">Die namentliche Nennung von Herstellern und Produkten erfolgt nur zum Zweck der eindeutigen Bezeichnung der Artikel der einzelnen Hersteller. Einige der auf dieser Internetseite genannten Produktnamen sind eingetragene Warenzeichen bzw. unterliegen dem Copyright der jeweiligen Eigent\u00fcmer.<\/span><\/p>\n","protected":false},"excerpt":{"rendered":"<p>TMV Winde f\u00fcr den VOLVO FH 16 TOW TRUCK ! Seite ansehen Die TMV Windentrommel aus Alu f\u00fcr den VOLVO FH 16 TOW TRUCK wird einfach gegen die Kunststoff Windentrommel von TAMIYA ausgetauscht. Die Seitenscheiben sind aus Alu gelasert die &hellip; <a href=\"https:\/\/toensfeldt-modellbau.de\/?page_id=4191\">Weiterlesen <span class=\"meta-nav\">&rarr;<\/span><\/a><\/p>\n","protected":false},"author":2,"featured_media":0,"parent":0,"menu_order":0,"comment_status":"closed","ping_status":"closed","template":"","meta":{"footnotes":""},"class_list":["post-4191","page","type-page","status-publish","hentry"],"_links":{"self":[{"href":"https:\/\/toensfeldt-modellbau.de\/index.php?rest_route=\/wp\/v2\/pages\/4191","targetHints":{"allow":["GET"]}}],"collection":[{"href":"https:\/\/toensfeldt-modellbau.de\/index.php?rest_route=\/wp\/v2\/pages"}],"about":[{"href":"https:\/\/toensfeldt-modellbau.de\/index.php?rest_route=\/wp\/v2\/types\/page"}],"author":[{"embeddable":true,"href":"https:\/\/toensfeldt-modellbau.de\/index.php?rest_route=\/wp\/v2\/users\/2"}],"replies":[{"embeddable":true,"href":"https:\/\/toensfeldt-modellbau.de\/index.php?rest_route=%2Fwp%2Fv2%2Fcomments&post=4191"}],"version-history":[{"count":18,"href":"https:\/\/toensfeldt-modellbau.de\/index.php?rest_route=\/wp\/v2\/pages\/4191\/revisions"}],"predecessor-version":[{"id":7513,"href":"https:\/\/toensfeldt-modellbau.de\/index.php?rest_route=\/wp\/v2\/pages\/4191\/revisions\/7513"}],"wp:attachment":[{"href":"https:\/\/toensfeldt-modellbau.de\/index.php?rest_route=%2Fwp%2Fv2%2Fmedia&parent=4191"}],"curies":[{"name":"wp","href":"https:\/\/api.w.org\/{rel}","templated":true}]}}