{"id":4375,"date":"2021-01-09T18:29:34","date_gmt":"2021-01-09T16:29:34","guid":{"rendered":"http:\/\/toensfeldt-modellbau.de\/?page_id=4375"},"modified":"2025-03-08T13:45:23","modified_gmt":"2025-03-08T11:45:23","slug":"abzieher","status":"publish","type":"page","link":"https:\/\/toensfeldt-modellbau.de\/?page_id=4375","title":{"rendered":"Abzieher"},"content":{"rendered":"\n<figure class=\"wp-block-image size-large\"><a href=\"http:\/\/toensfeldt-modellbau.de\/wp-content\/uploads\/2021\/01\/Abzieher-mit-Fiegur-Intt.jpg\"><img loading=\"lazy\" decoding=\"async\" width=\"567\" height=\"372\" src=\"http:\/\/toensfeldt-modellbau.de\/wp-content\/uploads\/2021\/01\/Abzieher-mit-Fiegur-Intt.jpg\" alt=\"\" class=\"wp-image-4378\" srcset=\"https:\/\/toensfeldt-modellbau.de\/wp-content\/uploads\/2021\/01\/Abzieher-mit-Fiegur-Intt.jpg 567w, https:\/\/toensfeldt-modellbau.de\/wp-content\/uploads\/2021\/01\/Abzieher-mit-Fiegur-Intt-300x197.jpg 300w\" sizes=\"auto, (max-width: 567px) 100vw, 567px\" \/><\/a><\/figure>\n\n\n\n<p>Gummiabzieher aus dem 3D Drucker mit Gummilippe und Holzstiel.<\/p>\n\n\n\n<figure class=\"wp-block-image size-large\"><a href=\"http:\/\/toensfeldt-modellbau.de\/wp-content\/uploads\/2021\/01\/Abzieher.jpg\"><img loading=\"lazy\" decoding=\"async\" width=\"183\" height=\"425\" src=\"http:\/\/toensfeldt-modellbau.de\/wp-content\/uploads\/2021\/01\/Abzieher.jpg\" alt=\"\" class=\"wp-image-4379\" srcset=\"https:\/\/toensfeldt-modellbau.de\/wp-content\/uploads\/2021\/01\/Abzieher.jpg 183w, https:\/\/toensfeldt-modellbau.de\/wp-content\/uploads\/2021\/01\/Abzieher-129x300.jpg 129w\" sizes=\"auto, (max-width: 183px) 100vw, 183px\" \/><\/a><\/figure>\n\n\n\n<p>Technische Daten:<\/p>\n\n\n\n<ul class=\"wp-block-list\">\n<li>Breite: ca. 38,5 mm<\/li>\n\n\n\n<li>H\u00f6he: ca. 5 mm<\/li>\n\n\n\n<li>Tiefe: ca. 3 mm<\/li>\n<\/ul>\n\n\n\n<p>Art. Nr. Bestelltext:<\/p>\n\n\n\n<p><span class=\"has-inline-color has-vivid-red-color\">040135<\/span> Abzieher<\/p>\n\n\n\n<p>Herstellerdaten gem\u00e4s GPSR<\/p>\n\n\n\n<p>Olaf T\u00f6nsfeldt<br>T\u00f6nsfeldt Modellbau Vertrieb<br>Nobiskr\u00fcger Allee 20<br>24768 Rendsburg<\/p>\n\n\n\n<p><strong>Deutschland<\/strong><br>Tel.: 0049 (0 ) 43 31\/ 51 95<br>E-Mail an: <a href=\"mailto:tmv@toensfeldt-modellbau.de\">tmv@toensfeldt-modellbau.de<\/a><\/p>\n","protected":false},"excerpt":{"rendered":"<p>Gummiabzieher aus dem 3D Drucker mit Gummilippe und Holzstiel. Technische Daten: Art. Nr. Bestelltext: 040135 Abzieher Herstellerdaten gem\u00e4s GPSR Olaf T\u00f6nsfeldtT\u00f6nsfeldt Modellbau VertriebNobiskr\u00fcger Allee 2024768 Rendsburg DeutschlandTel.: 0049 (0 ) 43 31\/ 51 95E-Mail an: tmv@toensfeldt-modellbau.de<\/p>\n","protected":false},"author":2,"featured_media":0,"parent":0,"menu_order":0,"comment_status":"closed","ping_status":"closed","template":"","meta":{"footnotes":""},"class_list":["post-4375","page","type-page","status-publish","hentry"],"_links":{"self":[{"href":"https:\/\/toensfeldt-modellbau.de\/index.php?rest_route=\/wp\/v2\/pages\/4375","targetHints":{"allow":["GET"]}}],"collection":[{"href":"https:\/\/toensfeldt-modellbau.de\/index.php?rest_route=\/wp\/v2\/pages"}],"about":[{"href":"https:\/\/toensfeldt-modellbau.de\/index.php?rest_route=\/wp\/v2\/types\/page"}],"author":[{"embeddable":true,"href":"https:\/\/toensfeldt-modellbau.de\/index.php?rest_route=\/wp\/v2\/users\/2"}],"replies":[{"embeddable":true,"href":"https:\/\/toensfeldt-modellbau.de\/index.php?rest_route=%2Fwp%2Fv2%2Fcomments&post=4375"}],"version-history":[{"count":5,"href":"https:\/\/toensfeldt-modellbau.de\/index.php?rest_route=\/wp\/v2\/pages\/4375\/revisions"}],"predecessor-version":[{"id":7675,"href":"https:\/\/toensfeldt-modellbau.de\/index.php?rest_route=\/wp\/v2\/pages\/4375\/revisions\/7675"}],"wp:attachment":[{"href":"https:\/\/toensfeldt-modellbau.de\/index.php?rest_route=%2Fwp%2Fv2%2Fmedia&parent=4375"}],"curies":[{"name":"wp","href":"https:\/\/api.w.org\/{rel}","templated":true}]}}