{"id":4766,"date":"2021-07-14T11:51:22","date_gmt":"2021-07-14T09:51:22","guid":{"rendered":"http:\/\/toensfeldt-modellbau.de\/?page_id=4766"},"modified":"2025-03-02T14:38:40","modified_gmt":"2025-03-02T12:38:40","slug":"tmv-aufbauten","status":"publish","type":"page","link":"https:\/\/toensfeldt-modellbau.de\/?page_id=4766","title":{"rendered":"TMV GS Aufbauten 1:14"},"content":{"rendered":"\n<figure class=\"wp-block-image size-large\"><a href=\"http:\/\/toensfeldt-modellbau.de\/wp-content\/uploads\/2021\/07\/2-GA-2.jpg\"><img loading=\"lazy\" decoding=\"async\" width=\"567\" height=\"325\" src=\"http:\/\/toensfeldt-modellbau.de\/wp-content\/uploads\/2021\/07\/2-GA-2.jpg\" alt=\"\" class=\"wp-image-4779\" srcset=\"https:\/\/toensfeldt-modellbau.de\/wp-content\/uploads\/2021\/07\/2-GA-2.jpg 567w, https:\/\/toensfeldt-modellbau.de\/wp-content\/uploads\/2021\/07\/2-GA-2-300x172.jpg 300w\" sizes=\"auto, (max-width: 567px) 100vw, 567px\" \/><\/a><\/figure>\n\n\n\n<figure class=\"wp-block-image size-large\"><a href=\"http:\/\/toensfeldt-modellbau.de\/wp-content\/uploads\/2021\/07\/2-GA-1.jpg\"><img loading=\"lazy\" decoding=\"async\" width=\"425\" height=\"260\" src=\"http:\/\/toensfeldt-modellbau.de\/wp-content\/uploads\/2021\/07\/2-GA-1.jpg\" alt=\"\" class=\"wp-image-4778\" srcset=\"https:\/\/toensfeldt-modellbau.de\/wp-content\/uploads\/2021\/07\/2-GA-1.jpg 425w, https:\/\/toensfeldt-modellbau.de\/wp-content\/uploads\/2021\/07\/2-GA-1-300x184.jpg 300w\" sizes=\"auto, (max-width: 425px) 100vw, 425px\" \/><\/a><\/figure>\n\n\n\n<p><strong><em><span style=\"color:#a30008\" class=\"has-inline-color\">Cargoaufbau Version 1<\/span><\/em><\/strong><\/p>\n\n\n\n<p>Polystyrol gefr\u00e4ster Bausatz f\u00fcr den Cargaufbau Version 1.<\/p>\n\n\n\n<figure class=\"wp-block-image size-large\"><a href=\"http:\/\/toensfeldt-modellbau.de\/wp-content\/uploads\/2021\/07\/Carqoaufbau.jpg\"><img loading=\"lazy\" decoding=\"async\" width=\"425\" height=\"175\" src=\"http:\/\/toensfeldt-modellbau.de\/wp-content\/uploads\/2021\/07\/Carqoaufbau.jpg\" alt=\"\" class=\"wp-image-4795\" srcset=\"https:\/\/toensfeldt-modellbau.de\/wp-content\/uploads\/2021\/07\/Carqoaufbau.jpg 425w, https:\/\/toensfeldt-modellbau.de\/wp-content\/uploads\/2021\/07\/Carqoaufbau-300x124.jpg 300w\" sizes=\"auto, (max-width: 425px) 100vw, 425px\" \/><\/a><\/figure>\n\n\n\n<figure class=\"wp-block-image size-large\"><a href=\"http:\/\/toensfeldt-modellbau.de\/wp-content\/uploads\/2021\/07\/GA-Version-3-Rechte-S-Ladungjpg.jpg\"><img loading=\"lazy\" decoding=\"async\" width=\"425\" height=\"250\" src=\"http:\/\/toensfeldt-modellbau.de\/wp-content\/uploads\/2021\/07\/GA-Version-3-Rechte-S-Ladungjpg.jpg\" alt=\"\" class=\"wp-image-4800\" srcset=\"https:\/\/toensfeldt-modellbau.de\/wp-content\/uploads\/2021\/07\/GA-Version-3-Rechte-S-Ladungjpg.jpg 425w, https:\/\/toensfeldt-modellbau.de\/wp-content\/uploads\/2021\/07\/GA-Version-3-Rechte-S-Ladungjpg-300x176.jpg 300w\" sizes=\"auto, (max-width: 425px) 100vw, 425px\" \/><\/a><\/figure>\n\n\n\n<figure class=\"wp-block-image size-large\"><a href=\"http:\/\/toensfeldt-modellbau.de\/wp-content\/uploads\/2021\/07\/GA-Version-3-Hinten.jpg\"><img loading=\"lazy\" decoding=\"async\" width=\"425\" height=\"364\" src=\"http:\/\/toensfeldt-modellbau.de\/wp-content\/uploads\/2021\/07\/GA-Version-3-Hinten.jpg\" alt=\"\" class=\"wp-image-4798\" srcset=\"https:\/\/toensfeldt-modellbau.de\/wp-content\/uploads\/2021\/07\/GA-Version-3-Hinten.jpg 425w, https:\/\/toensfeldt-modellbau.de\/wp-content\/uploads\/2021\/07\/GA-Version-3-Hinten-300x257.jpg 300w\" sizes=\"auto, (max-width: 425px) 100vw, 425px\" \/><\/a><\/figure>\n\n\n\n<p><strong><em><span style=\"color:#a30011\" class=\"has-inline-color\">Gitteraufbau Version 2<\/span><\/em><\/strong><\/p>\n\n\n\n<p>Polystyrol gefr\u00e4ster Bausatz f\u00fcr den Gitteraufbau Version 2.<\/p>\n\n\n\n<figure class=\"wp-block-image size-large\"><a href=\"http:\/\/toensfeldt-modellbau.de\/wp-content\/uploads\/2021\/07\/Gitteraufbau.jpg\"><img loading=\"lazy\" decoding=\"async\" width=\"425\" height=\"105\" src=\"http:\/\/toensfeldt-modellbau.de\/wp-content\/uploads\/2021\/07\/Gitteraufbau.jpg\" alt=\"\" class=\"wp-image-4796\" srcset=\"https:\/\/toensfeldt-modellbau.de\/wp-content\/uploads\/2021\/07\/Gitteraufbau.jpg 425w, https:\/\/toensfeldt-modellbau.de\/wp-content\/uploads\/2021\/07\/Gitteraufbau-300x74.jpg 300w\" sizes=\"auto, (max-width: 425px) 100vw, 425px\" \/><\/a><\/figure>\n\n\n\n<figure class=\"wp-block-image size-large\"><a href=\"http:\/\/toensfeldt-modellbau.de\/wp-content\/uploads\/2021\/07\/GA-Version-2-Linke-S.jpg\"><img loading=\"lazy\" decoding=\"async\" width=\"425\" height=\"252\" src=\"http:\/\/toensfeldt-modellbau.de\/wp-content\/uploads\/2021\/07\/GA-Version-2-Linke-S.jpg\" alt=\"\" class=\"wp-image-4802\" srcset=\"https:\/\/toensfeldt-modellbau.de\/wp-content\/uploads\/2021\/07\/GA-Version-2-Linke-S.jpg 425w, https:\/\/toensfeldt-modellbau.de\/wp-content\/uploads\/2021\/07\/GA-Version-2-Linke-S-300x178.jpg 300w\" sizes=\"auto, (max-width: 425px) 100vw, 425px\" \/><\/a><\/figure>\n\n\n\n<figure class=\"wp-block-image size-large\"><a href=\"http:\/\/toensfeldt-modellbau.de\/wp-content\/uploads\/2021\/07\/GA-Version-2-Hinten.jpg\"><img loading=\"lazy\" decoding=\"async\" width=\"425\" height=\"500\" src=\"http:\/\/toensfeldt-modellbau.de\/wp-content\/uploads\/2021\/07\/GA-Version-2-Hinten.jpg\" alt=\"\" class=\"wp-image-4801\" srcset=\"https:\/\/toensfeldt-modellbau.de\/wp-content\/uploads\/2021\/07\/GA-Version-2-Hinten.jpg 425w, https:\/\/toensfeldt-modellbau.de\/wp-content\/uploads\/2021\/07\/GA-Version-2-Hinten-255x300.jpg 255w\" sizes=\"auto, (max-width: 425px) 100vw, 425px\" \/><\/a><\/figure>\n\n\n\n<p>Art. Nr. Bestelltext:<\/p>\n\n\n\n<ul class=\"wp-block-list\">\n<li><span style=\"color:#a30008\" class=\"has-inline-color\">020501<\/span> TMV Gabelstapler Anh\u00e4nger Aufbau V1<\/li>\n\n\n\n<li><span style=\"color:#a30004\" class=\"has-inline-color\">020502<\/span> TMV Gabelstapler Anh\u00e4nger Aufbau V2<\/li>\n<\/ul>\n\n\n\n<p>Herstellerdaten gem\u00e4s GPSR<\/p>\n\n\n\n<p>Olaf T\u00f6nsfeldt<br>T\u00f6nsfeldt Modellbau Vertrieb<br>Nobiskr\u00fcger Allee 20<br>24768 Rendsburg<\/p>\n\n\n\n<p><strong>Deutschland<\/strong><br>Tel.: 0049 (0 ) 43 31\/ 51 95<br>E-Mail an: <a href=\"mailto:tmv@toensfeldt-modellbau.de\">tmv@toensfeldt-modellbau.de<\/a><\/p>\n","protected":false},"excerpt":{"rendered":"<p>Cargoaufbau Version 1 Polystyrol gefr\u00e4ster Bausatz f\u00fcr den Cargaufbau Version 1. Gitteraufbau Version 2 Polystyrol gefr\u00e4ster Bausatz f\u00fcr den Gitteraufbau Version 2. Art. Nr. Bestelltext: Herstellerdaten gem\u00e4s GPSR Olaf T\u00f6nsfeldtT\u00f6nsfeldt Modellbau VertriebNobiskr\u00fcger Allee 2024768 Rendsburg DeutschlandTel.: 0049 (0 ) 43 &hellip; <a href=\"https:\/\/toensfeldt-modellbau.de\/?page_id=4766\">Weiterlesen <span class=\"meta-nav\">&rarr;<\/span><\/a><\/p>\n","protected":false},"author":2,"featured_media":0,"parent":0,"menu_order":0,"comment_status":"closed","ping_status":"closed","template":"","meta":{"footnotes":""},"class_list":["post-4766","page","type-page","status-publish","hentry"],"_links":{"self":[{"href":"https:\/\/toensfeldt-modellbau.de\/index.php?rest_route=\/wp\/v2\/pages\/4766","targetHints":{"allow":["GET"]}}],"collection":[{"href":"https:\/\/toensfeldt-modellbau.de\/index.php?rest_route=\/wp\/v2\/pages"}],"about":[{"href":"https:\/\/toensfeldt-modellbau.de\/index.php?rest_route=\/wp\/v2\/types\/page"}],"author":[{"embeddable":true,"href":"https:\/\/toensfeldt-modellbau.de\/index.php?rest_route=\/wp\/v2\/users\/2"}],"replies":[{"embeddable":true,"href":"https:\/\/toensfeldt-modellbau.de\/index.php?rest_route=%2Fwp%2Fv2%2Fcomments&post=4766"}],"version-history":[{"count":8,"href":"https:\/\/toensfeldt-modellbau.de\/index.php?rest_route=\/wp\/v2\/pages\/4766\/revisions"}],"predecessor-version":[{"id":7570,"href":"https:\/\/toensfeldt-modellbau.de\/index.php?rest_route=\/wp\/v2\/pages\/4766\/revisions\/7570"}],"wp:attachment":[{"href":"https:\/\/toensfeldt-modellbau.de\/index.php?rest_route=%2Fwp%2Fv2%2Fmedia&parent=4766"}],"curies":[{"name":"wp","href":"https:\/\/api.w.org\/{rel}","templated":true}]}}