{"id":5327,"date":"2021-09-10T17:46:21","date_gmt":"2021-09-10T15:46:21","guid":{"rendered":"http:\/\/toensfeldt-modellbau.de\/?page_id=5327"},"modified":"2025-03-02T14:51:17","modified_gmt":"2025-03-02T12:51:17","slug":"gs-carson","status":"publish","type":"page","link":"https:\/\/toensfeldt-modellbau.de\/?page_id=5327","title":{"rendered":"GS Carson"},"content":{"rendered":"\n<p><strong><em><span style=\"color:#a30022\" class=\"has-inline-color\">TMV Zinken aus dem 3D Drucker f\u00fcr Carson RTR Gabelstapler<\/span><\/em><\/strong><\/p>\n\n\n\n<figure class=\"wp-block-image size-large\"><a href=\"http:\/\/toensfeldt-modellbau.de\/wp-content\/uploads\/2021\/09\/GS-Carson-3-Zinken.jpg\"><img loading=\"lazy\" decoding=\"async\" width=\"567\" height=\"623\" src=\"http:\/\/toensfeldt-modellbau.de\/wp-content\/uploads\/2021\/09\/GS-Carson-3-Zinken.jpg\" alt=\"\" class=\"wp-image-5331\" srcset=\"https:\/\/toensfeldt-modellbau.de\/wp-content\/uploads\/2021\/09\/GS-Carson-3-Zinken.jpg 567w, https:\/\/toensfeldt-modellbau.de\/wp-content\/uploads\/2021\/09\/GS-Carson-3-Zinken-273x300.jpg 273w\" sizes=\"auto, (max-width: 567px) 100vw, 567px\" \/><\/a><\/figure>\n\n\n\n<figure class=\"wp-block-image size-large\"><a href=\"http:\/\/toensfeldt-modellbau.de\/wp-content\/uploads\/2021\/09\/GS-Carson-TMV-Zinke.jpg\"><img loading=\"lazy\" decoding=\"async\" width=\"567\" height=\"406\" src=\"http:\/\/toensfeldt-modellbau.de\/wp-content\/uploads\/2021\/09\/GS-Carson-TMV-Zinke.jpg\" alt=\"\" class=\"wp-image-5335\" srcset=\"https:\/\/toensfeldt-modellbau.de\/wp-content\/uploads\/2021\/09\/GS-Carson-TMV-Zinke.jpg 567w, https:\/\/toensfeldt-modellbau.de\/wp-content\/uploads\/2021\/09\/GS-Carson-TMV-Zinke-300x215.jpg 300w\" sizes=\"auto, (max-width: 567px) 100vw, 567px\" \/><\/a><\/figure>\n\n\n\n<figure class=\"wp-block-image size-large\"><a href=\"http:\/\/toensfeldt-modellbau.de\/wp-content\/uploads\/2021\/09\/GS-Carson-Kurze-Zinken.jpg\"><img loading=\"lazy\" decoding=\"async\" width=\"425\" height=\"294\" src=\"http:\/\/toensfeldt-modellbau.de\/wp-content\/uploads\/2021\/09\/GS-Carson-Kurze-Zinken.jpg\" alt=\"\" class=\"wp-image-5332\" srcset=\"https:\/\/toensfeldt-modellbau.de\/wp-content\/uploads\/2021\/09\/GS-Carson-Kurze-Zinken.jpg 425w, https:\/\/toensfeldt-modellbau.de\/wp-content\/uploads\/2021\/09\/GS-Carson-Kurze-Zinken-300x208.jpg 300w\" sizes=\"auto, (max-width: 425px) 100vw, 425px\" \/><\/a><figcaption class=\"wp-element-caption\">TMV Kurze Zinke<\/figcaption><\/figure>\n\n\n\n<figure class=\"wp-block-image size-large\"><a href=\"http:\/\/toensfeldt-modellbau.de\/wp-content\/uploads\/2021\/09\/GS-Carson-Mittel-Zinken.jpg\"><img loading=\"lazy\" decoding=\"async\" width=\"425\" height=\"289\" src=\"http:\/\/toensfeldt-modellbau.de\/wp-content\/uploads\/2021\/09\/GS-Carson-Mittel-Zinken.jpg\" alt=\"\" class=\"wp-image-5334\" srcset=\"https:\/\/toensfeldt-modellbau.de\/wp-content\/uploads\/2021\/09\/GS-Carson-Mittel-Zinken.jpg 425w, https:\/\/toensfeldt-modellbau.de\/wp-content\/uploads\/2021\/09\/GS-Carson-Mittel-Zinken-300x204.jpg 300w\" sizes=\"auto, (max-width: 425px) 100vw, 425px\" \/><\/a><figcaption class=\"wp-element-caption\">TMV Mittel Zinke<\/figcaption><\/figure>\n\n\n\n<figure class=\"wp-block-image size-large\"><a href=\"http:\/\/toensfeldt-modellbau.de\/wp-content\/uploads\/2021\/09\/GS-Carson-Lange-Zinken.jpg\"><img loading=\"lazy\" decoding=\"async\" width=\"425\" height=\"287\" src=\"http:\/\/toensfeldt-modellbau.de\/wp-content\/uploads\/2021\/09\/GS-Carson-Lange-Zinken.jpg\" alt=\"\" class=\"wp-image-5333\" srcset=\"https:\/\/toensfeldt-modellbau.de\/wp-content\/uploads\/2021\/09\/GS-Carson-Lange-Zinken.jpg 425w, https:\/\/toensfeldt-modellbau.de\/wp-content\/uploads\/2021\/09\/GS-Carson-Lange-Zinken-300x203.jpg 300w\" sizes=\"auto, (max-width: 425px) 100vw, 425px\" \/><\/a><figcaption class=\"wp-element-caption\">TMV Lange Zinke<\/figcaption><\/figure>\n\n\n\n<p>Es k\u00f6nnen die TMV Zinken f\u00fcr den Carson RTR genommen werden. Die Zinken werden mit M2 Madenschrauben gesichert.<\/p>\n\n\n\n<p>Art. Nr. Text:<\/p>\n\n\n\n<ul class=\"wp-block-list\">\n<li><span style=\"color:#a30003\" class=\"has-inline-color\">020550<\/span> TMV GS Zinken Alumide Kurz Schwarz<\/li>\n\n\n\n<li><span style=\"color:#a30008\" class=\"has-inline-color\">020551<\/span> TMV GS Zinken Alumide Mittel Schwarz<\/li>\n\n\n\n<li><span style=\"color:#a30003\" class=\"has-inline-color\">020552<\/span> TMV GS Zinken Alumide Lang Schwarz<\/li>\n<\/ul>\n\n\n\n<p><strong><em><span style=\"color:#a30003\" class=\"has-inline-color\">Schutzgitter<\/span><\/em><\/strong><\/p>\n\n\n\n<figure class=\"wp-block-image size-large\"><a href=\"http:\/\/toensfeldt-modellbau.de\/wp-content\/uploads\/2021\/09\/Carson-GS-mit-schutzgitter.jpg\"><img loading=\"lazy\" decoding=\"async\" width=\"425\" height=\"291\" src=\"http:\/\/toensfeldt-modellbau.de\/wp-content\/uploads\/2021\/09\/Carson-GS-mit-schutzgitter.jpg\" alt=\"\" class=\"wp-image-5392\" srcset=\"https:\/\/toensfeldt-modellbau.de\/wp-content\/uploads\/2021\/09\/Carson-GS-mit-schutzgitter.jpg 425w, https:\/\/toensfeldt-modellbau.de\/wp-content\/uploads\/2021\/09\/Carson-GS-mit-schutzgitter-300x205.jpg 300w\" sizes=\"auto, (max-width: 425px) 100vw, 425px\" \/><\/a><\/figure>\n\n\n\n<p>Technische Daten Schutzgitter:<\/p>\n\n\n\n<ul class=\"wp-block-list\">\n<li>Breite: 109 mm<\/li>\n\n\n\n<li>H\u00f6he: 86 mm<\/li>\n\n\n\n<li>Tiefe: 8 mm<\/li>\n<\/ul>\n\n\n\n<p><strong><em><span style=\"color:#a30003\" class=\"has-inline-color\">Schutzgitter Aufsatz<\/span><\/em><\/strong><\/p>\n\n\n\n<figure class=\"wp-block-image size-large\"><a href=\"http:\/\/toensfeldt-modellbau.de\/wp-content\/uploads\/2021\/09\/Carson-GS-mit-schutzgitter-Aufsatz.jpg\"><img loading=\"lazy\" decoding=\"async\" width=\"425\" height=\"500\" src=\"http:\/\/toensfeldt-modellbau.de\/wp-content\/uploads\/2021\/09\/Carson-GS-mit-schutzgitter-Aufsatz.jpg\" alt=\"\" class=\"wp-image-5391\" srcset=\"https:\/\/toensfeldt-modellbau.de\/wp-content\/uploads\/2021\/09\/Carson-GS-mit-schutzgitter-Aufsatz.jpg 425w, https:\/\/toensfeldt-modellbau.de\/wp-content\/uploads\/2021\/09\/Carson-GS-mit-schutzgitter-Aufsatz-255x300.jpg 255w\" sizes=\"auto, (max-width: 425px) 100vw, 425px\" \/><\/a><\/figure>\n\n\n\n<p>Technische Daten Schutzgitter:<\/p>\n\n\n\n<ul class=\"wp-block-list\">\n<li>Breite: 109 mm<\/li>\n\n\n\n<li>H\u00f6he: 45 mm<\/li>\n\n\n\n<li>Tiefe: 8 mm<\/li>\n<\/ul>\n\n\n\n<p>Art. Nr. Bestell Text:<\/p>\n\n\n\n<ul class=\"wp-block-list\">\n<li><span style=\"color:#a30003\" class=\"has-inline-color\">020555<\/span> TMV Schutzgitter thicon\/Lesu<\/li>\n\n\n\n<li><span style=\"color:#a30003\" class=\"has-inline-color\">020556<\/span> TMV Schutzgitter Aufsatz thicon\/Lesu<\/li>\n<\/ul>\n\n\n\n<p>Herstellerdaten gem\u00e4s GPSR<\/p>\n\n\n\n<p>Olaf T\u00f6nsfeldt<br>T\u00f6nsfeldt Modellbau Vertrieb<br>Nobiskr\u00fcger Allee 20<br>24768 Rendsburg<\/p>\n\n\n\n<p><strong>Deutschland<\/strong><br>Tel.: 0049 (0 ) 43 31\/ 51 95<br>E-Mail an: <a href=\"mailto:tmv@toensfeldt-modellbau.de\">tmv@toensfeldt-modellbau.de<\/a><\/p>\n\n\n\n<p><span class=\"has-inline-color has-blue-color\">Die namentliche Nennung von Herstellern und Produkten erfolgt nur zum Zweck der eindeutigen Bezeichnung der Artikel der einzelnen Hersteller. Einige der auf dieser Internetseite genannten Produktnamen sind eingetragene Warenzeichen bzw. unterliegen dem Copyright der jeweiligen Eigent\u00fcmer.<\/span><\/p>\n","protected":false},"excerpt":{"rendered":"<p>TMV Zinken aus dem 3D Drucker f\u00fcr Carson RTR Gabelstapler Es k\u00f6nnen die TMV Zinken f\u00fcr den Carson RTR genommen werden. Die Zinken werden mit M2 Madenschrauben gesichert. Art. Nr. Text: Schutzgitter Technische Daten Schutzgitter: Schutzgitter Aufsatz Technische Daten Schutzgitter: &hellip; <a href=\"https:\/\/toensfeldt-modellbau.de\/?page_id=5327\">Weiterlesen <span class=\"meta-nav\">&rarr;<\/span><\/a><\/p>\n","protected":false},"author":2,"featured_media":0,"parent":0,"menu_order":0,"comment_status":"closed","ping_status":"closed","template":"","meta":{"footnotes":""},"class_list":["post-5327","page","type-page","status-publish","hentry"],"_links":{"self":[{"href":"https:\/\/toensfeldt-modellbau.de\/index.php?rest_route=\/wp\/v2\/pages\/5327","targetHints":{"allow":["GET"]}}],"collection":[{"href":"https:\/\/toensfeldt-modellbau.de\/index.php?rest_route=\/wp\/v2\/pages"}],"about":[{"href":"https:\/\/toensfeldt-modellbau.de\/index.php?rest_route=\/wp\/v2\/types\/page"}],"author":[{"embeddable":true,"href":"https:\/\/toensfeldt-modellbau.de\/index.php?rest_route=\/wp\/v2\/users\/2"}],"replies":[{"embeddable":true,"href":"https:\/\/toensfeldt-modellbau.de\/index.php?rest_route=%2Fwp%2Fv2%2Fcomments&post=5327"}],"version-history":[{"count":11,"href":"https:\/\/toensfeldt-modellbau.de\/index.php?rest_route=\/wp\/v2\/pages\/5327\/revisions"}],"predecessor-version":[{"id":7590,"href":"https:\/\/toensfeldt-modellbau.de\/index.php?rest_route=\/wp\/v2\/pages\/5327\/revisions\/7590"}],"wp:attachment":[{"href":"https:\/\/toensfeldt-modellbau.de\/index.php?rest_route=%2Fwp%2Fv2%2Fmedia&parent=5327"}],"curies":[{"name":"wp","href":"https:\/\/api.w.org\/{rel}","templated":true}]}}