{"id":5409,"date":"2021-09-19T11:19:01","date_gmt":"2021-09-19T09:19:01","guid":{"rendered":"http:\/\/toensfeldt-modellbau.de\/?page_id=5409"},"modified":"2025-03-02T14:39:56","modified_gmt":"2025-03-02T12:39:56","slug":"tmv-zinke-kurz","status":"publish","type":"page","link":"https:\/\/toensfeldt-modellbau.de\/?page_id=5409","title":{"rendered":"TMV Zinke Kurz"},"content":{"rendered":"\n<p><strong><em><span style=\"color:#a30003\" class=\"has-inline-color\">TMV Gabelstapler Zinken kurz<\/span><\/em><\/strong><\/p>\n\n\n\n<figure class=\"wp-block-image size-large\"><a href=\"http:\/\/toensfeldt-modellbau.de\/wp-content\/uploads\/2021\/09\/Kurze-Gabel.jpg\"><img loading=\"lazy\" decoding=\"async\" width=\"425\" height=\"303\" src=\"http:\/\/toensfeldt-modellbau.de\/wp-content\/uploads\/2021\/09\/Kurze-Gabel.jpg\" alt=\"\" class=\"wp-image-5305\" srcset=\"https:\/\/toensfeldt-modellbau.de\/wp-content\/uploads\/2021\/09\/Kurze-Gabel.jpg 425w, https:\/\/toensfeldt-modellbau.de\/wp-content\/uploads\/2021\/09\/Kurze-Gabel-300x214.jpg 300w\" sizes=\"auto, (max-width: 425px) 100vw, 425px\" \/><\/a><\/figure>\n\n\n\n<figure class=\"wp-block-image size-large\"><a href=\"http:\/\/toensfeldt-modellbau.de\/wp-content\/uploads\/2021\/08\/GS-Lesu-TMV-Zinke-kurz.jpg\"><img loading=\"lazy\" decoding=\"async\" width=\"567\" height=\"503\" src=\"http:\/\/toensfeldt-modellbau.de\/wp-content\/uploads\/2021\/08\/GS-Lesu-TMV-Zinke-kurz.jpg\" alt=\"\" class=\"wp-image-5054\" srcset=\"https:\/\/toensfeldt-modellbau.de\/wp-content\/uploads\/2021\/08\/GS-Lesu-TMV-Zinke-kurz.jpg 567w, https:\/\/toensfeldt-modellbau.de\/wp-content\/uploads\/2021\/08\/GS-Lesu-TMV-Zinke-kurz-300x266.jpg 300w\" sizes=\"auto, (max-width: 567px) 100vw, 567px\" \/><\/a><\/figure>\n\n\n\n<p>Kurze Gabelzinken f\u00fcr den thicon-Lesu Gabelstapler aus dem 3D-Drucker. Die TMV Gabelzinken sind aus Alumide und sehr flexibel, aber auch bruchsicher in der normalen Handhabung. Die TMV Gabelstaplerzinken sind schmaler, d\u00fcnner und etwas l\u00e4nger als die Orginalen von thicon\/Lesu. Die TMV Gabelstaplerzinken gibt es in Schwarz eingef\u00e4rbt. Achtung die Oberfl\u00e4che der TMV Gabelzinken ist rau und nicht glatt wie die Metallzinken ! Falls n\u00f6tig liefern wir noch 2 Madenschrauben zur Sicherung der TMV Gabelzinken mit.<\/p>\n\n\n\n<figure class=\"wp-block-image size-large\"><a href=\"http:\/\/toensfeldt-modellbau.de\/wp-content\/uploads\/2021\/08\/TMV-GS-Zinke-kurz2.jpg\"><img loading=\"lazy\" decoding=\"async\" width=\"425\" height=\"343\" src=\"http:\/\/toensfeldt-modellbau.de\/wp-content\/uploads\/2021\/08\/TMV-GS-Zinke-kurz2.jpg\" alt=\"\" class=\"wp-image-5058\" srcset=\"https:\/\/toensfeldt-modellbau.de\/wp-content\/uploads\/2021\/08\/TMV-GS-Zinke-kurz2.jpg 425w, https:\/\/toensfeldt-modellbau.de\/wp-content\/uploads\/2021\/08\/TMV-GS-Zinke-kurz2-300x242.jpg 300w\" sizes=\"auto, (max-width: 425px) 100vw, 425px\" \/><\/a><\/figure>\n\n\n\n<figure class=\"wp-block-image size-large\"><a href=\"http:\/\/toensfeldt-modellbau.de\/wp-content\/uploads\/2021\/08\/TMV-GS-Zinke-kurz1.jpg\"><img loading=\"lazy\" decoding=\"async\" width=\"425\" height=\"415\" src=\"http:\/\/toensfeldt-modellbau.de\/wp-content\/uploads\/2021\/08\/TMV-GS-Zinke-kurz1.jpg\" alt=\"\" class=\"wp-image-5057\" srcset=\"https:\/\/toensfeldt-modellbau.de\/wp-content\/uploads\/2021\/08\/TMV-GS-Zinke-kurz1.jpg 425w, https:\/\/toensfeldt-modellbau.de\/wp-content\/uploads\/2021\/08\/TMV-GS-Zinke-kurz1-300x293.jpg 300w\" sizes=\"auto, (max-width: 425px) 100vw, 425px\" \/><\/a><\/figure>\n\n\n\n<figure class=\"wp-block-image size-large\"><a href=\"http:\/\/toensfeldt-modellbau.de\/wp-content\/uploads\/2021\/08\/TMV-GS-Zinke-kurz.jpg\"><img loading=\"lazy\" decoding=\"async\" width=\"425\" height=\"273\" src=\"http:\/\/toensfeldt-modellbau.de\/wp-content\/uploads\/2021\/08\/TMV-GS-Zinke-kurz.jpg\" alt=\"\" class=\"wp-image-5056\" srcset=\"https:\/\/toensfeldt-modellbau.de\/wp-content\/uploads\/2021\/08\/TMV-GS-Zinke-kurz.jpg 425w, https:\/\/toensfeldt-modellbau.de\/wp-content\/uploads\/2021\/08\/TMV-GS-Zinke-kurz-300x193.jpg 300w\" sizes=\"auto, (max-width: 425px) 100vw, 425px\" \/><\/a><\/figure>\n\n\n\n<figure class=\"wp-block-image size-large\"><a href=\"http:\/\/toensfeldt-modellbau.de\/wp-content\/uploads\/2021\/08\/GS-Zinke-TMV-Lesu.jpg\"><img loading=\"lazy\" decoding=\"async\" width=\"425\" height=\"435\" src=\"http:\/\/toensfeldt-modellbau.de\/wp-content\/uploads\/2021\/08\/GS-Zinke-TMV-Lesu.jpg\" alt=\"\" class=\"wp-image-5055\" srcset=\"https:\/\/toensfeldt-modellbau.de\/wp-content\/uploads\/2021\/08\/GS-Zinke-TMV-Lesu.jpg 425w, https:\/\/toensfeldt-modellbau.de\/wp-content\/uploads\/2021\/08\/GS-Zinke-TMV-Lesu-293x300.jpg 293w\" sizes=\"auto, (max-width: 425px) 100vw, 425px\" \/><\/a><figcaption class=\"wp-element-caption\">Schwarz Lesu Gabelzinke Silber TMV Gabelzinke<\/figcaption><\/figure>\n\n\n\n<p><strong><em><span style=\"color:#a30003\" class=\"has-inline-color\">Was ist Alumide ?<\/span><\/em><\/strong><\/p>\n\n\n\n<p><strong><em><span style=\"color:#a39c00\" class=\"has-inline-color\">Alumide besitzt eine hohe Festigkeit und Steifigkeit. Es ist leicht por\u00f6s und best\u00e4ndig gegen hohe Temperaturen (130\u00b0C). Hergestellt wird es aus Polyamid-Pulver (PA 12) mit einer geringen Beimischung an Aluminiumpulver. Das Aluminium verleiht dem Material eine matte, metallisch anmutende Oberfl\u00e4che mit einem subtilen Glanz, macht es aber spr\u00f6der als Polyamid.<\/span><\/em><\/strong><\/p>\n\n\n\n<p>Technische Daten Kurz:<\/p>\n\n\n\n<ul class=\"wp-block-list\">\n<li>L\u00e4nge: ca. 83 mm<\/li>\n\n\n\n<li>H\u00f6he: ca. 49 mm<\/li>\n\n\n\n<li>Breite: ca. 9 mm<\/li>\n\n\n\n<li>St\u00e4rke: ca. 4 mm<\/li>\n<\/ul>\n\n\n\n<p>Art. Nr. Text:<\/p>\n\n\n\n<ul class=\"wp-block-list\">\n<li><mark style=\"background-color:rgba(0, 0, 0, 0);color:#a30003\" class=\"has-inline-color\"><mark style=\"background-color:rgba(0, 0, 0, 0);color:#a30003\" class=\"has-inline-color\"><\/mark>020550<\/mark>TMV GS Zinken Alumide Kurz Schwarz<\/li>\n\n\n\n<li>020550 noch 4 St. in Schwarz und 1 St. in Grau da<\/li>\n<\/ul>\n\n\n\n<p>Herstellerdaten gem\u00e4s GPSR<\/p>\n\n\n\n<p>Olaf T\u00f6nsfeldt<br>T\u00f6nsfeldt Modellbau Vertrieb<br>Nobiskr\u00fcger Allee 20<br>24768 Rendsburg<\/p>\n\n\n\n<p><strong>Deutschland<\/strong><br>Tel.: 0049 (0 ) 43 31\/ 51 95<br>E-Mail an: <a href=\"mailto:tmv@toensfeldt-modellbau.de\">tmv@toensfeldt-modellbau.de<\/a><\/p>\n","protected":false},"excerpt":{"rendered":"<p>TMV Gabelstapler Zinken kurz Kurze Gabelzinken f\u00fcr den thicon-Lesu Gabelstapler aus dem 3D-Drucker. Die TMV Gabelzinken sind aus Alumide und sehr flexibel, aber auch bruchsicher in der normalen Handhabung. Die TMV Gabelstaplerzinken sind schmaler, d\u00fcnner und etwas l\u00e4nger als die &hellip; <a href=\"https:\/\/toensfeldt-modellbau.de\/?page_id=5409\">Weiterlesen <span class=\"meta-nav\">&rarr;<\/span><\/a><\/p>\n","protected":false},"author":2,"featured_media":0,"parent":0,"menu_order":0,"comment_status":"closed","ping_status":"closed","template":"","meta":{"footnotes":""},"class_list":["post-5409","page","type-page","status-publish","hentry"],"_links":{"self":[{"href":"https:\/\/toensfeldt-modellbau.de\/index.php?rest_route=\/wp\/v2\/pages\/5409","targetHints":{"allow":["GET"]}}],"collection":[{"href":"https:\/\/toensfeldt-modellbau.de\/index.php?rest_route=\/wp\/v2\/pages"}],"about":[{"href":"https:\/\/toensfeldt-modellbau.de\/index.php?rest_route=\/wp\/v2\/types\/page"}],"author":[{"embeddable":true,"href":"https:\/\/toensfeldt-modellbau.de\/index.php?rest_route=\/wp\/v2\/users\/2"}],"replies":[{"embeddable":true,"href":"https:\/\/toensfeldt-modellbau.de\/index.php?rest_route=%2Fwp%2Fv2%2Fcomments&post=5409"}],"version-history":[{"count":9,"href":"https:\/\/toensfeldt-modellbau.de\/index.php?rest_route=\/wp\/v2\/pages\/5409\/revisions"}],"predecessor-version":[{"id":7573,"href":"https:\/\/toensfeldt-modellbau.de\/index.php?rest_route=\/wp\/v2\/pages\/5409\/revisions\/7573"}],"wp:attachment":[{"href":"https:\/\/toensfeldt-modellbau.de\/index.php?rest_route=%2Fwp%2Fv2%2Fmedia&parent=5409"}],"curies":[{"name":"wp","href":"https:\/\/api.w.org\/{rel}","templated":true}]}}