{"id":5473,"date":"2021-09-27T12:03:00","date_gmt":"2021-09-27T10:03:00","guid":{"rendered":"http:\/\/toensfeldt-modellbau.de\/?page_id=5473"},"modified":"2025-03-08T12:48:32","modified_gmt":"2025-03-08T10:48:32","slug":"ringoese-2","status":"publish","type":"page","link":"https:\/\/toensfeldt-modellbau.de\/?page_id=5473","title":{"rendered":"Ring\u00f6se"},"content":{"rendered":"\n<figure class=\"wp-block-image size-large\"><a href=\"http:\/\/toensfeldt-modellbau.de\/wp-content\/uploads\/2021\/09\/Ringoese.jpg\"><img loading=\"lazy\" decoding=\"async\" width=\"425\" height=\"171\" src=\"http:\/\/toensfeldt-modellbau.de\/wp-content\/uploads\/2021\/09\/Ringoese.jpg\" alt=\"\" class=\"wp-image-5467\" srcset=\"https:\/\/toensfeldt-modellbau.de\/wp-content\/uploads\/2021\/09\/Ringoese.jpg 425w, https:\/\/toensfeldt-modellbau.de\/wp-content\/uploads\/2021\/09\/Ringoese-300x121.jpg 300w\" sizes=\"auto, (max-width: 425px) 100vw, 425px\" \/><\/a><\/figure>\n\n\n\n<p>4 TMV Anschlagpunkte Ring\u00f6se aus Messing, pulverbeschichtet mit Nietkopfschrauben M1,6 mit Muttern zum verschrauben.<\/p>\n\n\n\n<p><strong><em><span style=\"color:#a30004\" class=\"has-inline-color\">TMV Ring\u00f6se<\/span><\/em><\/strong><\/p>\n\n\n\n<figure class=\"wp-block-image size-large\"><a href=\"http:\/\/toensfeldt-modellbau.de\/wp-content\/uploads\/2021\/09\/Ringoese-Rot.jpg\"><img loading=\"lazy\" decoding=\"async\" width=\"283\" height=\"202\" src=\"http:\/\/toensfeldt-modellbau.de\/wp-content\/uploads\/2021\/09\/Ringoese-Rot.jpg\" alt=\"\" class=\"wp-image-5515\"\/><\/a><\/figure>\n\n\n\n<figure class=\"wp-block-image size-large\"><a href=\"http:\/\/toensfeldt-modellbau.de\/wp-content\/uploads\/2021\/09\/Ringoese-Gelbt.jpg\"><img loading=\"lazy\" decoding=\"async\" width=\"283\" height=\"204\" src=\"http:\/\/toensfeldt-modellbau.de\/wp-content\/uploads\/2021\/09\/Ringoese-Gelbt.jpg\" alt=\"\" class=\"wp-image-5512\"\/><\/a><\/figure>\n\n\n\n<figure class=\"wp-block-image size-large\"><a href=\"http:\/\/toensfeldt-modellbau.de\/wp-content\/uploads\/2021\/09\/Ringoese-Blaut.jpg\"><img loading=\"lazy\" decoding=\"async\" width=\"283\" height=\"222\" src=\"http:\/\/toensfeldt-modellbau.de\/wp-content\/uploads\/2021\/09\/Ringoese-Blaut.jpg\" alt=\"\" class=\"wp-image-5511\"\/><\/a><\/figure>\n\n\n\n<figure class=\"wp-block-image size-large\"><a href=\"http:\/\/toensfeldt-modellbau.de\/wp-content\/uploads\/2021\/09\/Ringoese-Olivt.jpg\"><img loading=\"lazy\" decoding=\"async\" width=\"283\" height=\"217\" src=\"http:\/\/toensfeldt-modellbau.de\/wp-content\/uploads\/2021\/09\/Ringoese-Olivt.jpg\" alt=\"\" class=\"wp-image-5513\"\/><\/a><\/figure>\n\n\n\n<figure class=\"wp-block-image size-large\"><a href=\"http:\/\/toensfeldt-modellbau.de\/wp-content\/uploads\/2021\/09\/Ringoese-Pink.jpg\"><img loading=\"lazy\" decoding=\"async\" width=\"283\" height=\"204\" src=\"http:\/\/toensfeldt-modellbau.de\/wp-content\/uploads\/2021\/09\/Ringoese-Pink.jpg\" alt=\"\" class=\"wp-image-5514\"\/><\/a><\/figure>\n\n\n\n<figure class=\"wp-block-image size-large\"><a href=\"http:\/\/toensfeldt-modellbau.de\/wp-content\/uploads\/2021\/09\/Ringoese-Verzingt.jpg\"><img loading=\"lazy\" decoding=\"async\" width=\"283\" height=\"232\" src=\"http:\/\/toensfeldt-modellbau.de\/wp-content\/uploads\/2021\/09\/Ringoese-Verzingt.jpg\" alt=\"\" class=\"wp-image-5516\"\/><\/a><\/figure>\n\n\n\n<p>Technische Daten Ring\u00f6se:<\/p>\n\n\n\n<ul class=\"wp-block-list\">\n<li> Breite: ca. 7 mm<\/li>\n\n\n\n<li>H\u00f6he: ca. 8 mm<\/li>\n\n\n\n<li>Innen Durchmesser: ca. 4,5 mm<\/li>\n<\/ul>\n\n\n\n<ul class=\"wp-block-list\">\n<li><span style=\"color:#a30004\" class=\"has-inline-color\">030420<\/span> 4 TMV Ring\u00f6sen Rot<\/li>\n\n\n\n<li><span style=\"color:#a30008\" class=\"has-inline-color\">030421<\/span> 4 TMV Ring\u00f6sen Gelb<\/li>\n\n\n\n<li><span style=\"color:#a30008\" class=\"has-inline-color\">030422<\/span> 4 TMV Ring\u00f6sen Blau<\/li>\n\n\n\n<li><span style=\"color:#a30003\" class=\"has-inline-color\">030423<\/span> 4 TMV Ring\u00f6sen Oliv<\/li>\n\n\n\n<li><span style=\"color:#a30008\" class=\"has-inline-color\">030424<\/span> 4 TMV Ring\u00f6sen Pink<\/li>\n\n\n\n<li><span style=\"color:#a30004\" class=\"has-inline-color\">030409<\/span> 4 TMV Ring\u00f6sen Verzinkt<\/li>\n<\/ul>\n\n\n\n<p>Herstellerdaten gem\u00e4s GPSR<\/p>\n\n\n\n<p>Olaf T\u00f6nsfeldt<br>T\u00f6nsfeldt Modellbau Vertrieb<br>Nobiskr\u00fcger Allee 20<br>24768 Rendsburg<\/p>\n\n\n\n<p><strong>Deutschland<\/strong><br>Tel.: 0049 (0 ) 43 31\/ 51 95<br>E-Mail an: <a href=\"mailto:tmv@toensfeldt-modellbau.de\">tmv@toensfeldt-modellbau.de<\/a><\/p>\n","protected":false},"excerpt":{"rendered":"<p>4 TMV Anschlagpunkte Ring\u00f6se aus Messing, pulverbeschichtet mit Nietkopfschrauben M1,6 mit Muttern zum verschrauben. TMV Ring\u00f6se Technische Daten Ring\u00f6se: Herstellerdaten gem\u00e4s GPSR Olaf T\u00f6nsfeldtT\u00f6nsfeldt Modellbau VertriebNobiskr\u00fcger Allee 2024768 Rendsburg DeutschlandTel.: 0049 (0 ) 43 31\/ 51 95E-Mail an: tmv@toensfeldt-modellbau.de<\/p>\n","protected":false},"author":2,"featured_media":0,"parent":0,"menu_order":0,"comment_status":"closed","ping_status":"closed","template":"","meta":{"footnotes":""},"class_list":["post-5473","page","type-page","status-publish","hentry"],"_links":{"self":[{"href":"https:\/\/toensfeldt-modellbau.de\/index.php?rest_route=\/wp\/v2\/pages\/5473","targetHints":{"allow":["GET"]}}],"collection":[{"href":"https:\/\/toensfeldt-modellbau.de\/index.php?rest_route=\/wp\/v2\/pages"}],"about":[{"href":"https:\/\/toensfeldt-modellbau.de\/index.php?rest_route=\/wp\/v2\/types\/page"}],"author":[{"embeddable":true,"href":"https:\/\/toensfeldt-modellbau.de\/index.php?rest_route=\/wp\/v2\/users\/2"}],"replies":[{"embeddable":true,"href":"https:\/\/toensfeldt-modellbau.de\/index.php?rest_route=%2Fwp%2Fv2%2Fcomments&post=5473"}],"version-history":[{"count":5,"href":"https:\/\/toensfeldt-modellbau.de\/index.php?rest_route=\/wp\/v2\/pages\/5473\/revisions"}],"predecessor-version":[{"id":7631,"href":"https:\/\/toensfeldt-modellbau.de\/index.php?rest_route=\/wp\/v2\/pages\/5473\/revisions\/7631"}],"wp:attachment":[{"href":"https:\/\/toensfeldt-modellbau.de\/index.php?rest_route=%2Fwp%2Fv2%2Fmedia&parent=5473"}],"curies":[{"name":"wp","href":"https:\/\/api.w.org\/{rel}","templated":true}]}}