{"id":5555,"date":"2021-10-21T10:33:13","date_gmt":"2021-10-21T08:33:13","guid":{"rendered":"http:\/\/toensfeldt-modellbau.de\/?page_id=5555"},"modified":"2025-03-08T12:08:06","modified_gmt":"2025-03-08T10:08:06","slug":"bauma-ah","status":"publish","type":"page","link":"https:\/\/toensfeldt-modellbau.de\/?page_id=5555","title":{"rendered":"Bauma AH"},"content":{"rendered":"\n<p><em><strong><span style=\"color:#a30011\" class=\"has-inline-color\">&nbsp;Anschlagkette f\u00fcr Baumaschine<\/span><\/strong><\/em><\/p>\n\n\n\n<figure class=\"wp-block-image\"><img loading=\"lazy\" decoding=\"async\" width=\"337\" height=\"567\" src=\"http:\/\/toensfeldt-modellbau.de\/wp-content\/uploads\/2017\/07\/2Anschlag-Bauma-GelbRot-B1-Int.jpg\" alt=\"\" class=\"wp-image-2069\" srcset=\"https:\/\/toensfeldt-modellbau.de\/wp-content\/uploads\/2017\/07\/2Anschlag-Bauma-GelbRot-B1-Int.jpg 337w, https:\/\/toensfeldt-modellbau.de\/wp-content\/uploads\/2017\/07\/2Anschlag-Bauma-GelbRot-B1-Int-178x300.jpg 178w\" sizes=\"auto, (max-width: 337px) 100vw, 337px\" \/><\/figure>\n\n\n\n<p>Neu bei T\u00f6nsfeldt Modellbau &#8211; Vertrieb sind die Anschlagketten zum sicheren Verladen von schwerem Ladegut mit der Baumaschine. Standartl\u00e4nge der Kette ist 6,2 cm Sonderanfertigungen sind m\u00f6glich, bitte sprechen Sie uns an.<\/p>\n\n\n\n<p>Anschlag\u00f6se Gro\u00df und Anschlaghaken (AH) gibt es in den Farben Rot, Gelb, Oliv &amp; Blau pulverbeschichtet. Die Sch\u00e4kel sind verzinnt oder schwarz br\u00fcniert, die Kette aus Messing verl\u00f6tet ist Schwarz br\u00fcniert dazu das Schild: nur heben und die blaue Pr\u00fcfplakette.<\/p>\n\n\n<div class=\"wp-block-image\">\n<figure class=\"alignleft\"><img loading=\"lazy\" decoding=\"async\" width=\"70\" height=\"425\" src=\"http:\/\/toensfeldt-modellbau.de\/wp-content\/uploads\/2017\/07\/Anschlag-Bauma-Rot-B1-Int.jpg\" alt=\"\" class=\"wp-image-2071\"\/><\/figure>\n<\/div>\n\n\n<figure class=\"wp-block-image\"><img loading=\"lazy\" decoding=\"async\" width=\"121\" height=\"425\" src=\"http:\/\/toensfeldt-modellbau.de\/wp-content\/uploads\/2017\/07\/Anschlag-Bauma-Gelb-B1-Int.jpg\" alt=\"\" class=\"wp-image-2070\" srcset=\"https:\/\/toensfeldt-modellbau.de\/wp-content\/uploads\/2017\/07\/Anschlag-Bauma-Gelb-B1-Int.jpg 121w, https:\/\/toensfeldt-modellbau.de\/wp-content\/uploads\/2017\/07\/Anschlag-Bauma-Gelb-B1-Int-85x300.jpg 85w\" sizes=\"auto, (max-width: 121px) 100vw, 121px\" \/><\/figure>\n\n\n\n<figure class=\"wp-block-image\"><img loading=\"lazy\" decoding=\"async\" width=\"154\" height=\"425\" src=\"http:\/\/toensfeldt-modellbau.de\/wp-content\/uploads\/2018\/01\/Anschlag-Bauma-Oliv-B1Int.jpg\" alt=\"\" class=\"wp-image-2756\" srcset=\"https:\/\/toensfeldt-modellbau.de\/wp-content\/uploads\/2018\/01\/Anschlag-Bauma-Oliv-B1Int.jpg 154w, https:\/\/toensfeldt-modellbau.de\/wp-content\/uploads\/2018\/01\/Anschlag-Bauma-Oliv-B1Int-109x300.jpg 109w\" sizes=\"auto, (max-width: 154px) 100vw, 154px\" \/><\/figure>\n\n\n\n<p>Technische Daten:<\/p>\n\n\n\n<ul class=\"wp-block-list\">\n<li>Gesamtl\u00e4nge: Ca. 9,8 cm<\/li>\n\n\n\n<li>Kettenl\u00e4nge. Ca. 6,2 cn<\/li>\n<\/ul>\n\n\n\n<p>Technische Daten Anschlaghaken:<\/p>\n\n\n\n<ul class=\"wp-block-list\">\n<li>H\u00f6he: ca. 15 mm<\/li>\n\n\n\n<li>Breite: ca. 5 mm<\/li>\n\n\n\n<li>Material St\u00e4rke an der Spitze ca. 3,0 mm<\/li>\n<\/ul>\n\n\n\n<p>Art. Nr. Bestelltext:<\/p>\n\n\n\n<ul class=\"wp-block-list\">\n<li><span style=\"color:#a30004\" class=\"has-inline-color\">030160<\/span> TMV Anschlagkette Bauma AH Rot<\/li>\n\n\n\n<li><span style=\"color:#a30003\" class=\"has-inline-color\">030161<\/span> TMV Anschlagkette Bauma AH Gelb<\/li>\n\n\n\n<li><span style=\"color:#a30004\" class=\"has-inline-color\">030162<\/span> TMV Anschlagkette Bauma AH Oliv<\/li>\n\n\n\n<li><span style=\"color:#a30004\" class=\"has-inline-color\">030163<\/span> TMV Anschlagkette Bauma AH Blau<\/li>\n<\/ul>\n\n\n\n<p>Preis 14,50 \u20ac<\/p>\n\n\n\n<p><em><strong><span style=\"color:#a30004\" class=\"has-inline-color\">&nbsp;Anschlagkette f\u00fcr Baumaschine mit Wirbel<\/span><\/strong><\/em><\/p>\n\n\n\n<figure class=\"wp-block-image\"><img loading=\"lazy\" decoding=\"async\" width=\"369\" height=\"567\" src=\"http:\/\/toensfeldt-modellbau.de\/wp-content\/uploads\/2017\/10\/Anschlag-Bauma-Wirbel2-Bild1-Int.jpg\" alt=\"\" class=\"wp-image-2471\" srcset=\"https:\/\/toensfeldt-modellbau.de\/wp-content\/uploads\/2017\/10\/Anschlag-Bauma-Wirbel2-Bild1-Int.jpg 369w, https:\/\/toensfeldt-modellbau.de\/wp-content\/uploads\/2017\/10\/Anschlag-Bauma-Wirbel2-Bild1-Int-195x300.jpg 195w\" sizes=\"auto, (max-width: 369px) 100vw, 369px\" \/><\/figure>\n\n\n\n<p>Neu bei T\u00f6nsfeldt Modellbau &#8211; Vertrieb sind die Anschlagketten mit Wirbel zum sicheren Verladen von schwerem Ladegut mit der Baumaschine. Standartl\u00e4nge der Kette ist 5,0 cm Sonderanfertigungen sind m\u00f6glich, bitte sprechen Sie uns an.<\/p>\n\n\n\n<p>Anschlag\u00f6se Gro\u00df und Anschlaghaken gibt es in den Farben Rot, Gelb, Oliv &amp; Blau pulverbeschichtet. Die Sch\u00e4kel sind verzinnt oder schwarz br\u00fcniert, die Kette aus Messing verl\u00f6tet ist Schwarz br\u00fcniert dazu das Schild nur heben so wie die blaue Pr\u00fcfplakette.<\/p>\n\n\n\n<figure class=\"wp-block-image\"><img loading=\"lazy\" decoding=\"async\" width=\"156\" height=\"425\" src=\"http:\/\/toensfeldt-modellbau.de\/wp-content\/uploads\/2017\/10\/Ansclag-Bauma-Wirbel-Rot2-Int.jpg\" alt=\"\" class=\"wp-image-2473\" srcset=\"https:\/\/toensfeldt-modellbau.de\/wp-content\/uploads\/2017\/10\/Ansclag-Bauma-Wirbel-Rot2-Int.jpg 156w, https:\/\/toensfeldt-modellbau.de\/wp-content\/uploads\/2017\/10\/Ansclag-Bauma-Wirbel-Rot2-Int-110x300.jpg 110w\" sizes=\"auto, (max-width: 156px) 100vw, 156px\" \/><\/figure>\n\n\n\n<figure class=\"wp-block-image\"><img loading=\"lazy\" decoding=\"async\" width=\"136\" height=\"425\" src=\"http:\/\/toensfeldt-modellbau.de\/wp-content\/uploads\/2017\/10\/Ansclag-Bauma-Wirbel-Gelb2-Int.jpg\" alt=\"\" class=\"wp-image-2472\" srcset=\"https:\/\/toensfeldt-modellbau.de\/wp-content\/uploads\/2017\/10\/Ansclag-Bauma-Wirbel-Gelb2-Int.jpg 136w, https:\/\/toensfeldt-modellbau.de\/wp-content\/uploads\/2017\/10\/Ansclag-Bauma-Wirbel-Gelb2-Int-96x300.jpg 96w\" sizes=\"auto, (max-width: 136px) 100vw, 136px\" \/><\/figure>\n\n\n\n<figure class=\"wp-block-image\"><img loading=\"lazy\" decoding=\"async\" width=\"146\" height=\"425\" src=\"http:\/\/toensfeldt-modellbau.de\/wp-content\/uploads\/2018\/01\/Anschlag-Bauma-Oliv-WirbelB1Int.jpg\" alt=\"\" class=\"wp-image-2757\" srcset=\"https:\/\/toensfeldt-modellbau.de\/wp-content\/uploads\/2018\/01\/Anschlag-Bauma-Oliv-WirbelB1Int.jpg 146w, https:\/\/toensfeldt-modellbau.de\/wp-content\/uploads\/2018\/01\/Anschlag-Bauma-Oliv-WirbelB1Int-103x300.jpg 103w\" sizes=\"auto, (max-width: 146px) 100vw, 146px\" \/><\/figure>\n\n\n\n<p>Technische Daten:<\/p>\n\n\n\n<ul class=\"wp-block-list\">\n<li>Gesamtl\u00e4nge: Ca. 10,2 cm<\/li>\n\n\n\n<li>Kettenl\u00e4nge. Ca. 5,0 cn<\/li>\n<\/ul>\n\n\n\n<p>Art. Nr. Bestelltext:<\/p>\n\n\n\n<ul class=\"wp-block-list\">\n<li><span style=\"color:#a30004\" class=\"has-inline-color\">030170<\/span> TMV Anschlagkette Bauma AH Wirbel Rot<\/li>\n\n\n\n<li><span style=\"color:#a3000d\" class=\"has-inline-color\">030171<\/span> TMV Anschlagkette Bauma AH Wirbel Gelb<\/li>\n\n\n\n<li><span style=\"color:#a30008\" class=\"has-inline-color\">030172<\/span> TMV Anschlagkette Bauma AH Wirbel Oliv<\/li>\n\n\n\n<li><span style=\"color:#a3000d\" class=\"has-inline-color\">030173<\/span> TMV Anschlagkette Bauma AH Wirbel Blau<\/li>\n<\/ul>\n\n\n\n<p>Preis 19,50 \u20ac<\/p>\n\n\n\n<p>Olaf T\u00f6nsfeldt<br>T\u00f6nsfeldt Modellbau Vertrieb<br>Nobiskr\u00fcger Allee 20<br>24768 Rendsburg<\/p>\n\n\n\n<p><strong>Deutschland<\/strong><br>Tel.: 0049 (0 ) 43 31\/ 51 95<br>E-Mail an: <a href=\"mailto:tmv@toensfeldt-modellbau.de\">tmv@toensfeldt-modellbau.de<\/a><\/p>\n","protected":false},"excerpt":{"rendered":"<p>&nbsp;Anschlagkette f\u00fcr Baumaschine Neu bei T\u00f6nsfeldt Modellbau &#8211; Vertrieb sind die Anschlagketten zum sicheren Verladen von schwerem Ladegut mit der Baumaschine. Standartl\u00e4nge der Kette ist 6,2 cm Sonderanfertigungen sind m\u00f6glich, bitte sprechen Sie uns an. Anschlag\u00f6se Gro\u00df und Anschlaghaken (AH) &hellip; <a href=\"https:\/\/toensfeldt-modellbau.de\/?page_id=5555\">Weiterlesen <span class=\"meta-nav\">&rarr;<\/span><\/a><\/p>\n","protected":false},"author":2,"featured_media":0,"parent":0,"menu_order":0,"comment_status":"closed","ping_status":"closed","template":"","meta":{"footnotes":""},"class_list":["post-5555","page","type-page","status-publish","hentry"],"_links":{"self":[{"href":"https:\/\/toensfeldt-modellbau.de\/index.php?rest_route=\/wp\/v2\/pages\/5555","targetHints":{"allow":["GET"]}}],"collection":[{"href":"https:\/\/toensfeldt-modellbau.de\/index.php?rest_route=\/wp\/v2\/pages"}],"about":[{"href":"https:\/\/toensfeldt-modellbau.de\/index.php?rest_route=\/wp\/v2\/types\/page"}],"author":[{"embeddable":true,"href":"https:\/\/toensfeldt-modellbau.de\/index.php?rest_route=\/wp\/v2\/users\/2"}],"replies":[{"embeddable":true,"href":"https:\/\/toensfeldt-modellbau.de\/index.php?rest_route=%2Fwp%2Fv2%2Fcomments&post=5555"}],"version-history":[{"count":3,"href":"https:\/\/toensfeldt-modellbau.de\/index.php?rest_route=\/wp\/v2\/pages\/5555\/revisions"}],"predecessor-version":[{"id":7601,"href":"https:\/\/toensfeldt-modellbau.de\/index.php?rest_route=\/wp\/v2\/pages\/5555\/revisions\/7601"}],"wp:attachment":[{"href":"https:\/\/toensfeldt-modellbau.de\/index.php?rest_route=%2Fwp%2Fv2%2Fmedia&parent=5555"}],"curies":[{"name":"wp","href":"https:\/\/api.w.org\/{rel}","templated":true}]}}