{"id":6174,"date":"2022-01-08T13:43:21","date_gmt":"2022-01-08T11:43:21","guid":{"rendered":"https:\/\/toensfeldt-modellbau.de\/?page_id=6174"},"modified":"2025-03-02T12:07:34","modified_gmt":"2025-03-02T10:07:34","slug":"schleifkorbtrage-116","status":"publish","type":"page","link":"https:\/\/toensfeldt-modellbau.de\/?page_id=6174","title":{"rendered":"Schleifkorbtrage 1:16"},"content":{"rendered":"\n<p>Schleifkorbtrage 1:16 mit Gummimatte, Gurten und 4 L\u00f6cher zum Anbringen der Anschlagb\u00e4nder zum Kranen. Die Trage kann auf dem Dach von Einsatzfahrzeugen transportiert werden z. B. Feuerwehr, THW oder DLRG.<\/p>\n\n\n\n<figure class=\"wp-block-image\"><img loading=\"lazy\" decoding=\"async\" width=\"425\" height=\"243\" src=\"http:\/\/toensfeldt-modellbau.de\/wp-content\/uploads\/2019\/01\/Schleif1-16.jpg\" alt=\"\" class=\"wp-image-3490\" srcset=\"https:\/\/toensfeldt-modellbau.de\/wp-content\/uploads\/2019\/01\/Schleif1-16.jpg 425w, https:\/\/toensfeldt-modellbau.de\/wp-content\/uploads\/2019\/01\/Schleif1-16-300x172.jpg 300w\" sizes=\"auto, (max-width: 425px) 100vw, 425px\" \/><\/figure>\n\n\n\n<p>Technische Daten 1:16:<\/p>\n\n\n\n<ul class=\"wp-block-list\">\n<li>L\u00e4nge: ca. 130 mm<\/li>\n\n\n\n<li>Breite: ca. 48 mm<\/li>\n\n\n\n<li>H\u00f6he: ca. 17 mm<\/li>\n<\/ul>\n\n\n\n<p>Art. Nr. Bestelltext:<\/p>\n\n\n\n<ul class=\"wp-block-list\">\n<li><span style=\"color:#a30008\" class=\"has-inline-color\">040211<\/span> Schleifkorbtrage 1:16<\/li>\n<\/ul>\n\n\n\n<p>Preis ab 49,50 \u20ac<\/p>\n\n\n\n<p>Herstellerdaten gem\u00e4s GPSR<\/p>\n\n\n\n<p>Olaf T\u00f6nsfeldt<br>T\u00f6nsfeldt Modellbau Vertrieb<br>Nobiskr\u00fcger Allee 20<br>24768 Rendsburg<\/p>\n\n\n\n<p><strong>Deutschland<\/strong><br>Tel.: 0049 (0 ) 43 31\/ 51 95<br>E-Mail an: tmv@toensfeldt-modellbau.de<\/p>\n","protected":false},"excerpt":{"rendered":"<p>Schleifkorbtrage 1:16 mit Gummimatte, Gurten und 4 L\u00f6cher zum Anbringen der Anschlagb\u00e4nder zum Kranen. Die Trage kann auf dem Dach von Einsatzfahrzeugen transportiert werden z. B. Feuerwehr, THW oder DLRG. Technische Daten 1:16: Art. Nr. Bestelltext: Preis ab 49,50 \u20ac &hellip; <a href=\"https:\/\/toensfeldt-modellbau.de\/?page_id=6174\">Weiterlesen <span class=\"meta-nav\">&rarr;<\/span><\/a><\/p>\n","protected":false},"author":2,"featured_media":0,"parent":0,"menu_order":0,"comment_status":"closed","ping_status":"closed","template":"","meta":{"footnotes":""},"class_list":["post-6174","page","type-page","status-publish","hentry"],"_links":{"self":[{"href":"https:\/\/toensfeldt-modellbau.de\/index.php?rest_route=\/wp\/v2\/pages\/6174","targetHints":{"allow":["GET"]}}],"collection":[{"href":"https:\/\/toensfeldt-modellbau.de\/index.php?rest_route=\/wp\/v2\/pages"}],"about":[{"href":"https:\/\/toensfeldt-modellbau.de\/index.php?rest_route=\/wp\/v2\/types\/page"}],"author":[{"embeddable":true,"href":"https:\/\/toensfeldt-modellbau.de\/index.php?rest_route=\/wp\/v2\/users\/2"}],"replies":[{"embeddable":true,"href":"https:\/\/toensfeldt-modellbau.de\/index.php?rest_route=%2Fwp%2Fv2%2Fcomments&post=6174"}],"version-history":[{"count":3,"href":"https:\/\/toensfeldt-modellbau.de\/index.php?rest_route=\/wp\/v2\/pages\/6174\/revisions"}],"predecessor-version":[{"id":7535,"href":"https:\/\/toensfeldt-modellbau.de\/index.php?rest_route=\/wp\/v2\/pages\/6174\/revisions\/7535"}],"wp:attachment":[{"href":"https:\/\/toensfeldt-modellbau.de\/index.php?rest_route=%2Fwp%2Fv2%2Fmedia&parent=6174"}],"curies":[{"name":"wp","href":"https:\/\/api.w.org\/{rel}","templated":true}]}}