{"id":6346,"date":"2022-01-15T15:05:33","date_gmt":"2022-01-15T13:05:33","guid":{"rendered":"https:\/\/toensfeldt-modellbau.de\/?page_id=6346"},"modified":"2025-03-08T13:58:00","modified_gmt":"2025-03-08T11:58:00","slug":"sp-2-achsanhaenger","status":"publish","type":"page","link":"https:\/\/toensfeldt-modellbau.de\/?page_id=6346","title":{"rendered":"SP M\u00fclleimer"},"content":{"rendered":"\n<p><strong><em><span style=\"color:#a30004\" class=\"has-inline-color\">M\u00fclleimer aus Edelstahl in 1:14.<\/span><\/em><\/strong><\/p>\n\n\n\n<figure class=\"wp-block-image size-full\"><a href=\"http:\/\/toensfeldt-modellbau.de\/wp-content\/uploads\/2022\/04\/SP-Muelleimer-Blank.jpg\"><img decoding=\"async\" src=\"http:\/\/toensfeldt-modellbau.de\/wp-content\/uploads\/2022\/04\/SP-Muelleimer-Blank.jpg\" alt=\"\" class=\"wp-image-6671\"\/><\/a><\/figure>\n\n\n\n<figure class=\"wp-block-image size-full\"><a href=\"http:\/\/toensfeldt-modellbau.de\/wp-content\/uploads\/2022\/04\/SP-Muelleimer-Schwarz2.jpg\"><img loading=\"lazy\" decoding=\"async\" width=\"283\" height=\"196\" src=\"http:\/\/toensfeldt-modellbau.de\/wp-content\/uploads\/2022\/04\/SP-Muelleimer-Schwarz2.jpg\" alt=\"\" class=\"wp-image-6670\"\/><\/a><\/figure>\n\n\n\n<figure class=\"wp-block-image size-full\"><a href=\"http:\/\/toensfeldt-modellbau.de\/wp-content\/uploads\/2022\/05\/SP-Muelleimer-Rot.jpg\"><img loading=\"lazy\" decoding=\"async\" width=\"283\" height=\"171\" src=\"http:\/\/toensfeldt-modellbau.de\/wp-content\/uploads\/2022\/05\/SP-Muelleimer-Rot.jpg\" alt=\"\" class=\"wp-image-6704\"\/><\/a><\/figure>\n\n\n\n<ul class=\"wp-block-list\">\n<li>M\u00fclleimer Rot 2 Vorhanden.<\/li>\n<\/ul>\n\n\n\n<ul class=\"wp-block-list\">\n<li>M\u00fclleimer Schwarz 2 vorhanden.<\/li>\n<\/ul>\n\n\n\n<p>M\u00fclleimer aus Edelstahl<br>Abmessungen: 36x28x28 mm<\/p>\n\n\n\n<p>Preis 5,00 \u20ac Schwarz oder Rot St\u00fcck<br><br><strong>Importeur:<\/strong><\/p>\n\n\n\n<p>Olaf T\u00f6nsfeldt<br>T\u00f6nsfeldt Modellbau Vertrieb<br>Nobiskr\u00fcger Allee 20<br>24768 Rendsburg<\/p>\n\n\n\n<p><strong>Deutschland<\/strong><br>Tel.: 0049 (0 ) 43 31\/ 51 95<br>E-Mail an: <a href=\"mailto:tmv@toensfeldt-modellbau.de\">tmv@toensfeldt-modellbau.de<\/a><\/p>\n","protected":false},"excerpt":{"rendered":"<p>M\u00fclleimer aus Edelstahl in 1:14. M\u00fclleimer aus EdelstahlAbmessungen: 36x28x28 mm Preis 5,00 \u20ac Schwarz oder Rot St\u00fcck Importeur: Olaf T\u00f6nsfeldtT\u00f6nsfeldt Modellbau VertriebNobiskr\u00fcger Allee 2024768 Rendsburg DeutschlandTel.: 0049 (0 ) 43 31\/ 51 95E-Mail an: tmv@toensfeldt-modellbau.de<\/p>\n","protected":false},"author":2,"featured_media":0,"parent":0,"menu_order":0,"comment_status":"closed","ping_status":"closed","template":"","meta":{"footnotes":""},"class_list":["post-6346","page","type-page","status-publish","hentry"],"_links":{"self":[{"href":"https:\/\/toensfeldt-modellbau.de\/index.php?rest_route=\/wp\/v2\/pages\/6346","targetHints":{"allow":["GET"]}}],"collection":[{"href":"https:\/\/toensfeldt-modellbau.de\/index.php?rest_route=\/wp\/v2\/pages"}],"about":[{"href":"https:\/\/toensfeldt-modellbau.de\/index.php?rest_route=\/wp\/v2\/types\/page"}],"author":[{"embeddable":true,"href":"https:\/\/toensfeldt-modellbau.de\/index.php?rest_route=\/wp\/v2\/users\/2"}],"replies":[{"embeddable":true,"href":"https:\/\/toensfeldt-modellbau.de\/index.php?rest_route=%2Fwp%2Fv2%2Fcomments&post=6346"}],"version-history":[{"count":6,"href":"https:\/\/toensfeldt-modellbau.de\/index.php?rest_route=\/wp\/v2\/pages\/6346\/revisions"}],"predecessor-version":[{"id":7688,"href":"https:\/\/toensfeldt-modellbau.de\/index.php?rest_route=\/wp\/v2\/pages\/6346\/revisions\/7688"}],"wp:attachment":[{"href":"https:\/\/toensfeldt-modellbau.de\/index.php?rest_route=%2Fwp%2Fv2%2Fmedia&parent=6346"}],"curies":[{"name":"wp","href":"https:\/\/api.w.org\/{rel}","templated":true}]}}