{"id":6718,"date":"2022-05-21T11:36:45","date_gmt":"2022-05-21T09:36:45","guid":{"rendered":"https:\/\/toensfeldt-modellbau.de\/?page_id=6718"},"modified":"2022-05-21T11:45:43","modified_gmt":"2022-05-21T09:45:43","slug":"magazin-regal","status":"publish","type":"page","link":"https:\/\/toensfeldt-modellbau.de\/?page_id=6718","title":{"rendered":"SP Magazin Regal"},"content":{"rendered":"\n<figure class=\"wp-block-image size-full\"><a href=\"http:\/\/toensfeldt-modellbau.de\/wp-content\/uploads\/2022\/05\/Maga1.jpg\"><img decoding=\"async\" src=\"http:\/\/toensfeldt-modellbau.de\/wp-content\/uploads\/2022\/05\/Maga1.jpg\" alt=\"\" class=\"wp-image-6711\"\/><\/a><\/figure>\n\n\n\n<figure class=\"wp-block-image size-full\"><a href=\"http:\/\/toensfeldt-modellbau.de\/wp-content\/uploads\/2022\/05\/Maga3.jpg\"><img decoding=\"async\" src=\"http:\/\/toensfeldt-modellbau.de\/wp-content\/uploads\/2022\/05\/Maga3.jpg\" alt=\"\" class=\"wp-image-6713\"\/><\/a><\/figure>\n\n\n\n<figure class=\"wp-block-image size-full\"><a href=\"http:\/\/toensfeldt-modellbau.de\/wp-content\/uploads\/2022\/05\/Maga2.jpg\"><img decoding=\"async\" src=\"http:\/\/toensfeldt-modellbau.de\/wp-content\/uploads\/2022\/05\/Maga2.jpg\" alt=\"\" class=\"wp-image-6712\"\/><\/a><\/figure>\n\n\n\n<p>Magazin Regal aus Edelsztahl mit 3d-gedruckten grauen K\u00e4sten in Rot pulverbeschichtet.<\/p>\n\n\n\n<p>Magazin Regal besteht aus: 1 Tr\u00e4ger Regal 1 Tr\u00e4ger K\u00e4sten und 12 grauen K\u00e4sten.<\/p>\n\n\n\n<p>Abmessungen des Magazinregal: 56x48x26<br><br>Werkstattbeh\u00e4lter Masse: 16x11x7,5<\/p>\n\n\n\n<p>Magazin Regal in rot 2 vorhanden.<\/p>\n\n\n\n<p>Preis Magazin Regal rot: 20,00 \u20ac St.<\/p>\n","protected":false},"excerpt":{"rendered":"<p>Magazin Regal aus Edelsztahl mit 3d-gedruckten grauen K\u00e4sten in Rot pulverbeschichtet. Magazin Regal besteht aus: 1 Tr\u00e4ger Regal 1 Tr\u00e4ger K\u00e4sten und 12 grauen K\u00e4sten. Abmessungen des Magazinregal: 56x48x26 Werkstattbeh\u00e4lter Masse: 16x11x7,5 Magazin Regal in rot 2 vorhanden. Preis Magazin &hellip; <a href=\"https:\/\/toensfeldt-modellbau.de\/?page_id=6718\">Weiterlesen <span class=\"meta-nav\">&rarr;<\/span><\/a><\/p>\n","protected":false},"author":2,"featured_media":0,"parent":0,"menu_order":0,"comment_status":"closed","ping_status":"closed","template":"","meta":{"footnotes":""},"class_list":["post-6718","page","type-page","status-publish","hentry"],"_links":{"self":[{"href":"https:\/\/toensfeldt-modellbau.de\/index.php?rest_route=\/wp\/v2\/pages\/6718","targetHints":{"allow":["GET"]}}],"collection":[{"href":"https:\/\/toensfeldt-modellbau.de\/index.php?rest_route=\/wp\/v2\/pages"}],"about":[{"href":"https:\/\/toensfeldt-modellbau.de\/index.php?rest_route=\/wp\/v2\/types\/page"}],"author":[{"embeddable":true,"href":"https:\/\/toensfeldt-modellbau.de\/index.php?rest_route=\/wp\/v2\/users\/2"}],"replies":[{"embeddable":true,"href":"https:\/\/toensfeldt-modellbau.de\/index.php?rest_route=%2Fwp%2Fv2%2Fcomments&post=6718"}],"version-history":[{"count":3,"href":"https:\/\/toensfeldt-modellbau.de\/index.php?rest_route=\/wp\/v2\/pages\/6718\/revisions"}],"predecessor-version":[{"id":6722,"href":"https:\/\/toensfeldt-modellbau.de\/index.php?rest_route=\/wp\/v2\/pages\/6718\/revisions\/6722"}],"wp:attachment":[{"href":"https:\/\/toensfeldt-modellbau.de\/index.php?rest_route=%2Fwp%2Fv2%2Fmedia&parent=6718"}],"curies":[{"name":"wp","href":"https:\/\/api.w.org\/{rel}","templated":true}]}}