{"id":6972,"date":"2022-12-07T13:26:43","date_gmt":"2022-12-07T11:26:43","guid":{"rendered":"https:\/\/toensfeldt-modellbau.de\/?page_id=6972"},"modified":"2025-03-08T13:00:44","modified_gmt":"2025-03-08T11:00:44","slug":"zk-schaekel","status":"publish","type":"page","link":"https:\/\/toensfeldt-modellbau.de\/?page_id=6972","title":{"rendered":"ZK Sch\u00e4kel"},"content":{"rendered":"\n<figure class=\"wp-block-image size-full is-resized\"><a href=\"http:\/\/toensfeldt-modellbau.de\/wp-content\/uploads\/2022\/12\/82x44-Schwarz.jpg\"><img loading=\"lazy\" decoding=\"async\" width=\"425\" height=\"551\" src=\"http:\/\/toensfeldt-modellbau.de\/wp-content\/uploads\/2022\/12\/82x44-Schwarz.jpg\" alt=\"\" class=\"wp-image-6986\" style=\"width:440px;height:auto\" srcset=\"https:\/\/toensfeldt-modellbau.de\/wp-content\/uploads\/2022\/12\/82x44-Schwarz.jpg 425w, https:\/\/toensfeldt-modellbau.de\/wp-content\/uploads\/2022\/12\/82x44-Schwarz-231x300.jpg 231w\" sizes=\"auto, (max-width: 425px) 100vw, 425px\" \/><\/a><\/figure>\n\n\n\n<p>Sch\u00e4kel aus Messing hergestellt 8x 5 mm mit Bolzen M 1. Die Sch\u00e4kel gibt es: Verzinkt, Schwarz br\u00fcniert oder in Messing Natur. Es sind 4 Sch\u00e4kel in einer T\u00fcte.<\/p>\n\n\n\n<figure class=\"wp-block-image size-full is-resized\"><a href=\"http:\/\/toensfeldt-modellbau.de\/wp-content\/uploads\/2022\/12\/82x44-Verzinkt.jpg\"><img loading=\"lazy\" decoding=\"async\" width=\"425\" height=\"438\" src=\"http:\/\/toensfeldt-modellbau.de\/wp-content\/uploads\/2022\/12\/82x44-Verzinkt.jpg\" alt=\"\" class=\"wp-image-6987\" style=\"width:440px;height:auto\" srcset=\"https:\/\/toensfeldt-modellbau.de\/wp-content\/uploads\/2022\/12\/82x44-Verzinkt.jpg 425w, https:\/\/toensfeldt-modellbau.de\/wp-content\/uploads\/2022\/12\/82x44-Verzinkt-291x300.jpg 291w\" sizes=\"auto, (max-width: 425px) 100vw, 425px\" \/><\/a><\/figure>\n\n\n\n<figure class=\"wp-block-image size-full is-resized\"><a href=\"http:\/\/toensfeldt-modellbau.de\/wp-content\/uploads\/2022\/12\/82x44-Messingt.jpg\"><img loading=\"lazy\" decoding=\"async\" width=\"425\" height=\"580\" src=\"http:\/\/toensfeldt-modellbau.de\/wp-content\/uploads\/2022\/12\/82x44-Messingt.jpg\" alt=\"\" class=\"wp-image-6985\" style=\"width:438px;height:auto\" srcset=\"https:\/\/toensfeldt-modellbau.de\/wp-content\/uploads\/2022\/12\/82x44-Messingt.jpg 425w, https:\/\/toensfeldt-modellbau.de\/wp-content\/uploads\/2022\/12\/82x44-Messingt-220x300.jpg 220w\" sizes=\"auto, (max-width: 425px) 100vw, 425px\" \/><\/a><\/figure>\n\n\n\n<p>Art.Nr. Bestelltext:<\/p>\n\n\n\n<ul class=\"wp-block-list\">\n<li>030371 TMV 4 St. Sch\u00e4kel 8&#215;5 mm mit Bolzen Verzinkt<\/li>\n\n\n\n<li>030371S TMV 4 St. Sch\u00e4kel 8&#215;5 mm mit Bolzen Schwarz<\/li>\n\n\n\n<li>030371M TMV 4 St. Sch\u00e4kel 8&#215;5 mm mit Bolzen Messing Natur<\/li>\n\n\n\n<li>030371 TMV 4 St. Sch\u00e4kel 8&#215;5 mm mit Bolzen Pink<\/li>\n<\/ul>\n\n\n\n<p>Herstellerdaten gem\u00e4s GPSR<\/p>\n\n\n\n<p>Olaf T\u00f6nsfeldt<br>T\u00f6nsfeldt Modellbau Vertrieb<br>Nobiskr\u00fcger Allee 20<br>24768 Rendsburg<\/p>\n\n\n\n<p><strong>Deutschland<\/strong><br>Tel.: 0049 (0 ) 43 31\/ 51 95<br>E-Mail an: <a href=\"mailto:tmv@toensfeldt-modellbau.de\">tmv@toensfeldt-modellbau.de<\/a><\/p>\n","protected":false},"excerpt":{"rendered":"<p>Sch\u00e4kel aus Messing hergestellt 8x 5 mm mit Bolzen M 1. Die Sch\u00e4kel gibt es: Verzinkt, Schwarz br\u00fcniert oder in Messing Natur. Es sind 4 Sch\u00e4kel in einer T\u00fcte. Art.Nr. Bestelltext: Herstellerdaten gem\u00e4s GPSR Olaf T\u00f6nsfeldtT\u00f6nsfeldt Modellbau VertriebNobiskr\u00fcger Allee 2024768 &hellip; <a href=\"https:\/\/toensfeldt-modellbau.de\/?page_id=6972\">Weiterlesen <span class=\"meta-nav\">&rarr;<\/span><\/a><\/p>\n","protected":false},"author":2,"featured_media":0,"parent":0,"menu_order":0,"comment_status":"closed","ping_status":"closed","template":"","meta":{"footnotes":""},"class_list":["post-6972","page","type-page","status-publish","hentry"],"_links":{"self":[{"href":"https:\/\/toensfeldt-modellbau.de\/index.php?rest_route=\/wp\/v2\/pages\/6972","targetHints":{"allow":["GET"]}}],"collection":[{"href":"https:\/\/toensfeldt-modellbau.de\/index.php?rest_route=\/wp\/v2\/pages"}],"about":[{"href":"https:\/\/toensfeldt-modellbau.de\/index.php?rest_route=\/wp\/v2\/types\/page"}],"author":[{"embeddable":true,"href":"https:\/\/toensfeldt-modellbau.de\/index.php?rest_route=\/wp\/v2\/users\/2"}],"replies":[{"embeddable":true,"href":"https:\/\/toensfeldt-modellbau.de\/index.php?rest_route=%2Fwp%2Fv2%2Fcomments&post=6972"}],"version-history":[{"count":3,"href":"https:\/\/toensfeldt-modellbau.de\/index.php?rest_route=\/wp\/v2\/pages\/6972\/revisions"}],"predecessor-version":[{"id":7638,"href":"https:\/\/toensfeldt-modellbau.de\/index.php?rest_route=\/wp\/v2\/pages\/6972\/revisions\/7638"}],"wp:attachment":[{"href":"https:\/\/toensfeldt-modellbau.de\/index.php?rest_route=%2Fwp%2Fv2%2Fmedia&parent=6972"}],"curies":[{"name":"wp","href":"https:\/\/api.w.org\/{rel}","templated":true}]}}