{"id":7177,"date":"2023-07-09T12:50:25","date_gmt":"2023-07-09T10:50:25","guid":{"rendered":"https:\/\/toensfeldt-modellbau.de\/?page_id=7177"},"modified":"2025-03-02T11:50:19","modified_gmt":"2025-03-02T09:50:19","slug":"sattelplatte","status":"publish","type":"page","link":"https:\/\/toensfeldt-modellbau.de\/?page_id=7177","title":{"rendered":"Sattelplatte"},"content":{"rendered":"\n<p class=\"has-blue-color has-text-color\">TMV Sattelplatte f\u00fcr TMV Grundplatte<\/p>\n\n\n\n<figure class=\"wp-block-image size-full\"><a href=\"http:\/\/toensfeldt-modellbau.de\/wp-content\/uploads\/2023\/07\/SP-Verzinkt-Lift.jpg\"><img loading=\"lazy\" decoding=\"async\" width=\"709\" height=\"445\" src=\"http:\/\/toensfeldt-modellbau.de\/wp-content\/uploads\/2023\/07\/SP-Verzinkt-Lift.jpg\" alt=\"\" class=\"wp-image-7184\" srcset=\"https:\/\/toensfeldt-modellbau.de\/wp-content\/uploads\/2023\/07\/SP-Verzinkt-Lift.jpg 709w, https:\/\/toensfeldt-modellbau.de\/wp-content\/uploads\/2023\/07\/SP-Verzinkt-Lift-300x188.jpg 300w\" sizes=\"auto, (max-width: 709px) 100vw, 709px\" \/><\/a><\/figure>\n\n\n\n<p>TMV Sattelplatte ist aus Messing gelasert und verl\u00f6tet. Der Steckbolzen f\u00fcr die Verbindung mit der Grundplatte und der Steckbolzen f\u00fcr die Sicherungs des K\u00f6nigsbolzen sind aus Messing gedreht und gebort, f\u00fcr die Splinte. Die Sattelplatte hat 2. Bohreungen f\u00fcr die verschiedenen K\u00f6nigsbolzen von Tamiya, Lesu und anderen.<\/p>\n\n\n\n<figure class=\"wp-block-image size-full\"><a href=\"http:\/\/toensfeldt-modellbau.de\/wp-content\/uploads\/2023\/07\/SP-Verzinkt-050275.jpg\"><img loading=\"lazy\" decoding=\"async\" width=\"567\" height=\"478\" src=\"http:\/\/toensfeldt-modellbau.de\/wp-content\/uploads\/2023\/07\/SP-Verzinkt-050275.jpg\" alt=\"\" class=\"wp-image-7183\" srcset=\"https:\/\/toensfeldt-modellbau.de\/wp-content\/uploads\/2023\/07\/SP-Verzinkt-050275.jpg 567w, https:\/\/toensfeldt-modellbau.de\/wp-content\/uploads\/2023\/07\/SP-Verzinkt-050275-300x253.jpg 300w\" sizes=\"auto, (max-width: 567px) 100vw, 567px\" \/><\/a><\/figure>\n\n\n\n<p>TMV Sattelplatte Messing Verzinkt.<\/p>\n\n\n\n<p>TMV SP-Magnet Sicherung<\/p>\n\n\n\n<figure class=\"wp-block-image size-full is-resized\"><a href=\"http:\/\/toensfeldt-modellbau.de\/wp-content\/uploads\/2024\/02\/SP-Magnet-Int-2.jpg\"><img loading=\"lazy\" decoding=\"async\" width=\"425\" height=\"396\" src=\"http:\/\/toensfeldt-modellbau.de\/wp-content\/uploads\/2024\/02\/SP-Magnet-Int-2.jpg\" alt=\"\" class=\"wp-image-7280\" style=\"width:426px;height:auto\" srcset=\"https:\/\/toensfeldt-modellbau.de\/wp-content\/uploads\/2024\/02\/SP-Magnet-Int-2.jpg 425w, https:\/\/toensfeldt-modellbau.de\/wp-content\/uploads\/2024\/02\/SP-Magnet-Int-2-300x280.jpg 300w\" sizes=\"auto, (max-width: 425px) 100vw, 425px\" \/><\/a><\/figure>\n\n\n\n<p>Tow Truck Sattelplatte Magnet Sicherung f\u00fcr K\u00f6nigsbolzen. Besteht aus 1. Bolzen aus Stahl, 1. Magnet und 1. Kunststoffhalter schwarz aus dem 3D-Drucker.<\/p>\n\n\n\n<figure class=\"wp-block-image size-full\"><a href=\"http:\/\/toensfeldt-modellbau.de\/wp-content\/uploads\/2024\/02\/SP-Magnet-Int.jpg\"><img loading=\"lazy\" decoding=\"async\" width=\"425\" height=\"477\" src=\"http:\/\/toensfeldt-modellbau.de\/wp-content\/uploads\/2024\/02\/SP-Magnet-Int.jpg\" alt=\"\" class=\"wp-image-7281\" srcset=\"https:\/\/toensfeldt-modellbau.de\/wp-content\/uploads\/2024\/02\/SP-Magnet-Int.jpg 425w, https:\/\/toensfeldt-modellbau.de\/wp-content\/uploads\/2024\/02\/SP-Magnet-Int-267x300.jpg 267w\" sizes=\"auto, (max-width: 425px) 100vw, 425px\" \/><\/a><\/figure>\n\n\n\n<p>Technische Daten TMV Sattelplatte:<\/p>\n\n\n\n<ul class=\"wp-block-list\">\n<li>\u00d8: 26mm<\/li>\n\n\n\n<li>H\u00f6he ca. 16mm<\/li>\n<\/ul>\n\n\n\n<p>Bestell Nr. Bestelltext:<\/p>\n\n\n\n<ul class=\"wp-block-list\">\n<li>050275 TMV Sattelplatte Tow Truck Messing Verzinkt<\/li>\n\n\n\n<li>050279 TMV Tow Truck SP-Magnet Sicherung<\/li>\n<\/ul>\n\n\n\n<p>Herstellerdaten gem\u00e4s GPSR<\/p>\n\n\n\n<p>Olaf T\u00f6nsfeldt<br>T\u00f6nsfeldt Modellbau Vertrieb<br>Nobiskr\u00fcger Allee 20<br>24768 Rendsburg<\/p>\n\n\n\n<p><strong>Deutschland<\/strong><br>Tel.: 0049 (0 ) 43 31\/ 51 95<br>E-Mail an: tmv@toensfeldt-modellbau.de<\/p>\n\n\n\n<p class=\"has-blue-color has-text-color\">Die namentliche Nennung von Herstellern und Produkten erfolgt nur zum Zweck der eindeutigen Bezeichnung der Artikel der einzelnen Hersteller. Einige der auf dieser Internetseite genannten Produktnamen sind eingetragene Warenzeichen bzw. unterliegen dem Copyright der jeweiligen Eigent\u00fcmer.<\/p>\n","protected":false},"excerpt":{"rendered":"<p>TMV Sattelplatte f\u00fcr TMV Grundplatte TMV Sattelplatte ist aus Messing gelasert und verl\u00f6tet. Der Steckbolzen f\u00fcr die Verbindung mit der Grundplatte und der Steckbolzen f\u00fcr die Sicherungs des K\u00f6nigsbolzen sind aus Messing gedreht und gebort, f\u00fcr die Splinte. Die Sattelplatte &hellip; <a href=\"https:\/\/toensfeldt-modellbau.de\/?page_id=7177\">Weiterlesen <span class=\"meta-nav\">&rarr;<\/span><\/a><\/p>\n","protected":false},"author":2,"featured_media":0,"parent":0,"menu_order":0,"comment_status":"closed","ping_status":"closed","template":"","meta":{"footnotes":""},"class_list":["post-7177","page","type-page","status-publish","hentry"],"_links":{"self":[{"href":"https:\/\/toensfeldt-modellbau.de\/index.php?rest_route=\/wp\/v2\/pages\/7177","targetHints":{"allow":["GET"]}}],"collection":[{"href":"https:\/\/toensfeldt-modellbau.de\/index.php?rest_route=\/wp\/v2\/pages"}],"about":[{"href":"https:\/\/toensfeldt-modellbau.de\/index.php?rest_route=\/wp\/v2\/types\/page"}],"author":[{"embeddable":true,"href":"https:\/\/toensfeldt-modellbau.de\/index.php?rest_route=\/wp\/v2\/users\/2"}],"replies":[{"embeddable":true,"href":"https:\/\/toensfeldt-modellbau.de\/index.php?rest_route=%2Fwp%2Fv2%2Fcomments&post=7177"}],"version-history":[{"count":6,"href":"https:\/\/toensfeldt-modellbau.de\/index.php?rest_route=\/wp\/v2\/pages\/7177\/revisions"}],"predecessor-version":[{"id":7510,"href":"https:\/\/toensfeldt-modellbau.de\/index.php?rest_route=\/wp\/v2\/pages\/7177\/revisions\/7510"}],"wp:attachment":[{"href":"https:\/\/toensfeldt-modellbau.de\/index.php?rest_route=%2Fwp%2Fv2%2Fmedia&parent=7177"}],"curies":[{"name":"wp","href":"https:\/\/api.w.org\/{rel}","templated":true}]}}