{"id":7358,"date":"2024-05-04T12:59:34","date_gmt":"2024-05-04T10:59:34","guid":{"rendered":"https:\/\/toensfeldt-modellbau.de\/?page_id=7358"},"modified":"2025-03-09T11:34:39","modified_gmt":"2025-03-09T09:34:39","slug":"handflex","status":"publish","type":"page","link":"https:\/\/toensfeldt-modellbau.de\/?page_id=7358","title":{"rendered":"Handflex"},"content":{"rendered":"\n<figure class=\"wp-block-image size-full is-resized\"><a href=\"http:\/\/toensfeldt-modellbau.de\/wp-content\/uploads\/2024\/05\/2-Flex-1-Int.jpg\"><img loading=\"lazy\" decoding=\"async\" width=\"567\" height=\"368\" src=\"http:\/\/toensfeldt-modellbau.de\/wp-content\/uploads\/2024\/05\/2-Flex-1-Int.jpg\" alt=\"\" class=\"wp-image-7349\" style=\"width:670px;height:auto\" srcset=\"https:\/\/toensfeldt-modellbau.de\/wp-content\/uploads\/2024\/05\/2-Flex-1-Int.jpg 567w, https:\/\/toensfeldt-modellbau.de\/wp-content\/uploads\/2024\/05\/2-Flex-1-Int-300x195.jpg 300w\" sizes=\"auto, (max-width: 567px) 100vw, 567px\" \/><\/a><\/figure>\n\n\n\n<p>Handflex in Blau und Orange<\/p>\n\n\n\n<p>Flex aus dem 3d-Drucker in den Farbeb Blau und Orange.<\/p>\n\n\n\n<figure class=\"wp-block-image size-full is-resized\"><a href=\"http:\/\/toensfeldt-modellbau.de\/wp-content\/uploads\/2024\/05\/Flex-Blau1.jpg\"><img loading=\"lazy\" decoding=\"async\" width=\"425\" height=\"365\" src=\"http:\/\/toensfeldt-modellbau.de\/wp-content\/uploads\/2024\/05\/Flex-Blau1.jpg\" alt=\"\" class=\"wp-image-7351\" style=\"width:670px;height:auto\" srcset=\"https:\/\/toensfeldt-modellbau.de\/wp-content\/uploads\/2024\/05\/Flex-Blau1.jpg 425w, https:\/\/toensfeldt-modellbau.de\/wp-content\/uploads\/2024\/05\/Flex-Blau1-300x258.jpg 300w\" sizes=\"auto, (max-width: 425px) 100vw, 425px\" \/><\/a><\/figure>\n\n\n\n<figure class=\"wp-block-image size-full is-resized\"><a href=\"http:\/\/toensfeldt-modellbau.de\/wp-content\/uploads\/2024\/05\/Flex-Orange1.jpg\"><img loading=\"lazy\" decoding=\"async\" width=\"425\" height=\"294\" src=\"http:\/\/toensfeldt-modellbau.de\/wp-content\/uploads\/2024\/05\/Flex-Orange1.jpg\" alt=\"\" class=\"wp-image-7352\" style=\"width:670px;height:auto\" srcset=\"https:\/\/toensfeldt-modellbau.de\/wp-content\/uploads\/2024\/05\/Flex-Orange1.jpg 425w, https:\/\/toensfeldt-modellbau.de\/wp-content\/uploads\/2024\/05\/Flex-Orange1-300x208.jpg 300w\" sizes=\"auto, (max-width: 425px) 100vw, 425px\" \/><\/a><\/figure>\n\n\n\n<p><br>Art. Nr. Bestelltext:<\/p>\n\n\n\n<ul class=\"wp-block-list\">\n<li>040285 Flex Blau<\/li>\n\n\n\n<li>040286 Flex Orange<br><br><strong>Importeur<\/strong><\/li>\n<\/ul>\n\n\n\n<p>Olaf T\u00f6nsfeldt<br>T\u00f6nsfeldt Modellbau Vertrieb<br>Nobiskr\u00fcger Allee 20<br>24768 Rendsburg<\/p>\n\n\n\n<p><strong>Deutschland<\/strong><br>Tel.: 0049 (0 ) 43 31\/ 51 95<br>E-Mail an: <a href=\"mailto:tmv@toensfeldt-modellbau.de\">tmv@toensfeldt-modellbau.de<\/a><\/p>\n","protected":false},"excerpt":{"rendered":"<p>Handflex in Blau und Orange Flex aus dem 3d-Drucker in den Farbeb Blau und Orange. Art. Nr. Bestelltext: Olaf T\u00f6nsfeldtT\u00f6nsfeldt Modellbau VertriebNobiskr\u00fcger Allee 2024768 Rendsburg DeutschlandTel.: 0049 (0 ) 43 31\/ 51 95E-Mail an: tmv@toensfeldt-modellbau.de<\/p>\n","protected":false},"author":2,"featured_media":0,"parent":0,"menu_order":0,"comment_status":"closed","ping_status":"closed","template":"","meta":{"footnotes":""},"class_list":["post-7358","page","type-page","status-publish","hentry"],"_links":{"self":[{"href":"https:\/\/toensfeldt-modellbau.de\/index.php?rest_route=\/wp\/v2\/pages\/7358","targetHints":{"allow":["GET"]}}],"collection":[{"href":"https:\/\/toensfeldt-modellbau.de\/index.php?rest_route=\/wp\/v2\/pages"}],"about":[{"href":"https:\/\/toensfeldt-modellbau.de\/index.php?rest_route=\/wp\/v2\/types\/page"}],"author":[{"embeddable":true,"href":"https:\/\/toensfeldt-modellbau.de\/index.php?rest_route=\/wp\/v2\/users\/2"}],"replies":[{"embeddable":true,"href":"https:\/\/toensfeldt-modellbau.de\/index.php?rest_route=%2Fwp%2Fv2%2Fcomments&post=7358"}],"version-history":[{"count":3,"href":"https:\/\/toensfeldt-modellbau.de\/index.php?rest_route=\/wp\/v2\/pages\/7358\/revisions"}],"predecessor-version":[{"id":7712,"href":"https:\/\/toensfeldt-modellbau.de\/index.php?rest_route=\/wp\/v2\/pages\/7358\/revisions\/7712"}],"wp:attachment":[{"href":"https:\/\/toensfeldt-modellbau.de\/index.php?rest_route=%2Fwp%2Fv2%2Fmedia&parent=7358"}],"curies":[{"name":"wp","href":"https:\/\/api.w.org\/{rel}","templated":true}]}}