{"id":7734,"date":"2025-03-09T12:08:03","date_gmt":"2025-03-09T10:08:03","guid":{"rendered":"https:\/\/toensfeldt-modellbau.de\/?page_id=7734"},"modified":"2025-04-02T19:59:18","modified_gmt":"2025-04-02T17:59:18","slug":"schraubstoecke","status":"publish","type":"page","link":"https:\/\/toensfeldt-modellbau.de\/?page_id=7734","title":{"rendered":"Schraubst\u00f6cke"},"content":{"rendered":"\n<figure class=\"wp-block-image size-full is-resized\"><a href=\"http:\/\/toensfeldt-modellbau.de\/wp-content\/uploads\/2025\/03\/Schraub.-2St-1.jpg\"><img loading=\"lazy\" decoding=\"async\" width=\"567\" height=\"220\" src=\"http:\/\/toensfeldt-modellbau.de\/wp-content\/uploads\/2025\/03\/Schraub.-2St-1.jpg\" alt=\"\" class=\"wp-image-7730\" style=\"width:670px;height:auto\" srcset=\"https:\/\/toensfeldt-modellbau.de\/wp-content\/uploads\/2025\/03\/Schraub.-2St-1.jpg 567w, https:\/\/toensfeldt-modellbau.de\/wp-content\/uploads\/2025\/03\/Schraub.-2St-1-300x116.jpg 300w\" sizes=\"auto, (max-width: 567px) 100vw, 567px\" \/><\/a><\/figure>\n\n\n\n<p>Schraubst\u00f6cke aus dem Material Kunststoff im 3d-Druckverfahren und aus Messing gegossen und bearbeitet.<\/p>\n\n\n\n<p><strong><em>Aus dem 3d-Drucker<\/em><\/strong><\/p>\n\n\n\n<p>TMV Industrieschraubstock 200 mm im 3d-Druck<\/p>\n\n\n\n<p>Die Idee zu den Schraubst\u00f6cken kam aus Mannheim von Robert Schabsky.<\/p>\n\n\n\n<p>Die Einzelteile f\u00fcr den TMV Industrieschraubstock 200 mm wurde genauso wie der TMV Parallelschraubstock 140 mm am PC entwickelt. Das Unterteil, der beweglicher Stock und die Kappen f\u00fcr den Hebel werden mit dem 3d-Drucker gedruckt. Nach dem druckt werden die Teile ges\u00e4ubert, verputzt und kontrolliert. Der Drehhebel wird gedreht mit einen Innengewinde ausgestattet und ein Loch gebohrt. Dann folgt der Zusammenbau, dabei wird eine 2 mm Schraube in den beweglicher Stock von hinten eingeklebt. Der Drehhebel wird mit dem Unterteil verbunden und der beweglicher Stock wird von hinten in das Unterteil geschoben und mit den Drehhebel verschraubt. Durch das Loch im Drehhebel kommt ein 2 mm Zylinderstift und auf die Enden die 3d-Gedruckten Endkappen fertig ist der TMV Industrieschraubstock 200 mm aus dem 3d-Drucker.<\/p>\n\n\n\n<p>Technische Ma\u00dfe:<\/p>\n\n\n\n<ul class=\"wp-block-list\">\n<li>L\u00e4nge: 48 mm<\/li>\n\n\n\n<li>Breite: 27 mm<\/li>\n\n\n\n<li>H\u00f6he: 24,2 mm<\/li>\n<\/ul>\n\n\n\n<figure class=\"wp-block-image size-full is-resized\"><a href=\"http:\/\/toensfeldt-modellbau.de\/wp-content\/uploads\/2025\/03\/Schraub.-3d-1.jpg\"><img loading=\"lazy\" decoding=\"async\" width=\"567\" height=\"473\" src=\"http:\/\/toensfeldt-modellbau.de\/wp-content\/uploads\/2025\/03\/Schraub.-3d-1.jpg\" alt=\"\" class=\"wp-image-7726\" style=\"width:670px;height:auto\" srcset=\"https:\/\/toensfeldt-modellbau.de\/wp-content\/uploads\/2025\/03\/Schraub.-3d-1.jpg 567w, https:\/\/toensfeldt-modellbau.de\/wp-content\/uploads\/2025\/03\/Schraub.-3d-1-300x250.jpg 300w\" sizes=\"auto, (max-width: 567px) 100vw, 567px\" \/><\/a><\/figure>\n\n\n\n<figure class=\"wp-block-image size-full is-resized\"><a href=\"http:\/\/toensfeldt-modellbau.de\/wp-content\/uploads\/2025\/03\/Schraub.-3d-3.jpg\"><img loading=\"lazy\" decoding=\"async\" width=\"425\" height=\"451\" src=\"http:\/\/toensfeldt-modellbau.de\/wp-content\/uploads\/2025\/03\/Schraub.-3d-3.jpg\" alt=\"\" class=\"wp-image-7728\" style=\"width:670px;height:auto\" srcset=\"https:\/\/toensfeldt-modellbau.de\/wp-content\/uploads\/2025\/03\/Schraub.-3d-3.jpg 425w, https:\/\/toensfeldt-modellbau.de\/wp-content\/uploads\/2025\/03\/Schraub.-3d-3-283x300.jpg 283w\" sizes=\"auto, (max-width: 425px) 100vw, 425px\" \/><\/a><\/figure>\n\n\n\n<figure class=\"wp-block-image size-full is-resized\"><a href=\"http:\/\/toensfeldt-modellbau.de\/wp-content\/uploads\/2025\/03\/Schraub.-3d-2.jpg\"><img loading=\"lazy\" decoding=\"async\" width=\"425\" height=\"686\" src=\"http:\/\/toensfeldt-modellbau.de\/wp-content\/uploads\/2025\/03\/Schraub.-3d-2.jpg\" alt=\"\" class=\"wp-image-7727\" style=\"width:670px;height:auto\" srcset=\"https:\/\/toensfeldt-modellbau.de\/wp-content\/uploads\/2025\/03\/Schraub.-3d-2.jpg 425w, https:\/\/toensfeldt-modellbau.de\/wp-content\/uploads\/2025\/03\/Schraub.-3d-2-186x300.jpg 186w\" sizes=\"auto, (max-width: 425px) 100vw, 425px\" \/><\/a><\/figure>\n\n\n\n<figure class=\"wp-block-image size-full is-resized\"><a href=\"http:\/\/toensfeldt-modellbau.de\/wp-content\/uploads\/2025\/03\/Schraub.-3d-4.jpg\"><img loading=\"lazy\" decoding=\"async\" width=\"425\" height=\"273\" src=\"http:\/\/toensfeldt-modellbau.de\/wp-content\/uploads\/2025\/03\/Schraub.-3d-4.jpg\" alt=\"\" class=\"wp-image-7729\" style=\"width:669px;height:auto\" srcset=\"https:\/\/toensfeldt-modellbau.de\/wp-content\/uploads\/2025\/03\/Schraub.-3d-4.jpg 425w, https:\/\/toensfeldt-modellbau.de\/wp-content\/uploads\/2025\/03\/Schraub.-3d-4-300x193.jpg 300w\" sizes=\"auto, (max-width: 425px) 100vw, 425px\" \/><\/a><\/figure>\n\n\n\n<p>Art. Nr. Bestelltext:<\/p>\n\n\n\n<ul class=\"wp-block-list\">\n<li>040266 TMV Schraubstock 3D-Druck 1:14<\/li>\n<\/ul>\n\n\n\n<p><strong><em>Schraubstock Messing Guss<\/em><\/strong><\/p>\n\n\n\n<p>TMV Schraubst\u00f6cke Funkzional<\/p>\n\n\n\n<p>Die Idee zu den Schraubst\u00f6cken kam aus Mannheim von Robert Schabsky.<\/p>\n\n\n\n<p>TMV Parallelschraubstock 140 mm in Messingguss.<\/p>\n\n\n\n<p>Die Einzelteile f\u00fcr den TMV Parallelschraubstock 140 mm wurden am PC entwickelt: Unterteil, beweglicher Stock, Gewindeaufnahme und die Kappen f\u00fcr den Hebel. Die Teile wurden ausgedruckt, verputzt und kontrolliert.<\/p>\n\n\n\n<p>Diese Teile werden aus Messing gegossen: das Unterteil, der bewegliche Stock und die Gewindeaufnahme. Die Fertigen Gie\u00dfteile werden mit Hilfe Einens Bolzenschneiders vom Gie\u00dfast getrennt verputz und so nachbearbeitet das die Teile des Schraubstockes sauber ineinander laufen. Ist das Passiert werden die Teile in der Feinschleifmaschine eine Gewisse Zeit mit Hilfe von Keramischen Schleifk\u00f6rpern, Wasser und Schleifmittel geschliffen. In der zwischen zeit wird der Drehhebel gedreht mit Gewinde und einem Loch ausgestattet. Sind die Teile Fertig und kommen aus der Feinschleifmaschine werden sie mit Sp\u00fclmittel und Wasser gewaschen und getrocknet. Das Unterteil und der bewegliche Stock werden dann im Wasserbad bei einer Temperatur von 80\u00b0 schwarz br\u00fcniert. Da jetzt alle Teile fertig sind folgt der Zusammenbau. Der Drehhebel mit dem Gewinde wird durch das Loch am beweglichem Stock gesteckt und mit einer Mutter fixiert so das der Drehhebel und der Bewegliche Stock nun mit Hilfe der Gewindeaufnahme, die von unten in das Unterteil geschoben wird, eingeschraubt. Durch das Loch im Drehhebel kommt ein 1,5 mm Zylinderstift auf deren Ende die 3d-gedruckten kappen kommen und fertig ist der TMV Parallelschraubstock 140 mm aus Messing.<\/p>\n\n\n\n<p>Technische Ma\u00dfe:<\/p>\n\n\n\n<ul class=\"wp-block-list\">\n<li>L\u00e4nge: 35 mm<\/li>\n\n\n\n<li>Breite: 12,7 mm<\/li>\n\n\n\n<li>H\u00f6he: 15 mm<\/li>\n<\/ul>\n\n\n\n<figure class=\"wp-block-image size-full is-resized\"><a href=\"http:\/\/toensfeldt-modellbau.de\/wp-content\/uploads\/2025\/03\/Schraub.-2St-1.jpg\"><img loading=\"lazy\" decoding=\"async\" width=\"567\" height=\"220\" src=\"http:\/\/toensfeldt-modellbau.de\/wp-content\/uploads\/2025\/03\/Schraub.-2St-1.jpg\" alt=\"\" class=\"wp-image-7730\" style=\"width:670px;height:auto\" srcset=\"https:\/\/toensfeldt-modellbau.de\/wp-content\/uploads\/2025\/03\/Schraub.-2St-1.jpg 567w, https:\/\/toensfeldt-modellbau.de\/wp-content\/uploads\/2025\/03\/Schraub.-2St-1-300x116.jpg 300w\" sizes=\"auto, (max-width: 567px) 100vw, 567px\" \/><\/a><\/figure>\n\n\n\n<figure class=\"wp-block-image size-full is-resized\"><a href=\"http:\/\/toensfeldt-modellbau.de\/wp-content\/uploads\/2025\/03\/Schraub.-ME-2.jpg\"><img loading=\"lazy\" decoding=\"async\" width=\"425\" height=\"424\" src=\"http:\/\/toensfeldt-modellbau.de\/wp-content\/uploads\/2025\/03\/Schraub.-ME-2.jpg\" alt=\"\" class=\"wp-image-7732\" style=\"width:670px;height:auto\" srcset=\"https:\/\/toensfeldt-modellbau.de\/wp-content\/uploads\/2025\/03\/Schraub.-ME-2.jpg 425w, https:\/\/toensfeldt-modellbau.de\/wp-content\/uploads\/2025\/03\/Schraub.-ME-2-300x300.jpg 300w, https:\/\/toensfeldt-modellbau.de\/wp-content\/uploads\/2025\/03\/Schraub.-ME-2-150x150.jpg 150w\" sizes=\"auto, (max-width: 425px) 100vw, 425px\" \/><\/a><\/figure>\n\n\n\n<figure class=\"wp-block-image size-full is-resized\"><a href=\"http:\/\/toensfeldt-modellbau.de\/wp-content\/uploads\/2025\/03\/Schraub.-ME-1.jpg\"><img loading=\"lazy\" decoding=\"async\" width=\"425\" height=\"204\" src=\"http:\/\/toensfeldt-modellbau.de\/wp-content\/uploads\/2025\/03\/Schraub.-ME-1.jpg\" alt=\"\" class=\"wp-image-7731\" style=\"width:670px;height:auto\" srcset=\"https:\/\/toensfeldt-modellbau.de\/wp-content\/uploads\/2025\/03\/Schraub.-ME-1.jpg 425w, https:\/\/toensfeldt-modellbau.de\/wp-content\/uploads\/2025\/03\/Schraub.-ME-1-300x144.jpg 300w\" sizes=\"auto, (max-width: 425px) 100vw, 425px\" \/><\/a><\/figure>\n\n\n\n<figure class=\"wp-block-image size-full is-resized\"><a href=\"http:\/\/toensfeldt-modellbau.de\/wp-content\/uploads\/2025\/03\/Schraub.-ME-3.jpg\"><img loading=\"lazy\" decoding=\"async\" width=\"425\" height=\"264\" src=\"http:\/\/toensfeldt-modellbau.de\/wp-content\/uploads\/2025\/03\/Schraub.-ME-3.jpg\" alt=\"\" class=\"wp-image-7733\" style=\"width:670px;height:auto\" srcset=\"https:\/\/toensfeldt-modellbau.de\/wp-content\/uploads\/2025\/03\/Schraub.-ME-3.jpg 425w, https:\/\/toensfeldt-modellbau.de\/wp-content\/uploads\/2025\/03\/Schraub.-ME-3-300x186.jpg 300w\" sizes=\"auto, (max-width: 425px) 100vw, 425px\" \/><\/a><\/figure>\n\n\n\n<ul class=\"wp-block-list\">\n<li>040265 TMV Schraubstock Messing 1:14<\/li>\n<\/ul>\n\n\n\n<p>Herstellerdaten gem\u00e4s GPSR<\/p>\n\n\n\n<p>Olaf T\u00f6nsfeldt<br>T\u00f6nsfeldt Modellbau Vertrieb<br>Nobiskr\u00fcger Allee 20<br>24768 Rendsburg<\/p>\n\n\n\n<p><strong>Deutschland<\/strong><br>Tel.: 0049 (0 ) 43 31\/ 51 95<br>E-Mail an: <a href=\"mailto:tmv@toensfeldt-modellbau.de\">tmv@toensfeldt-modellbau.de<\/a><\/p>\n","protected":false},"excerpt":{"rendered":"<p>Schraubst\u00f6cke aus dem Material Kunststoff im 3d-Druckverfahren und aus Messing gegossen und bearbeitet. Aus dem 3d-Drucker TMV Industrieschraubstock 200 mm im 3d-Druck Die Idee zu den Schraubst\u00f6cken kam aus Mannheim von Robert Schabsky. Die Einzelteile f\u00fcr den TMV Industrieschraubstock 200 &hellip; <a href=\"https:\/\/toensfeldt-modellbau.de\/?page_id=7734\">Weiterlesen <span class=\"meta-nav\">&rarr;<\/span><\/a><\/p>\n","protected":false},"author":2,"featured_media":0,"parent":0,"menu_order":0,"comment_status":"closed","ping_status":"closed","template":"","meta":{"footnotes":""},"class_list":["post-7734","page","type-page","status-publish","hentry"],"_links":{"self":[{"href":"https:\/\/toensfeldt-modellbau.de\/index.php?rest_route=\/wp\/v2\/pages\/7734","targetHints":{"allow":["GET"]}}],"collection":[{"href":"https:\/\/toensfeldt-modellbau.de\/index.php?rest_route=\/wp\/v2\/pages"}],"about":[{"href":"https:\/\/toensfeldt-modellbau.de\/index.php?rest_route=\/wp\/v2\/types\/page"}],"author":[{"embeddable":true,"href":"https:\/\/toensfeldt-modellbau.de\/index.php?rest_route=\/wp\/v2\/users\/2"}],"replies":[{"embeddable":true,"href":"https:\/\/toensfeldt-modellbau.de\/index.php?rest_route=%2Fwp%2Fv2%2Fcomments&post=7734"}],"version-history":[{"count":4,"href":"https:\/\/toensfeldt-modellbau.de\/index.php?rest_route=\/wp\/v2\/pages\/7734\/revisions"}],"predecessor-version":[{"id":7757,"href":"https:\/\/toensfeldt-modellbau.de\/index.php?rest_route=\/wp\/v2\/pages\/7734\/revisions\/7757"}],"wp:attachment":[{"href":"https:\/\/toensfeldt-modellbau.de\/index.php?rest_route=%2Fwp%2Fv2%2Fmedia&parent=7734"}],"curies":[{"name":"wp","href":"https:\/\/api.w.org\/{rel}","templated":true}]}}