{"id":7908,"date":"2025-11-28T13:46:28","date_gmt":"2025-11-28T11:46:28","guid":{"rendered":"https:\/\/toensfeldt-modellbau.de\/?page_id=7908"},"modified":"2026-04-24T19:38:03","modified_gmt":"2026-04-24T17:38:03","slug":"tmv-zinkenverstellung","status":"publish","type":"page","link":"https:\/\/toensfeldt-modellbau.de\/?page_id=7908","title":{"rendered":"GS H50 Zinkenverstellung"},"content":{"rendered":"\n<p><strong><em>TMV Zinkenverstellung f\u00fcr den Robbe Gabelstapler Linde H50 !<\/em><\/strong><\/p>\n\n\n\n<figure class=\"wp-block-image size-full is-resized\"><a href=\"http:\/\/toensfeldt-modellbau.de\/wp-content\/uploads\/2025\/11\/Zinkenverstellung-Int3.jpg\"><img loading=\"lazy\" decoding=\"async\" width=\"567\" height=\"433\" src=\"http:\/\/toensfeldt-modellbau.de\/wp-content\/uploads\/2025\/11\/Zinkenverstellung-Int3.jpg\" alt=\"\" class=\"wp-image-7907\" style=\"width:670px;height:auto\" srcset=\"https:\/\/toensfeldt-modellbau.de\/wp-content\/uploads\/2025\/11\/Zinkenverstellung-Int3.jpg 567w, https:\/\/toensfeldt-modellbau.de\/wp-content\/uploads\/2025\/11\/Zinkenverstellung-Int3-300x229.jpg 300w\" sizes=\"auto, (max-width: 567px) 100vw, 567px\" \/><\/a><\/figure>\n\n\n\n<p>TMV Zinkenverstellung Robbe Gabelstapler Linde H50 !<\/p>\n\n\n\n<figure class=\"wp-block-image size-full is-resized\"><a href=\"http:\/\/toensfeldt-modellbau.de\/wp-content\/uploads\/2025\/11\/ZV-H50-3-Int.jpg\"><img loading=\"lazy\" decoding=\"async\" width=\"567\" height=\"321\" src=\"http:\/\/toensfeldt-modellbau.de\/wp-content\/uploads\/2025\/11\/ZV-H50-3-Int.jpg\" alt=\"\" class=\"wp-image-7906\" style=\"width:670px;height:auto\" srcset=\"https:\/\/toensfeldt-modellbau.de\/wp-content\/uploads\/2025\/11\/ZV-H50-3-Int.jpg 567w, https:\/\/toensfeldt-modellbau.de\/wp-content\/uploads\/2025\/11\/ZV-H50-3-Int-300x170.jpg 300w\" sizes=\"auto, (max-width: 567px) 100vw, 567px\" \/><\/a><\/figure>\n\n\n\n<p>TMV Zinkenverstellung f\u00fcr den Robbe Gabelstapler Linde H50<\/p>\n\n\n\n<p><strong><em>TMV Zinkenverstellung Robbe Gabelstapler Linde H50<\/em><\/strong><\/p>\n\n\n\n<p>Die TMV Zinkenverstellung elektrisch f\u00fcr den Robbe Gabelstapler Linde H50 wird angetrieben mit 2 Motoren mit Winkelgetriebe und Gewindestange. Die Motoren sind daf\u00fcr vorgesehen mit 2 Reglern gefahren zu werden dadurch ist es m\u00f6glich die Zinken Einzelt oder im Paar zu verstellen ( die Regler sind nicht mit im Lieferumfang ).<\/p>\n\n\n\n<p>TMV Zinkenverstellung f\u00fcr den H50 ist komplett aus hochwertigen Alu gefr\u00e4st und schwarz Eloxiert. Die Zinkenhalter verschieben sich auf VA Wellen. Die Kabel f\u00fcr die Motoren sind flexibel Silikonkabel. Die Abdeckung f\u00fcr die Getriebe kommt aus dem 3d-Sinterdrucker. Die Motoren sind auf 6 Volt ausgelegt. Die Zinkenverstellung wird in einem Karton mit Schaumstoff Einlage und einer Klipt\u00fcte mit den Restteilen ausgeliefert.<\/p>\n\n\n\n<p>Die Zinken werden auf je einen Zinkenhalter montiert ( es kann sein das die Zinke oder der Zinkenhalter an die Zinke angepasst werden m\u00fcssen da es verschiedene Hersteller von den Zinken gibt ), dadurch ist es jeder Zeit m\u00f6glich die Zinken oder auch auf andere Anbauten zu wechseln ( teilweise in vorbereitung ). Die TMV Zinkenverstellung wird mit diesen Teilen aufgebaut geliefert: Grundplatte, Seitenwagen, Zinkenhalter, Motorhalter, Motoren mit Winkelgetribe 6V und Kabeln schwarz ( m\u00fc\u00dfen selber angel\u00f6tet werden ), Motorabdeckung, VA Wellen, 8 Schrauben, 4 Zylinderstifte und einer ausf\u00fchrliche Einbauanleitung. Die Robbe Grundplatte wird gegen die TMV Zinkenverstellung ausgetauscht der Wechsel der Grundplatte ist in der Bauanleitung beschrieben.<\/p>\n\n\n\n<figure class=\"wp-block-image size-full is-resized\"><a href=\"http:\/\/toensfeldt-modellbau.de\/wp-content\/uploads\/2025\/11\/ZV-H50-2-Int.jpg\"><img loading=\"lazy\" decoding=\"async\" width=\"567\" height=\"584\" src=\"http:\/\/toensfeldt-modellbau.de\/wp-content\/uploads\/2025\/11\/ZV-H50-2-Int.jpg\" alt=\"\" class=\"wp-image-7905\" style=\"width:670px;height:auto\" srcset=\"https:\/\/toensfeldt-modellbau.de\/wp-content\/uploads\/2025\/11\/ZV-H50-2-Int.jpg 567w, https:\/\/toensfeldt-modellbau.de\/wp-content\/uploads\/2025\/11\/ZV-H50-2-Int-291x300.jpg 291w\" sizes=\"auto, (max-width: 567px) 100vw, 567px\" \/><\/a><\/figure>\n\n\n\n<p>TMV Zinkenverstellung die Teile.<\/p>\n\n\n\n<figure class=\"wp-block-image size-full is-resized\"><a href=\"http:\/\/toensfeldt-modellbau.de\/wp-content\/uploads\/2025\/11\/ZV-H50-1-Int.jpg\"><img loading=\"lazy\" decoding=\"async\" width=\"567\" height=\"454\" src=\"http:\/\/toensfeldt-modellbau.de\/wp-content\/uploads\/2025\/11\/ZV-H50-1-Int.jpg\" alt=\"\" class=\"wp-image-7904\" style=\"width:670px;height:auto\" srcset=\"https:\/\/toensfeldt-modellbau.de\/wp-content\/uploads\/2025\/11\/ZV-H50-1-Int.jpg 567w, https:\/\/toensfeldt-modellbau.de\/wp-content\/uploads\/2025\/11\/ZV-H50-1-Int-300x240.jpg 300w\" sizes=\"auto, (max-width: 567px) 100vw, 567px\" \/><\/a><\/figure>\n\n\n\n<p>TMV Zinkenverstellung Teile aufgebaut und Teile zum selber Montieren die dabei sind.<\/p>\n\n\n\n<p>Ma\u00dfe Zinkenverstellung:<\/p>\n\n\n\n<ul class=\"wp-block-list\">\n<li>L\u00e4nge: 130 mm<\/li>\n\n\n\n<li>Breite: ca. 28 mm<\/li>\n\n\n\n<li>H\u00f6he: 47 mm<\/li>\n<\/ul>\n\n\n\n<p>Art. Nr. Bestelltext:<\/p>\n\n\n\n<ul class=\"wp-block-list\">\n<li>020590 TMV Zinkenverstellung Elektrisch H50<\/li>\n\n\n\n<li>020592 TMV 4 Gummiringe Anschlag Zinkenverstellung<\/li>\n<\/ul>\n\n\n\n<p><strong><em>TMV Dopellrolle f\u00fcr Mast Robbe Gabelstapler Linde H50<\/em><\/strong><\/p>\n\n\n\n<figure class=\"wp-block-image size-full is-resized\"><a href=\"http:\/\/toensfeldt-modellbau.de\/wp-content\/uploads\/2026\/04\/Doppelrolle-Schwarz-2.jpg\"><img loading=\"lazy\" decoding=\"async\" width=\"425\" height=\"333\" src=\"http:\/\/toensfeldt-modellbau.de\/wp-content\/uploads\/2026\/04\/Doppelrolle-Schwarz-2.jpg\" alt=\"\" class=\"wp-image-8139\" style=\"width:670px;height:auto\" srcset=\"https:\/\/toensfeldt-modellbau.de\/wp-content\/uploads\/2026\/04\/Doppelrolle-Schwarz-2.jpg 425w, https:\/\/toensfeldt-modellbau.de\/wp-content\/uploads\/2026\/04\/Doppelrolle-Schwarz-2-300x235.jpg 300w\" sizes=\"auto, (max-width: 425px) 100vw, 425px\" \/><\/a><\/figure>\n\n\n\n<p>Doppelrolle Mast Gabelstapler H50 Art. Nr. 020591<\/p>\n\n\n\n<figure class=\"wp-block-image size-full is-resized\"><a href=\"http:\/\/toensfeldt-modellbau.de\/wp-content\/uploads\/2026\/04\/Doppelrolle-Schwarz-1.jpg\"><img loading=\"lazy\" decoding=\"async\" width=\"425\" height=\"356\" src=\"http:\/\/toensfeldt-modellbau.de\/wp-content\/uploads\/2026\/04\/Doppelrolle-Schwarz-1.jpg\" alt=\"\" class=\"wp-image-8138\" style=\"width:670px;height:auto\" srcset=\"https:\/\/toensfeldt-modellbau.de\/wp-content\/uploads\/2026\/04\/Doppelrolle-Schwarz-1.jpg 425w, https:\/\/toensfeldt-modellbau.de\/wp-content\/uploads\/2026\/04\/Doppelrolle-Schwarz-1-300x251.jpg 300w\" sizes=\"auto, (max-width: 425px) 100vw, 425px\" \/><\/a><\/figure>\n\n\n\n<p>Die TMV Doppelrolle Mast f\u00fcr die Zinkenverstellung oder andere Anbauger\u00e4te soll f\u00fcr die Kabelf\u00fchrung sorgen. Die Doppelrolle ist aus Alu gedreht und Schwarz Eloxiert. Die innere Rolle f\u00fchrt die Kabel, durch die H\u00f6heren Seiten W\u00e4nde wird ein rausspringen der Kabel aus der Rolle verhindert, und auf der \u00e4u\u00dfere Rolle l\u00e4uft die Kette vom Gabelstapler.<\/p>\n\n\n\n<p>Art. Nr. Bestelltext:<\/p>\n\n\n\n<ul class=\"wp-block-list\">\n<li>020591 TMV Doppelrolle<\/li>\n<\/ul>\n\n\n\n<p>Herstellerdaten gem\u00e4s GPSR<\/p>\n\n\n\n<p>Olaf T\u00f6nsfeldt<br>T\u00f6nsfeldt Modellbau Vertrieb<br>Nobiskr\u00fcger Allee 20<br>24768 Rendsburg<\/p>\n\n\n\n<p><strong>Deutschland<\/strong><br>Tel.: 0049 (0 ) 43 31\/ 51 95<br>E-Mail an: <a href=\"mailto:tmv@toensfeldt-modellbau.de\">tmv@toensfeldt-modellbau.de<\/a><\/p>\n\n\n\n<p><em><mark style=\"background-color:rgba(0, 0, 0, 0)\" class=\"has-inline-color has-blue-color\">Die namentliche Nennung von Herstellern und Produkten erfolgt nur zum Zweck der eindeutigen Bezeichnung der Artikel der einzelnen Hersteller. Einige der auf dieser Internetseite genannten Produktnamen sind eingetragene Warenzeichen bzw. unterliegen dem Copyright der jeweiligen Eigent\u00fcmer.<\/mark><\/em><\/p>\n","protected":false},"excerpt":{"rendered":"<p>TMV Zinkenverstellung f\u00fcr den Robbe Gabelstapler Linde H50 ! TMV Zinkenverstellung Robbe Gabelstapler Linde H50 ! TMV Zinkenverstellung f\u00fcr den Robbe Gabelstapler Linde H50 TMV Zinkenverstellung Robbe Gabelstapler Linde H50 Die TMV Zinkenverstellung elektrisch f\u00fcr den Robbe Gabelstapler Linde H50 &hellip; <a href=\"https:\/\/toensfeldt-modellbau.de\/?page_id=7908\">Weiterlesen <span class=\"meta-nav\">&rarr;<\/span><\/a><\/p>\n","protected":false},"author":2,"featured_media":0,"parent":0,"menu_order":0,"comment_status":"closed","ping_status":"closed","template":"","meta":{"footnotes":""},"class_list":["post-7908","page","type-page","status-publish","hentry"],"_links":{"self":[{"href":"https:\/\/toensfeldt-modellbau.de\/index.php?rest_route=\/wp\/v2\/pages\/7908","targetHints":{"allow":["GET"]}}],"collection":[{"href":"https:\/\/toensfeldt-modellbau.de\/index.php?rest_route=\/wp\/v2\/pages"}],"about":[{"href":"https:\/\/toensfeldt-modellbau.de\/index.php?rest_route=\/wp\/v2\/types\/page"}],"author":[{"embeddable":true,"href":"https:\/\/toensfeldt-modellbau.de\/index.php?rest_route=\/wp\/v2\/users\/2"}],"replies":[{"embeddable":true,"href":"https:\/\/toensfeldt-modellbau.de\/index.php?rest_route=%2Fwp%2Fv2%2Fcomments&post=7908"}],"version-history":[{"count":13,"href":"https:\/\/toensfeldt-modellbau.de\/index.php?rest_route=\/wp\/v2\/pages\/7908\/revisions"}],"predecessor-version":[{"id":8141,"href":"https:\/\/toensfeldt-modellbau.de\/index.php?rest_route=\/wp\/v2\/pages\/7908\/revisions\/8141"}],"wp:attachment":[{"href":"https:\/\/toensfeldt-modellbau.de\/index.php?rest_route=%2Fwp%2Fv2%2Fmedia&parent=7908"}],"curies":[{"name":"wp","href":"https:\/\/api.w.org\/{rel}","templated":true}]}}