{"id":7930,"date":"2025-12-23T15:51:32","date_gmt":"2025-12-23T13:51:32","guid":{"rendered":"https:\/\/toensfeldt-modellbau.de\/?page_id=7930"},"modified":"2025-12-23T16:33:10","modified_gmt":"2025-12-23T14:33:10","slug":"gross-kran","status":"publish","type":"page","link":"https:\/\/toensfeldt-modellbau.de\/?page_id=7930","title":{"rendered":"Gro\u00df Kran"},"content":{"rendered":"\n<p><strong><em>Die TMV Anschlagkette Gr\u00f6\u00dfe 2 ( KG2) k\u00f6nnen mit ca. 7,5 KG pro Strang belastet werden !<\/em><\/strong><\/p>\n\n\n\n<p><br>TMV Anschlagketten f\u00fcr den Eyewhale Kran LTM1050 Ketten Gr\u00f6\u00dfe 2<\/p>\n\n\n\n<figure class=\"wp-block-image size-full is-resized\"><a href=\"http:\/\/toensfeldt-modellbau.de\/wp-content\/uploads\/2025\/12\/1050-LH-Int.jpg\"><img loading=\"lazy\" decoding=\"async\" width=\"567\" height=\"282\" src=\"http:\/\/toensfeldt-modellbau.de\/wp-content\/uploads\/2025\/12\/1050-LH-Int.jpg\" alt=\"\" class=\"wp-image-7926\" style=\"width:670px;height:auto\" srcset=\"https:\/\/toensfeldt-modellbau.de\/wp-content\/uploads\/2025\/12\/1050-LH-Int.jpg 567w, https:\/\/toensfeldt-modellbau.de\/wp-content\/uploads\/2025\/12\/1050-LH-Int-300x149.jpg 300w\" sizes=\"auto, (max-width: 567px) 100vw, 567px\" \/><\/a><\/figure>\n\n\n\n<p><br>T\u00f6nsfeldt Modellbau \u2013 Vertrieb bietet hier Anschlagketten der Ketten Gr\u00f6\u00dfe 2 f\u00fcr den Eyewhale Kran LTM1050 mit 1, 2 oder 4 Lasthaken an. Die Standard Farbe f\u00fcr die Anschlag\u00f6se und dem Lasthaken (LH) ist Rot die Standard L\u00e4nge der Kette ist 15 cm. Die Ketten k\u00f6nnen in 5 cm schritten verl\u00e4ngert werden.<\/p>\n\n\n\n<figure class=\"wp-block-image size-full\"><a href=\"http:\/\/toensfeldt-modellbau.de\/wp-content\/uploads\/2025\/12\/1050-1LH.jpg\"><img loading=\"lazy\" decoding=\"async\" width=\"567\" height=\"113\" src=\"http:\/\/toensfeldt-modellbau.de\/wp-content\/uploads\/2025\/12\/1050-1LH.jpg\" alt=\"\" class=\"wp-image-7923\" srcset=\"https:\/\/toensfeldt-modellbau.de\/wp-content\/uploads\/2025\/12\/1050-1LH.jpg 567w, https:\/\/toensfeldt-modellbau.de\/wp-content\/uploads\/2025\/12\/1050-1LH-300x60.jpg 300w\" sizes=\"auto, (max-width: 567px) 100vw, 567px\" \/><\/a><\/figure>\n\n\n\n<p>Anschlagkette mit 1 LH Kran LTM1050 KG2 Rot<\/p>\n\n\n\n<figure class=\"wp-block-image size-full\"><a href=\"http:\/\/toensfeldt-modellbau.de\/wp-content\/uploads\/2025\/12\/1050-2LH.jpg\"><img loading=\"lazy\" decoding=\"async\" width=\"567\" height=\"93\" src=\"http:\/\/toensfeldt-modellbau.de\/wp-content\/uploads\/2025\/12\/1050-2LH.jpg\" alt=\"\" class=\"wp-image-7924\" srcset=\"https:\/\/toensfeldt-modellbau.de\/wp-content\/uploads\/2025\/12\/1050-2LH.jpg 567w, https:\/\/toensfeldt-modellbau.de\/wp-content\/uploads\/2025\/12\/1050-2LH-300x49.jpg 300w\" sizes=\"auto, (max-width: 567px) 100vw, 567px\" \/><\/a><\/figure>\n\n\n\n<p>Anschlagkette mit 2 LH Kran LTM1050 KG2 Rot<\/p>\n\n\n\n<figure class=\"wp-block-image size-full\"><a href=\"http:\/\/toensfeldt-modellbau.de\/wp-content\/uploads\/2025\/12\/1050-4LH.jpg\"><img loading=\"lazy\" decoding=\"async\" width=\"567\" height=\"165\" src=\"http:\/\/toensfeldt-modellbau.de\/wp-content\/uploads\/2025\/12\/1050-4LH.jpg\" alt=\"\" class=\"wp-image-7925\" srcset=\"https:\/\/toensfeldt-modellbau.de\/wp-content\/uploads\/2025\/12\/1050-4LH.jpg 567w, https:\/\/toensfeldt-modellbau.de\/wp-content\/uploads\/2025\/12\/1050-4LH-300x87.jpg 300w\" sizes=\"auto, (max-width: 567px) 100vw, 567px\" \/><\/a><\/figure>\n\n\n\n<p>Anschlagkette mit 4 LH Kran LTM1050 KG2 Rot<\/p>\n\n\n\n<p>Art. Nr. Bestelltext:<\/p>\n\n\n\n<ul class=\"wp-block-list\">\n<li>030180 TMV Anschlagkette mit 1 LH LTM1050 KG2 Rot<\/li>\n\n\n\n<li>030181 TMV Anschlagkette mit 2 LH LTM1050 KG2 Rot<\/li>\n\n\n\n<li>030182 TMV Anschlagkette mit 4 LH LTM1050 KG2 Rot<\/li>\n\n\n\n<li>030183 TMV Anschlagkette mit 1 LH LTM1050 KG2 Farbe<\/li>\n\n\n\n<li>030184 TMV Anschlagkette mit 2 LH LTM1050 KG2 Farbe<\/li>\n\n\n\n<li>030185 TMV Anschlagkette mit 4 LH LTM1050 KG2 Farbe<\/li>\n<\/ul>\n\n\n\n<p><strong><em>Die TMV Anschlagkette Gr\u00f6\u00dfe 2 ( KG2) k\u00f6nnen mit ca. 7,5 KG pro Strang belastet werden !<\/em><\/strong><\/p>\n\n\n\n<p>TMV Anschlagketten f\u00fcr den Eyewhale Kran LTM1350 Ketten Gr\u00f6\u00dfe 2<\/p>\n\n\n\n<figure class=\"wp-block-image size-full is-resized\"><a href=\"http:\/\/toensfeldt-modellbau.de\/wp-content\/uploads\/2025\/12\/1350-LH-Int.jpg\"><img loading=\"lazy\" decoding=\"async\" width=\"567\" height=\"336\" src=\"http:\/\/toensfeldt-modellbau.de\/wp-content\/uploads\/2025\/12\/1350-LH-Int.jpg\" alt=\"\" class=\"wp-image-7929\" style=\"width:670px;height:auto\" srcset=\"https:\/\/toensfeldt-modellbau.de\/wp-content\/uploads\/2025\/12\/1350-LH-Int.jpg 567w, https:\/\/toensfeldt-modellbau.de\/wp-content\/uploads\/2025\/12\/1350-LH-Int-300x178.jpg 300w\" sizes=\"auto, (max-width: 567px) 100vw, 567px\" \/><\/a><\/figure>\n\n\n\n<p>T\u00f6nsfeldt Modellbau \u2013 Vertrieb bietet hier Anschlagketten der Ketten Gr\u00f6\u00dfe 2 (KG2) f\u00fcr den Eyewhale Kran LTM1350. Die Standard Farbe f\u00fcr die Anschlag\u00f6se und dem Lasthaken (LH) ist Rot die Standard L\u00e4nge der Kette ist 25 cm. Die Anschlag\u00f6se ist extra f\u00fcr den Gro\u00dfkran aus Messing angefertigt worden. Die Kette kann in 5 cm schritten verl\u00e4ngert werden.<\/p>\n\n\n\n<figure class=\"wp-block-image size-full is-resized\"><a href=\"http:\/\/toensfeldt-modellbau.de\/wp-content\/uploads\/2025\/12\/1350-1LH.jpg\"><img loading=\"lazy\" decoding=\"async\" width=\"425\" height=\"159\" src=\"http:\/\/toensfeldt-modellbau.de\/wp-content\/uploads\/2025\/12\/1350-1LH.jpg\" alt=\"\" class=\"wp-image-7927\" style=\"width:565px;height:auto\" srcset=\"https:\/\/toensfeldt-modellbau.de\/wp-content\/uploads\/2025\/12\/1350-1LH.jpg 425w, https:\/\/toensfeldt-modellbau.de\/wp-content\/uploads\/2025\/12\/1350-1LH-300x112.jpg 300w\" sizes=\"auto, (max-width: 425px) 100vw, 425px\" \/><\/a><\/figure>\n\n\n\n<p>Anschlagkette mit 1 LH Kran LTM1350 KG2 Rot<\/p>\n\n\n\n<figure class=\"wp-block-image size-full is-resized\"><a href=\"http:\/\/toensfeldt-modellbau.de\/wp-content\/uploads\/2025\/12\/1350-2LH.jpg\"><img loading=\"lazy\" decoding=\"async\" width=\"425\" height=\"151\" src=\"http:\/\/toensfeldt-modellbau.de\/wp-content\/uploads\/2025\/12\/1350-2LH.jpg\" alt=\"\" class=\"wp-image-7928\" style=\"width:566px;height:auto\" srcset=\"https:\/\/toensfeldt-modellbau.de\/wp-content\/uploads\/2025\/12\/1350-2LH.jpg 425w, https:\/\/toensfeldt-modellbau.de\/wp-content\/uploads\/2025\/12\/1350-2LH-300x107.jpg 300w\" sizes=\"auto, (max-width: 425px) 100vw, 425px\" \/><\/a><\/figure>\n\n\n\n<p>Anschlagkette mit 2 LH Kran LTM1350 KG2 Rot<\/p>\n\n\n\n<p>Art. NR. Bestelltext:<\/p>\n\n\n\n<ul class=\"wp-block-list\">\n<li>030186 TMV Anschlagkette mit 1 LH LTM1350 KG2 Rot<\/li>\n\n\n\n<li>030187 TMV Anschlagkette mit 4 LH LTM1350 KG2 Rot<\/li>\n\n\n\n<li>030188 TMV Anschlagkette mit 1 LH LTM1350 KG2 Farbe<\/li>\n\n\n\n<li>030189 TMV Anschlagkette mit 2 LH LTM1350 KG2 Farbe<\/li>\n\n\n\n<li>030185 TMV Anschlagkette mit 4 LH LTM1050 KG2 Farbe<\/li>\n<\/ul>\n\n\n\n<p><strong><em>Die namentliche Nennung von Herstellern und Produkten erfolgt nur zum Zweck der eindeutigen Bezeichnung der Artikel der einzelnen Hersteller. Einige der auf dieser Internetseite genannten Produktnamen sind eingetragene Warenzeichen bzw. unterliegen dem Copyright der jeweiligen Eigent\u00fcmer.<\/em><\/strong><\/p>\n","protected":false},"excerpt":{"rendered":"<p>Die TMV Anschlagkette Gr\u00f6\u00dfe 2 ( KG2) k\u00f6nnen mit ca. 7,5 KG pro Strang belastet werden ! TMV Anschlagketten f\u00fcr den Eyewhale Kran LTM1050 Ketten Gr\u00f6\u00dfe 2 T\u00f6nsfeldt Modellbau \u2013 Vertrieb bietet hier Anschlagketten der Ketten Gr\u00f6\u00dfe 2 f\u00fcr den &hellip; <a href=\"https:\/\/toensfeldt-modellbau.de\/?page_id=7930\">Weiterlesen <span class=\"meta-nav\">&rarr;<\/span><\/a><\/p>\n","protected":false},"author":2,"featured_media":0,"parent":0,"menu_order":0,"comment_status":"closed","ping_status":"closed","template":"","meta":{"footnotes":""},"class_list":["post-7930","page","type-page","status-publish","hentry"],"_links":{"self":[{"href":"https:\/\/toensfeldt-modellbau.de\/index.php?rest_route=\/wp\/v2\/pages\/7930","targetHints":{"allow":["GET"]}}],"collection":[{"href":"https:\/\/toensfeldt-modellbau.de\/index.php?rest_route=\/wp\/v2\/pages"}],"about":[{"href":"https:\/\/toensfeldt-modellbau.de\/index.php?rest_route=\/wp\/v2\/types\/page"}],"author":[{"embeddable":true,"href":"https:\/\/toensfeldt-modellbau.de\/index.php?rest_route=\/wp\/v2\/users\/2"}],"replies":[{"embeddable":true,"href":"https:\/\/toensfeldt-modellbau.de\/index.php?rest_route=%2Fwp%2Fv2%2Fcomments&post=7930"}],"version-history":[{"count":10,"href":"https:\/\/toensfeldt-modellbau.de\/index.php?rest_route=\/wp\/v2\/pages\/7930\/revisions"}],"predecessor-version":[{"id":7944,"href":"https:\/\/toensfeldt-modellbau.de\/index.php?rest_route=\/wp\/v2\/pages\/7930\/revisions\/7944"}],"wp:attachment":[{"href":"https:\/\/toensfeldt-modellbau.de\/index.php?rest_route=%2Fwp%2Fv2%2Fmedia&parent=7930"}],"curies":[{"name":"wp","href":"https:\/\/api.w.org\/{rel}","templated":true}]}}