{"id":7964,"date":"2026-01-29T12:36:18","date_gmt":"2026-01-29T10:36:18","guid":{"rendered":"https:\/\/toensfeldt-modellbau.de\/?page_id=7964"},"modified":"2026-04-08T17:09:11","modified_gmt":"2026-04-08T15:09:11","slug":"tmv-chassi-h50","status":"publish","type":"page","link":"https:\/\/toensfeldt-modellbau.de\/?page_id=7964","title":{"rendered":"GS H50 Chassi"},"content":{"rendered":"\n<figure class=\"wp-block-image size-full is-resized\"><a href=\"http:\/\/toensfeldt-modellbau.de\/wp-content\/uploads\/2026\/01\/Chassi-H50-1-Int.jpg\"><img loading=\"lazy\" decoding=\"async\" width=\"567\" height=\"857\" src=\"http:\/\/toensfeldt-modellbau.de\/wp-content\/uploads\/2026\/01\/Chassi-H50-1-Int.jpg\" alt=\"\" class=\"wp-image-7954\" style=\"width:670px;height:auto\" srcset=\"https:\/\/toensfeldt-modellbau.de\/wp-content\/uploads\/2026\/01\/Chassi-H50-1-Int.jpg 567w, https:\/\/toensfeldt-modellbau.de\/wp-content\/uploads\/2026\/01\/Chassi-H50-1-Int-198x300.jpg 198w\" sizes=\"auto, (max-width: 567px) 100vw, 567px\" \/><\/a><\/figure>\n\n\n\n<p><br><br><strong><em>TMV<\/em><\/strong> <strong><em>Stapler<\/em><\/strong> <strong><em>H50<\/em><\/strong> <strong><em>Chassi<br><\/em><\/strong><br>TMV bietet das Chassis des Gabelstaplers H50 in einer Neuauflage an. Falls das Chassis Ihres Gabelstaplers H50 kaputt oder nicht mehr so ansehnlich sein sollte, bietet TMV das Chassis mit folgenden Teilen neu an: Chassis Teil rechts, Chassis Teil links, Gegengewicht, Motorabdeckung (die gro\u00dfe Abdeckung, auf die der Sitz kommt), Servohalter vorne und hinten sowie die sechs Zylinderstifte zur Verbindung der Chassisteile. Die Teile kommen aus der Original-Form. Die Farbe ist etwas anders. Da die Original-Farbe nicht mehr hergestellt wird, haben wir diese neu mischen lassen und denken, dass wir den Ton gut getroffen haben.<\/p>\n\n\n\n<figure class=\"wp-block-image size-full is-resized\"><a href=\"http:\/\/toensfeldt-modellbau.de\/wp-content\/uploads\/2026\/01\/Chassi-H50-3-Int.jpg\"><img loading=\"lazy\" decoding=\"async\" width=\"425\" height=\"381\" src=\"http:\/\/toensfeldt-modellbau.de\/wp-content\/uploads\/2026\/01\/Chassi-H50-3-Int.jpg\" alt=\"\" class=\"wp-image-7955\" style=\"width:670px;height:auto\" srcset=\"https:\/\/toensfeldt-modellbau.de\/wp-content\/uploads\/2026\/01\/Chassi-H50-3-Int.jpg 425w, https:\/\/toensfeldt-modellbau.de\/wp-content\/uploads\/2026\/01\/Chassi-H50-3-Int-300x269.jpg 300w\" sizes=\"auto, (max-width: 425px) 100vw, 425px\" \/><\/a><\/figure>\n\n\n\n<p>Art. Nr. Bestelltext<\/p>\n\n\n\n<ul class=\"wp-block-list\">\n<li>0220522 TMV Stapler H50 Chassisatz<\/li>\n\n\n\n<li>0220522F TMV Stapler H50 Chassisatz Lackiert<\/li>\n<\/ul>\n\n\n\n<p>Wir bieten auch Lackiertre Chassis an, in den Farben Rot, Blau und Oliv, andere Farben sind nat\u00fcrlich m\u00f6glich wir brauchen dazu nur den RAL Farbton daf\u00fcr.<\/p>\n\n\n\n<p>Herstellerdaten gem\u00e4s GPSR<\/p>\n\n\n\n<p>Olaf T\u00f6nsfeldt<br>T\u00f6nsfeldt Modellbau Vertrieb<br>Nobiskr\u00fcger Allee 20<br>24768 Rendsburg<\/p>\n\n\n\n<p><strong>Deutschland<\/strong><br>Tel.: 0049 (0 ) 43 31\/ 51 95<br>E-Mail an: <a href=\"mailto:tmv@toensfeldt-modellbau.de\">tmv@toensfeldt-modellbau.de<\/a><\/p>\n\n\n\n<p><em><mark style=\"background-color:rgba(0, 0, 0, 0)\" class=\"has-inline-color has-blue-color\">Die namentliche Nennung von Herstellern und Produkten erfolgt nur zum Zweck der eindeutigen Bezeichnung der Artikel der einzelnen Hersteller. Einige der auf dieser Internetseite genannten Produktnamen sind eingetragene Warenzeichen bzw. unterliegen dem Copyright der jeweiligen Eigent\u00fcmer.<\/mark><\/em><\/p>\n","protected":false},"excerpt":{"rendered":"<p>TMV Stapler H50 ChassiTMV bietet das Chassis des Gabelstaplers H50 in einer Neuauflage an. Falls das Chassis Ihres Gabelstaplers H50 kaputt oder nicht mehr so ansehnlich sein sollte, bietet TMV das Chassis mit folgenden Teilen neu an: Chassis Teil rechts, &hellip; <a href=\"https:\/\/toensfeldt-modellbau.de\/?page_id=7964\">Weiterlesen <span class=\"meta-nav\">&rarr;<\/span><\/a><\/p>\n","protected":false},"author":2,"featured_media":0,"parent":0,"menu_order":0,"comment_status":"closed","ping_status":"closed","template":"","meta":{"footnotes":""},"class_list":["post-7964","page","type-page","status-publish","hentry"],"_links":{"self":[{"href":"https:\/\/toensfeldt-modellbau.de\/index.php?rest_route=\/wp\/v2\/pages\/7964","targetHints":{"allow":["GET"]}}],"collection":[{"href":"https:\/\/toensfeldt-modellbau.de\/index.php?rest_route=\/wp\/v2\/pages"}],"about":[{"href":"https:\/\/toensfeldt-modellbau.de\/index.php?rest_route=\/wp\/v2\/types\/page"}],"author":[{"embeddable":true,"href":"https:\/\/toensfeldt-modellbau.de\/index.php?rest_route=\/wp\/v2\/users\/2"}],"replies":[{"embeddable":true,"href":"https:\/\/toensfeldt-modellbau.de\/index.php?rest_route=%2Fwp%2Fv2%2Fcomments&post=7964"}],"version-history":[{"count":7,"href":"https:\/\/toensfeldt-modellbau.de\/index.php?rest_route=\/wp\/v2\/pages\/7964\/revisions"}],"predecessor-version":[{"id":8128,"href":"https:\/\/toensfeldt-modellbau.de\/index.php?rest_route=\/wp\/v2\/pages\/7964\/revisions\/8128"}],"wp:attachment":[{"href":"https:\/\/toensfeldt-modellbau.de\/index.php?rest_route=%2Fwp%2Fv2%2Fmedia&parent=7964"}],"curies":[{"name":"wp","href":"https:\/\/api.w.org\/{rel}","templated":true}]}}