{"id":835,"date":"2013-11-25T14:17:09","date_gmt":"2013-11-25T12:17:09","guid":{"rendered":"http:\/\/toensfeldt-modellbau.de\/?page_id=835"},"modified":"2026-04-08T14:57:52","modified_gmt":"2026-04-08T12:57:52","slug":"impressum","status":"publish","type":"page","link":"https:\/\/toensfeldt-modellbau.de\/?page_id=835","title":{"rendered":"Impressum \/ Datenschutz"},"content":{"rendered":"<p>Olaf T\u00f6nsfeldt<\/p>\n<p>T\u00f6nsfeldt <span style=\"color: #ff0000;\">Modellbau Vertrieb<span style=\"font-family: Arial,Helvetica,sans-serif; font-size: small;\"><br \/>\n<\/span><\/span>Nobiskr\u00fcger Allee 20<span style=\"font-family: Arial,Helvetica,sans-serif; font-size: small;\"><br \/>\n<\/span>24768 Rendsburg<\/p>\n<p>Tel.: 0049 (0 ) 43 31\/ 51 95 (+AB)<\/p>\n<p>E-Mail an: tmv@toensfeldt-modellbau.de<\/p>\n<p>Bestellen k\u00f6nnen Sie<\/p>\n<ol>\n<li>per E-Mail tmv@toensfeldt-modellbau.de<\/li>\n<li>Tel. 0049 ( 0 ) 4331-5195<\/li>\n<\/ol>\n<p>Werkstattladen: Besuch nur nach telefonischer Vereinbarung<\/p>\n<p><strong><em><span style=\"color: #ff0000;\">SEPA <\/span><\/em><\/strong>Bankverbindung<br \/>\nSparkasse Mittelholstein AG<br \/>\nKto: (IBAN ) DE53 2145 0000 0000 0308 30<br \/>\nBankidentifikation: (BIC\/SWIFT) NOLADE21RDB<\/p>\n<p>UmSt. Ident Nr. DE811744535<\/p>\n<p>Die Europ\u00e4ische Kommission stellt eine Plattform f\u00fcr die au\u00dfergerichtliche Online-Streitbeilegung (OS-Plattform) bereit, aufrufbar unter: \u00a0\u00a0\u00a0\u00a0\u00a0\u00a0\u00a0\u00a0\u00a0\u00a0\u00a0\u00a0\u00a0\u00a0\u00a0\u00a0\u00a0\u00a0\u00a0\u00a0\u00a0\u00a0\u00a0\u00a0\u00a0\u00a0\u00a0\u00a0\u00a0\u00a0 http:\/\/ec.europa.eu\/odr.<\/p>\n<h1><em><strong><span style=\"color: #ff0000;\">Datenschutzerkl\u00e4rung<\/span><\/strong><\/em><\/h1>\n<div>\n<p><strong>Datenschutz<\/strong><\/p>\n<p>Personenbezogene Daten wie Name, Adresse, Telefonnummer oder E-Mail, die wir bei unseren Web-Aktivit\u00e4ten erheben und verwalten, geschehen in \u00dcbereinstimmung mit dem Bundesdatenschutzgesetz (BDSG) als auch mit der Datenschutzgrundverornung (DSGVO).<\/p>\n<p>Sie bestimmen dar\u00fcber, ob Sie uns, etwa im Rahmen einer Anfrage o.\u00e4., personenbezogene Daten bekannt geben wollen oder nicht. Im Allgemeinen werden Ihre Daten nur per E-Mail an die vorgesehene E-Mail-Adresse gesendet und nicht gespeichert. Ihre personenbezogenen Daten verwenden wir nur, um Ihre Anfrage zu beantworten, Ihren Auftrag zu bearbeiten oder Ihnen spezielle Informationen oder Angebote zukommen zu lassen.<\/p>\n<p>Zur Pflege der Kundenbeziehungen kann es weiterhin n\u00f6tig sein, dass wir (oder ein Dritter in unserem Auftrag) diese Daten verwenden, um Sie \u00fcber unsere Angebote zu informieren.<\/p>\n<p>Wir werden Ihre personenbezogenen Daten weder an Dritte verkaufen noch anderweitig vermarkten.<\/p>\n<p>Es werden Vorkehrungen getroffen, um die Sicherheit Ihrer personenbezogenen Daten zu gew\u00e4hrleisten. Ihre Daten werden gewissenhaft vor Verlust, Zerst\u00f6rung, Verf\u00e4lschung, Manipulation und unberechtigtem Zugriff oder unberechtigter Offenlegung gesch\u00fctzt.<\/p>\n<p>Unsere Websiten enthalten eventuell Links zu anderen Websiteb. Wir sind f\u00fcr die Datenschutzstrategien oder den Inhalt dieser anderen Websites nicht verantwortlich.<\/p>\n<p>Rendsbug im Jahr 2015<\/p>\n<\/div>\n<ul>\n<li><span style=\"color: #ff0000;\">Aktualisiert am: 08.04.2026<\/span><\/li>\n<\/ul>\n","protected":false},"excerpt":{"rendered":"<p>Olaf T\u00f6nsfeldt T\u00f6nsfeldt Modellbau Vertrieb Nobiskr\u00fcger Allee 20 24768 Rendsburg Tel.: 0049 (0 ) 43 31\/ 51 95 (+AB) E-Mail an: tmv@toensfeldt-modellbau.de Bestellen k\u00f6nnen Sie per E-Mail tmv@toensfeldt-modellbau.de Tel. 0049 ( 0 ) 4331-5195 Werkstattladen: Besuch nur nach telefonischer Vereinbarung &hellip; <a href=\"https:\/\/toensfeldt-modellbau.de\/?page_id=835\">Weiterlesen <span class=\"meta-nav\">&rarr;<\/span><\/a><\/p>\n","protected":false},"author":3,"featured_media":0,"parent":0,"menu_order":10,"comment_status":"closed","ping_status":"closed","template":"","meta":{"footnotes":""},"class_list":["post-835","page","type-page","status-publish","hentry"],"_links":{"self":[{"href":"https:\/\/toensfeldt-modellbau.de\/index.php?rest_route=\/wp\/v2\/pages\/835","targetHints":{"allow":["GET"]}}],"collection":[{"href":"https:\/\/toensfeldt-modellbau.de\/index.php?rest_route=\/wp\/v2\/pages"}],"about":[{"href":"https:\/\/toensfeldt-modellbau.de\/index.php?rest_route=\/wp\/v2\/types\/page"}],"author":[{"embeddable":true,"href":"https:\/\/toensfeldt-modellbau.de\/index.php?rest_route=\/wp\/v2\/users\/3"}],"replies":[{"embeddable":true,"href":"https:\/\/toensfeldt-modellbau.de\/index.php?rest_route=%2Fwp%2Fv2%2Fcomments&post=835"}],"version-history":[{"count":174,"href":"https:\/\/toensfeldt-modellbau.de\/index.php?rest_route=\/wp\/v2\/pages\/835\/revisions"}],"predecessor-version":[{"id":8112,"href":"https:\/\/toensfeldt-modellbau.de\/index.php?rest_route=\/wp\/v2\/pages\/835\/revisions\/8112"}],"wp:attachment":[{"href":"https:\/\/toensfeldt-modellbau.de\/index.php?rest_route=%2Fwp%2Fv2%2Fmedia&parent=835"}],"curies":[{"name":"wp","href":"https:\/\/api.w.org\/{rel}","templated":true}]}}